{"id":9130,"date":"2014-06-30T10:48:30","date_gmt":"2014-06-30T10:48:30","guid":{"rendered":"http:\/\/amigosdelantiguoegipto.com\/?page_id=9130"},"modified":"2014-06-30T11:53:05","modified_gmt":"2014-06-30T11:53:05","slug":"mastaba-de-jenu","status":"publish","type":"page","link":"http:\/\/amigosdelantiguoegipto.com\/?page_id=9130","title":{"rendered":"Mastaba de Jenu"},"content":{"rendered":"<p style=\"text-align: justify;\"><a href=\"http:\/\/amigosdelantiguoegipto.com\/?p=9007\">Saqqara<\/a><\/p>\n<p style=\"text-align: justify;\">Mastaba de Jenu situada al norte del Complejo Funerario de Unas, entre sus t\u00edtulos destacan los de: Encargado de la Pir\u00e1mide de Unis, Conocido del Rey en la Gran Casa, etc. Finales de la dinast\u00eda VI.<\/p>\n<!-- index.php -->\n<div\n\tclass=\"ngg-galleryoverview\"\n\tid=\"ngg-gallery-a5cfb44597a0195ada14e4e7b0349a60-1\">\n\n    \t<div class=\"slideshowlink\">\n        <a href='http:\/\/amigosdelantiguoegipto.com\/index.php\/nggallery\/slideshow?page_id=9130'>Ver presentaci\u00f3n<\/a>\n\t\t\n\t<\/div>\n\t\t\t<!-- Thumbnails -->\n\t\t\t\t<div id=\"ngg-image-0\" class=\"ngg-gallery-thumbnail-box\" >\n\t\t\t\t        <div class=\"ngg-gallery-thumbnail\">\n            <a href=\"http:\/\/amigosdelantiguoegipto.com\/wp-content\/gallery\/saqqara-mastaba-de-jenu\/mastaba_jenu_001-724.jpg\"\n               title=\"\"\n               data-src=\"http:\/\/amigosdelantiguoegipto.com\/wp-content\/gallery\/saqqara-mastaba-de-jenu\/mastaba_jenu_001-724.jpg\"\n               data-thumbnail=\"http:\/\/amigosdelantiguoegipto.com\/wp-content\/gallery\/saqqara-mastaba-de-jenu\/thumbs\/thumbs_mastaba_jenu_001-724.jpg\"\n               data-image-id=\"4331\"\n               data-title=\"mastaba_jenu_001-724\"\n               data-description=\"\"\n               data-image-slug=\"mastaba_jenu_001-724\"\n               class=\"ngg-fancybox\" rel=\"a5cfb44597a0195ada14e4e7b0349a60\">\n                <img\n                    title=\"mastaba_jenu_001-724\"\n                    alt=\"mastaba_jenu_001-724\"\n                    src=\"http:\/\/amigosdelantiguoegipto.com\/wp-content\/gallery\/saqqara-mastaba-de-jenu\/thumbs\/thumbs_mastaba_jenu_001-724.jpg\"\n                    width=\"120\"\n                    height=\"90\"\n                    style=\"max-width:100%;\"\n                \/>\n            <\/a>\n        <\/div>\n\t\t\t\t\t\t\t<\/div> \n\t\t\t\n        \n\t\t\t\t<div id=\"ngg-image-1\" class=\"ngg-gallery-thumbnail-box\" >\n\t\t\t\t        <div class=\"ngg-gallery-thumbnail\">\n            <a href=\"http:\/\/amigosdelantiguoegipto.com\/wp-content\/gallery\/saqqara-mastaba-de-jenu\/mastaba_jenu_002-718.jpg\"\n               title=\"\"\n               data-src=\"http:\/\/amigosdelantiguoegipto.com\/wp-content\/gallery\/saqqara-mastaba-de-jenu\/mastaba_jenu_002-718.jpg\"\n               data-thumbnail=\"http:\/\/amigosdelantiguoegipto.com\/wp-content\/gallery\/saqqara-mastaba-de-jenu\/thumbs\/thumbs_mastaba_jenu_002-718.jpg\"\n               data-image-id=\"4332\"\n               data-title=\"mastaba_jenu_002-718\"\n               data-description=\"\"\n               data-image-slug=\"mastaba_jenu_002-718\"\n               class=\"ngg-fancybox\" rel=\"a5cfb44597a0195ada14e4e7b0349a60\">\n                <img\n                    title=\"mastaba_jenu_002-718\"\n                    alt=\"mastaba_jenu_002-718\"\n                    src=\"http:\/\/amigosdelantiguoegipto.com\/wp-content\/gallery\/saqqara-mastaba-de-jenu\/thumbs\/thumbs_mastaba_jenu_002-718.jpg\"\n                    width=\"120\"\n                    height=\"90\"\n                    style=\"max-width:100%;\"\n                \/>\n            <\/a>\n        <\/div>\n\t\t\t\t\t\t\t<\/div> \n\t\t\t\n        \n\t\t\t\t<div id=\"ngg-image-2\" class=\"ngg-gallery-thumbnail-box\" >\n\t\t\t\t        <div class=\"ngg-gallery-thumbnail\">\n            <a href=\"http:\/\/amigosdelantiguoegipto.com\/wp-content\/gallery\/saqqara-mastaba-de-jenu\/mastaba_jenu_003-720.jpg\"\n               title=\"\"\n               data-src=\"http:\/\/amigosdelantiguoegipto.com\/wp-content\/gallery\/saqqara-mastaba-de-jenu\/mastaba_jenu_003-720.jpg\"\n               data-thumbnail=\"http:\/\/amigosdelantiguoegipto.com\/wp-content\/gallery\/saqqara-mastaba-de-jenu\/thumbs\/thumbs_mastaba_jenu_003-720.jpg\"\n               data-image-id=\"4333\"\n               data-title=\"mastaba_jenu_003-720\"\n               data-description=\"\"\n               data-image-slug=\"mastaba_jenu_003-720\"\n               class=\"ngg-fancybox\" rel=\"a5cfb44597a0195ada14e4e7b0349a60\">\n                <img\n                    title=\"mastaba_jenu_003-720\"\n                    alt=\"mastaba_jenu_003-720\"\n                    src=\"http:\/\/amigosdelantiguoegipto.com\/wp-content\/gallery\/saqqara-mastaba-de-jenu\/thumbs\/thumbs_mastaba_jenu_003-720.jpg\"\n                    width=\"120\"\n                    height=\"90\"\n                    style=\"max-width:100%;\"\n                \/>\n            <\/a>\n        <\/div>\n\t\t\t\t\t\t\t<\/div> \n\t\t\t\n        \n\t\t\t\t<div id=\"ngg-image-3\" class=\"ngg-gallery-thumbnail-box\" >\n\t\t\t\t        <div class=\"ngg-gallery-thumbnail\">\n            <a href=\"http:\/\/amigosdelantiguoegipto.com\/wp-content\/gallery\/saqqara-mastaba-de-jenu\/mastaba_jenu_004-719.jpg\"\n               title=\"\"\n               data-src=\"http:\/\/amigosdelantiguoegipto.com\/wp-content\/gallery\/saqqara-mastaba-de-jenu\/mastaba_jenu_004-719.jpg\"\n               data-thumbnail=\"http:\/\/amigosdelantiguoegipto.com\/wp-content\/gallery\/saqqara-mastaba-de-jenu\/thumbs\/thumbs_mastaba_jenu_004-719.jpg\"\n               data-image-id=\"4334\"\n               data-title=\"mastaba_jenu_004-719\"\n               data-description=\"\"\n               data-image-slug=\"mastaba_jenu_004-719\"\n               class=\"ngg-fancybox\" rel=\"a5cfb44597a0195ada14e4e7b0349a60\">\n                <img\n                    title=\"mastaba_jenu_004-719\"\n                    alt=\"mastaba_jenu_004-719\"\n                    src=\"http:\/\/amigosdelantiguoegipto.com\/wp-content\/gallery\/saqqara-mastaba-de-jenu\/thumbs\/thumbs_mastaba_jenu_004-719.jpg\"\n                    width=\"120\"\n                    height=\"90\"\n                    style=\"max-width:100%;\"\n                \/>\n            <\/a>\n        <\/div>\n\t\t\t\t\t\t\t<\/div> \n\t\t\t\n        \n\t\t\t\t<div id=\"ngg-image-4\" class=\"ngg-gallery-thumbnail-box\" >\n\t\t\t\t        <div class=\"ngg-gallery-thumbnail\">\n            <a href=\"http:\/\/amigosdelantiguoegipto.com\/wp-content\/gallery\/saqqara-mastaba-de-jenu\/mastaba_jenu_005-723.jpg\"\n               title=\"\"\n               data-src=\"http:\/\/amigosdelantiguoegipto.com\/wp-content\/gallery\/saqqara-mastaba-de-jenu\/mastaba_jenu_005-723.jpg\"\n               data-thumbnail=\"http:\/\/amigosdelantiguoegipto.com\/wp-content\/gallery\/saqqara-mastaba-de-jenu\/thumbs\/thumbs_mastaba_jenu_005-723.jpg\"\n               data-image-id=\"4335\"\n               data-title=\"mastaba_jenu_005-723\"\n               data-description=\"\"\n               data-image-slug=\"mastaba_jenu_005-723\"\n               class=\"ngg-fancybox\" rel=\"a5cfb44597a0195ada14e4e7b0349a60\">\n                <img\n                    title=\"mastaba_jenu_005-723\"\n                    alt=\"mastaba_jenu_005-723\"\n                    src=\"http:\/\/amigosdelantiguoegipto.com\/wp-content\/gallery\/saqqara-mastaba-de-jenu\/thumbs\/thumbs_mastaba_jenu_005-723.jpg\"\n                    width=\"120\"\n                    height=\"90\"\n                    style=\"max-width:100%;\"\n                \/>\n            <\/a>\n        <\/div>\n\t\t\t\t\t\t\t<\/div> \n\t\t\t\n        \n\t\t\t\t<div id=\"ngg-image-5\" class=\"ngg-gallery-thumbnail-box\" >\n\t\t\t\t        <div class=\"ngg-gallery-thumbnail\">\n            <a href=\"http:\/\/amigosdelantiguoegipto.com\/wp-content\/gallery\/saqqara-mastaba-de-jenu\/mastaba_jenu_006-722.jpg\"\n               title=\"\"\n               data-src=\"http:\/\/amigosdelantiguoegipto.com\/wp-content\/gallery\/saqqara-mastaba-de-jenu\/mastaba_jenu_006-722.jpg\"\n               data-thumbnail=\"http:\/\/amigosdelantiguoegipto.com\/wp-content\/gallery\/saqqara-mastaba-de-jenu\/thumbs\/thumbs_mastaba_jenu_006-722.jpg\"\n               data-image-id=\"4336\"\n               data-title=\"mastaba_jenu_006-722\"\n               data-description=\"\"\n               data-image-slug=\"mastaba_jenu_006-722\"\n               class=\"ngg-fancybox\" rel=\"a5cfb44597a0195ada14e4e7b0349a60\">\n                <img\n                    title=\"mastaba_jenu_006-722\"\n                    alt=\"mastaba_jenu_006-722\"\n                    src=\"http:\/\/amigosdelantiguoegipto.com\/wp-content\/gallery\/saqqara-mastaba-de-jenu\/thumbs\/thumbs_mastaba_jenu_006-722.jpg\"\n                    width=\"120\"\n                    height=\"90\"\n                    style=\"max-width:100%;\"\n                \/>\n            <\/a>\n        <\/div>\n\t\t\t\t\t\t\t<\/div> \n\t\t\t\n        \n\t\t\t\t<div id=\"ngg-image-6\" class=\"ngg-gallery-thumbnail-box\" >\n\t\t\t\t        <div class=\"ngg-gallery-thumbnail\">\n            <a href=\"http:\/\/amigosdelantiguoegipto.com\/wp-content\/gallery\/saqqara-mastaba-de-jenu\/mastaba_jenu_007-721.jpg\"\n               title=\"\"\n               data-src=\"http:\/\/amigosdelantiguoegipto.com\/wp-content\/gallery\/saqqara-mastaba-de-jenu\/mastaba_jenu_007-721.jpg\"\n               data-thumbnail=\"http:\/\/amigosdelantiguoegipto.com\/wp-content\/gallery\/saqqara-mastaba-de-jenu\/thumbs\/thumbs_mastaba_jenu_007-721.jpg\"\n               data-image-id=\"4337\"\n               data-title=\"mastaba_jenu_007-721\"\n               data-description=\"\"\n               data-image-slug=\"mastaba_jenu_007-721\"\n               class=\"ngg-fancybox\" rel=\"a5cfb44597a0195ada14e4e7b0349a60\">\n                <img\n                    title=\"mastaba_jenu_007-721\"\n                    alt=\"mastaba_jenu_007-721\"\n                    src=\"http:\/\/amigosdelantiguoegipto.com\/wp-content\/gallery\/saqqara-mastaba-de-jenu\/thumbs\/thumbs_mastaba_jenu_007-721.jpg\"\n                    width=\"120\"\n                    height=\"90\"\n                    style=\"max-width:100%;\"\n                \/>\n            <\/a>\n        <\/div>\n\t\t\t\t\t\t\t<\/div> \n\t\t\t\n        \n\t\t\n\t\t<!-- Pagination -->\n\t<div class='ngg-clear'><\/div>\t<\/div>\n\n","protected":false},"excerpt":{"rendered":"<p>Saqqara Mastaba de Jenu situada al norte del Complejo Funerario de Unas, entre sus t\u00edtulos destacan los de: Encargado de la Pir\u00e1mide de Unis, Conocido del Rey en la Gran Casa, etc. Finales de la dinast\u00eda VI.<\/p>\n<p class=\"continue-reading-button\"> <a class=\"continue-reading-link\" href=\"http:\/\/amigosdelantiguoegipto.com\/?page_id=9130\">Seguir leyendo<i class=\"crycon-right-dir\"><\/i><\/a><\/p>\n","protected":false},"author":1,"featured_media":0,"parent":0,"menu_order":0,"comment_status":"closed","ping_status":"closed","template":"","meta":{"ngg_post_thumbnail":0},"_links":{"self":[{"href":"http:\/\/amigosdelantiguoegipto.com\/index.php?rest_route=\/wp\/v2\/pages\/9130"}],"collection":[{"href":"http:\/\/amigosdelantiguoegipto.com\/index.php?rest_route=\/wp\/v2\/pages"}],"about":[{"href":"http:\/\/amigosdelantiguoegipto.com\/index.php?rest_route=\/wp\/v2\/types\/page"}],"author":[{"embeddable":true,"href":"http:\/\/amigosdelantiguoegipto.com\/index.php?rest_route=\/wp\/v2\/users\/1"}],"replies":[{"embeddable":true,"href":"http:\/\/amigosdelantiguoegipto.com\/index.php?rest_route=%2Fwp%2Fv2%2Fcomments&post=9130"}],"version-history":[{"count":0,"href":"http:\/\/amigosdelantiguoegipto.com\/index.php?rest_route=\/wp\/v2\/pages\/9130\/revisions"}],"wp:attachment":[{"href":"http:\/\/amigosdelantiguoegipto.com\/index.php?rest_route=%2Fwp%2Fv2%2Fmedia&parent=9130"}],"curies":[{"name":"wp","href":"https:\/\/api.w.org\/{rel}","templated":true}]}}