{"id":8860,"date":"2004-06-05T01:00:00","date_gmt":"2004-06-05T01:00:00","guid":{"rendered":"http:\/\/amigosdelantiguoegipto.com\/los-templos\/"},"modified":"2014-06-30T07:04:35","modified_gmt":"2014-06-30T07:04:35","slug":"los-templos","status":"publish","type":"page","link":"http:\/\/amigosdelantiguoegipto.com\/?page_id=8860","title":{"rendered":"Los Templos"},"content":{"rendered":"<p style=\"text-align: justify;\"><a href=\"http:\/\/amigosdelantiguoegipto.com\/?p=8872\">Historia<\/a><\/p>\n<p style=\"text-align: right;\">Jos\u00e9 Miguel Parra Ortiz &#8211; Junio de 2004<\/p>\n<p style=\"text-align: justify;\">Como en todas las civilizaciones antiguas, los egipcios ten\u00edan muy presentes en su vida a los dioses. El mejor ejemplo que tenemos de ello son los numerosos templos que nos han dejado, aunque en realidad esto tiene trampa, porque la mayor\u00eda de los templos que todo el mundo visita cuando va a Egipto no son de \u00e9poca fara\u00f3nica, sino de \u00e9poca ptolemaica, muchos siglos posteriores. La verdad es que esto no tiene mucha importancia, porque son exactamente iguales. Los Ptolomeos eran de origen griego, pero para gobernar Egipto se comportaban como faraones y por eso constru\u00edan templos como los antiguos.<\/p>\n<p class=\"img\"><img decoding=\"async\" loading=\"lazy\" class=\" size-full wp-image-1 aligncenter\" title=\"Los Templos\" src=\"http:\/\/amigosdelantiguoegipto.com\/wp-content\/uploads\/varios\/historia\/2004\/06\/100_4169.jpg\" alt=\"Los Templos\" width=\"400\" height=\"300\" align=\"middle\" border=\"0\" hspace=\"6\" \/><\/p>\n<p style=\"text-align: justify;\">Los templos egipcios siempre est\u00e1n formados por los mismos elementos. En algunos casos, varios faraones consecutivos decidieron ampliar un templo ya existente, como sucedi\u00f3 en Karnak. Lo que se hac\u00eda entonces era repetir alguno de los elementos ya existentes como los pilonos o las salas hip\u00f3stilas.<\/p>\n<p class=\"img\"><img decoding=\"async\" loading=\"lazy\" class=\" size-full wp-image-2 aligncenter\" title=\"Los Templos\" src=\"http:\/\/amigosdelantiguoegipto.com\/wp-content\/uploads\/varios\/historia\/2004\/06\/100_3588.jpg\" alt=\"Los Templos\" width=\"400\" height=\"300\" align=\"middle\" border=\"0\" hspace=\"6\" \/><\/p>\n<p style=\"text-align: justify;\">Lo primero que uno ve\u00eda al llegar a un templo egipcio era el <strong>embarcadero<\/strong>, construido junto a la orilla y desde donde part\u00edan y a donde llegaban los barcos que transportaban la estatua del dios durante las procesiones. En el embarcadero nac\u00eda una <strong>calzada<\/strong> que conduc\u00eda hasta la entrada misma del templo. Este camino pod\u00eda estar decorado a ambos lados con <strong>esfinges<\/strong> de piedra, es decir, estatuas de le\u00f3n con cabeza de carnero o de ser humano. La funci\u00f3n de estas estatuas era proteger m\u00e1gicamente el acceso al templo, para que nada malo le pudiera suceder al dios ni al edificio. En diversos puntos de la calzada sol\u00eda haber lo que se conoce como <strong>quioscos<\/strong>, que son m\u00e1s unas peque\u00f1as habitaciones de piedra con dos entradas. En ellas se deten\u00edan a descansar los sacerdotes que cargaban con el dios durante las procesiones. Entraban por una fachada y sal\u00edan por la otra, \u00a1as\u00ed no ten\u00edan que hacer maniobras!<\/p>\n<p class=\"img\"><img decoding=\"async\" loading=\"lazy\" class=\" size-full wp-image-3 aligncenter\" title=\"Los Templos\" src=\"http:\/\/amigosdelantiguoegipto.com\/wp-content\/uploads\/varios\/historia\/2004\/06\/100_3614.jpg\" alt=\"Los Templos\" width=\"300\" height=\"400\" align=\"middle\" border=\"0\" hspace=\"6\" \/><\/p>\n<p style=\"text-align: justify;\">El primer elemento del templo propiamente dicho es el <strong>pilono<\/strong>. Una gran fachada en forma de trapecio (un rect\u00e1ngulo con la parte de abajo m\u00e1s larga que la parte de arriba) con una gran puerta en el centro. La fachada estaba decorada con relieves de los dioses y el fara\u00f3n y con cuatro grandes m\u00e1stiles de madera con un gallardete de tela en el extremo. Justo delante del pilono pod\u00eda haber estatuas gigantes u obeliscos, esas grandes agujas de piedra con jerogl\u00edficos en los lados.<\/p>\n<p class=\"img\"><img decoding=\"async\" loading=\"lazy\" class=\" size-full wp-image-4 aligncenter\" title=\"Los Templos\" src=\"http:\/\/amigosdelantiguoegipto.com\/wp-content\/uploads\/varios\/historia\/2004\/06\/100_3763.jpg\" alt=\"Los Templos\" width=\"400\" height=\"300\" align=\"middle\" border=\"0\" hspace=\"6\" \/><\/p>\n<p>Al cruzar la puerta se penetra en un <strong>patio<\/strong> a cielo abierto, pero rodeado por un p\u00f3rtico con columnas. Esta zona es la \u00fanica donde pod\u00edan entrar las personas normales. El resto del templo estaba destinado s\u00f3lo a los sacerdotes.<\/p>\n<p style=\"text-align: justify;\">Al fondo del patio hab\u00eda otra puerta, que conduc\u00eda a la <strong>sala hip\u00f3stila<\/strong>, una palabra que significa \u00abllena de columnas\u00bb. En este caso la habitaci\u00f3n s\u00ed ten\u00eda techo, pero con unas peque\u00f1as ventanitas en el techo para dar un poco de luz. Al fondo hab\u00eda otra puerta, que daba paso a la \u00faltima parte del templo, la m\u00e1s sagrada. All\u00ed estaba el <strong>sancta sanct\u00f3rum<\/strong>, rodeado por unos peque\u00f1os almacenes donde se guardaban los elementos utilizados en el culto. La estatua del dios se encontraba dentro de un armario de piedra llamado <strong>naos<\/strong>. Todos los d\u00edas, el sacerdote principal del templo, el \u00fanico que pod\u00eda entrar all\u00ed, abr\u00eda las puertas y lavaba, vest\u00eda, maquillaba y presentaba ofrendas a la estatua del dios. Al terminar, el sacerdote sellaba las puertas del naos y sal\u00eda del sanctasanct\u00f3rum.<\/p>\n<p class=\"img\"><img decoding=\"async\" loading=\"lazy\" class=\" size-full wp-image-5 aligncenter\" title=\"Los Templos\" src=\"http:\/\/amigosdelantiguoegipto.com\/wp-content\/uploads\/varios\/historia\/2004\/06\/100_3808.jpg\" alt=\"Los Templos\" width=\"400\" height=\"300\" align=\"middle\" border=\"0\" hspace=\"6\" \/><\/p>\n<p style=\"text-align: justify;\">Un detalle curioso de los templos egipcios es que, seg\u00fan se va penetrando en ellos, el suelo se va alzando y el techo va descendiendo (siempre en horizontal), al mismo tiempo que disminuye la cantidad de luz que penetra en las habitaciones. El extremo del templo, donde estaba la estatua del dios, era oscuro, silencioso y lleno de misterio.<\/p>\n","protected":false},"excerpt":{"rendered":"<p>Historia Jos\u00e9 Miguel Parra Ortiz &#8211; Junio de 2004 Como en todas las civilizaciones antiguas, los egipcios ten\u00edan muy presentes en su vida a los dioses. El mejor ejemplo que tenemos de ello son los numerosos templos que nos han dejado, aunque en realidad esto tiene trampa, porque la mayor\u00eda de los templos que todo el mundo visita cuando va&#8230;<\/p>\n<p class=\"continue-reading-button\"> <a class=\"continue-reading-link\" href=\"http:\/\/amigosdelantiguoegipto.com\/?page_id=8860\">Seguir leyendo<i class=\"crycon-right-dir\"><\/i><\/a><\/p>\n","protected":false},"author":1,"featured_media":0,"parent":0,"menu_order":1,"comment_status":"closed","ping_status":"closed","template":"","meta":{"ngg_post_thumbnail":0},"_links":{"self":[{"href":"http:\/\/amigosdelantiguoegipto.com\/index.php?rest_route=\/wp\/v2\/pages\/8860"}],"collection":[{"href":"http:\/\/amigosdelantiguoegipto.com\/index.php?rest_route=\/wp\/v2\/pages"}],"about":[{"href":"http:\/\/amigosdelantiguoegipto.com\/index.php?rest_route=\/wp\/v2\/types\/page"}],"author":[{"embeddable":true,"href":"http:\/\/amigosdelantiguoegipto.com\/index.php?rest_route=\/wp\/v2\/users\/1"}],"replies":[{"embeddable":true,"href":"http:\/\/amigosdelantiguoegipto.com\/index.php?rest_route=%2Fwp%2Fv2%2Fcomments&post=8860"}],"version-history":[{"count":0,"href":"http:\/\/amigosdelantiguoegipto.com\/index.php?rest_route=\/wp\/v2\/pages\/8860\/revisions"}],"wp:attachment":[{"href":"http:\/\/amigosdelantiguoegipto.com\/index.php?rest_route=%2Fwp%2Fv2%2Fmedia&parent=8860"}],"curies":[{"name":"wp","href":"https:\/\/api.w.org\/{rel}","templated":true}]}}