{"id":8858,"date":"2000-03-15T01:00:00","date_gmt":"2000-03-15T01:00:00","guid":{"rendered":"http:\/\/amigosdelantiguoegipto.com\/quienes-eran-los-egipcios\/"},"modified":"2014-06-30T07:50:51","modified_gmt":"2014-06-30T07:50:51","slug":"quienes-eran-los-egipcios","status":"publish","type":"page","link":"http:\/\/amigosdelantiguoegipto.com\/?page_id=8858","title":{"rendered":"\u00bfQuienes eran los egipcios?"},"content":{"rendered":"<p style=\"text-align: justify;\"><a href=\"http:\/\/amigosdelantiguoegipto.com\/?p=8872\">Historia<\/a><\/p>\n<p style=\"text-align: right;\">Cristina Carracedo &#8211; Marzo de 2000<\/p>\n<p style=\"text-align: justify;\">Hace unos 5.000 a\u00f1os, naci\u00f3 en el valle del Nilo la civilizaci\u00f3n m\u00e1s importante del mundo. Se origin\u00f3 cuando los egipcios comenzaron a establecerse a lo largo de los m\u00e1rgenes del r\u00edo Nilo, el cual cada a\u00f1o inundaba las tierras, dejando tras de s\u00ed una capa espesa de limo negro que hac\u00eda prosperar los cultivos. De este modo, en esta tierra f\u00e9rtil, los agricultores obtuvieron abundantes cosechas de trigo, cebada, verduras y frutas. Tambi\u00e9n criaban sus vacas, ovejas y cabras.<\/p>\n<p style=\"text-align: justify;\">Por otra parte, Egipto era un pa\u00eds seguro por estar rodeado de desierto por tres lados, y protegido de los posibles invasores que trataran de avanzar por mar a trav\u00e9s del delta del Nilo, al norte del pa\u00eds.<br \/>\nEsto permiti\u00f3 a sus habitantes tener tiempo libre para desarrollar sus artes y los oficios, la literatura y la m\u00fasica.<\/p>\n<table border=\"0\" align=\"center\">\n<tbody>\n<tr align=\"center\">\n<td>\n<div class=\"mosimage\" style=\"float: center;\" align=\"center\">\n<div id=\"attachment_81\" style=\"width: 240px\" class=\"wp-caption aligncenter\"><img aria-describedby=\"caption-attachment-81\" decoding=\"async\" loading=\"lazy\" class=\"wp-image-81 size-full\" title=\"Flor de loto\" src=\"http:\/\/amigosdelantiguoegipto.com\/wp-content\/uploads\/varios\/historia\/2000\/03\/lotus.jpg\" alt=\"Flor de loto\" width=\"230\" height=\"213\" border=\"0\" hspace=\"6\" \/><p id=\"caption-attachment-81\" class=\"wp-caption-text\">Flor de loto<\/p><\/div>\n<\/div>\n<\/td>\n<td>\n<div class=\"mosimage\" style=\"float: center;\" align=\"center\">\n<div id=\"attachment_82\" style=\"width: 242px\" class=\"wp-caption aligncenter\"><img aria-describedby=\"caption-attachment-82\" decoding=\"async\" loading=\"lazy\" class=\"wp-image-82 \" title=\"\u00c1rbol del papiro\" src=\"http:\/\/amigosdelantiguoegipto.com\/wp-content\/uploads\/varios\/historia\/2000\/03\/papyrus.jpg\" alt=\"\u00c1rbol del papiro\" width=\"232\" height=\"215\" border=\"0\" hspace=\"6\" \/><p id=\"caption-attachment-82\" class=\"wp-caption-text\">\u00c1rbol del papiro<\/p><\/div>\n<\/div>\n<\/td>\n<\/tr>\n<\/tbody>\n<\/table>\n<p style=\"text-align: justify;\">Los egipcios divid\u00edan su territorio en dos partes: el Alto Egipto (el valle) y el Bajo Egipto (el delta). Por eso, los dos s\u00edmbolos de Egipto son el loto, que representa el valle del r\u00edo, y el papiro, que representa las tierras pantanosas del delta. Y as\u00ed, el soberano era llamado &#8220;Se\u00f1or de las Dos Tierras&#8221;.<\/p>\n<p style=\"text-align: justify;\">Los egipcios eran muy afortunados por vivir en su pa\u00eds.<\/p>\n","protected":false},"excerpt":{"rendered":"<p>Historia Cristina Carracedo &#8211; Marzo de 2000 Hace unos 5.000 a\u00f1os, naci\u00f3 en el valle del Nilo la civilizaci\u00f3n m\u00e1s importante del mundo. Se origin\u00f3 cuando los egipcios comenzaron a establecerse a lo largo de los m\u00e1rgenes del r\u00edo Nilo, el cual cada a\u00f1o inundaba las tierras, dejando tras de s\u00ed una capa espesa de limo negro que hac\u00eda prosperar&#8230;<\/p>\n<p class=\"continue-reading-button\"> <a class=\"continue-reading-link\" href=\"http:\/\/amigosdelantiguoegipto.com\/?page_id=8858\">Seguir leyendo<i class=\"crycon-right-dir\"><\/i><\/a><\/p>\n","protected":false},"author":1,"featured_media":0,"parent":0,"menu_order":17,"comment_status":"closed","ping_status":"closed","template":"","meta":{"ngg_post_thumbnail":0},"_links":{"self":[{"href":"http:\/\/amigosdelantiguoegipto.com\/index.php?rest_route=\/wp\/v2\/pages\/8858"}],"collection":[{"href":"http:\/\/amigosdelantiguoegipto.com\/index.php?rest_route=\/wp\/v2\/pages"}],"about":[{"href":"http:\/\/amigosdelantiguoegipto.com\/index.php?rest_route=\/wp\/v2\/types\/page"}],"author":[{"embeddable":true,"href":"http:\/\/amigosdelantiguoegipto.com\/index.php?rest_route=\/wp\/v2\/users\/1"}],"replies":[{"embeddable":true,"href":"http:\/\/amigosdelantiguoegipto.com\/index.php?rest_route=%2Fwp%2Fv2%2Fcomments&post=8858"}],"version-history":[{"count":0,"href":"http:\/\/amigosdelantiguoegipto.com\/index.php?rest_route=\/wp\/v2\/pages\/8858\/revisions"}],"wp:attachment":[{"href":"http:\/\/amigosdelantiguoegipto.com\/index.php?rest_route=%2Fwp%2Fv2%2Fmedia&parent=8858"}],"curies":[{"name":"wp","href":"https:\/\/api.w.org\/{rel}","templated":true}]}}