{"id":8781,"date":"2000-03-02T01:00:00","date_gmt":"2000-03-02T01:00:00","guid":{"rendered":"http:\/\/amigosdelantiguoegipto.com\/harpocrates\/"},"modified":"2014-06-29T21:12:15","modified_gmt":"2014-06-29T21:12:15","slug":"harpocrates","status":"publish","type":"page","link":"http:\/\/amigosdelantiguoegipto.com\/?page_id=8781","title":{"rendered":"Harp\u00f3crates"},"content":{"rendered":"<p style=\"text-align: justify;\"><a href=\"http:\/\/amigosdelantiguoegipto.com\/?p=8760\">La religi\u00f3n y los dioses de Egipto<\/a><\/p>\n<p style=\"text-align: right;\">Cristina Carracedo &#8211; Marzo de 2000<\/p>\n<p style=\"text-align: justify;\">Harp\u00f3crates es el t\u00e9rmino griego que designa al dios egipcio <em>Har Pa Jered<\/em>, al que conocemos como <strong>&#8220;Horus el Ni\u00f1o&#8221;<\/strong>.<\/p>\n<p class=\"img\"><img decoding=\"async\" loading=\"lazy\" class=\" size-full wp-image-59 aligncenter\" title=\"Harp\u00f3crates\" src=\" http:\/\/amigosdelantiguoegipto.com\/wp-content\/uploads\/varios\/religion\/2000\/03\/harpocrates.gif\" alt=\"Harp\u00f3crates\" width=\"165\" height=\"45\" align=\"middle\" border=\"0\" hspace=\"6\" \/><\/p>\n<p style=\"text-align: justify;\">Se le representa como un halc\u00f3n, o bien, como un ni\u00f1o desnudo con un dedo de su mano derecha en la boca. En un lado de su cabeza lleva la coleta que caracterizaba a los ni\u00f1os egipcios.<\/p>\n<div class=\"mosimage\" style=\"float: center;\" align=\"center\">\n<div id=\"attachment_60\" style=\"width: 210px\" class=\"wp-caption aligncenter\"><img aria-describedby=\"caption-attachment-60\" decoding=\"async\" loading=\"lazy\" class=\"wp-image-60 size-full\" title=\"Horus el Ni\u00f1o\" src=\" http:\/\/amigosdelantiguoegipto.com\/wp-content\/uploads\/varios\/religion\/2000\/03\/dios-ninyo.jpg\" alt=\"Horus el Ni\u00f1o\" width=\"200\" height=\"391\" border=\"0\" hspace=\"6\" \/><p id=\"caption-attachment-60\" class=\"wp-caption-text\">Horus el Ni\u00f1o<\/p><\/div>\n<\/div>\n<p style=\"text-align: justify;\">Horus ni\u00f1o es originario de Heli\u00f3polis, como hijo de <strong>Isis<\/strong> y <strong>Osiris<\/strong>. Y fue venerado en muchos otros santuarios, como en Edf\u00fa, Tebas, Coptos, Mendes, etc., en los que se le adoraba con otras formas adoptadas de Horus.<\/p>\n<p style=\"text-align: justify;\">Harp\u00f3crates es el s\u00edmbolo viviente del Sol al salir en la entrada de la primavera. Naci\u00f3 despu\u00e9s de la muerte de su padre Osiris, en el d\u00eda m\u00e1s corto del a\u00f1o y en la \u00e9poca en que el loto florece. Por eso se dice que naci\u00f3 de la flor de loto bajo la forma de <em>Harsomtus<\/em>. Se representa as\u00ed, como un ni\u00f1o d\u00e9bil, al que tuvo que esconder su madre, la diosa Isis, en los pantanos del Delta del Nilo, para protegerlo del malvado <strong>Seth<\/strong>, hermano de su padre.<br \/>\nPero al igual que el sol d\u00e9bil del amanecer se convierte en un Sol poderoso, el dios-ni\u00f1o se convierte en el Horus poderoso y vengador de la muerte de su padre, luchando contra Seth.<br \/>\nSu madre, Isis, de este modo, le convertir\u00eda en el gran Horus que reinar\u00eda sobre los hombres y los dioses.<\/p>\n<p style=\"text-align: justify;\">En el mito solar est\u00e1 representado con un disco solar acompa\u00f1ado de dos plumas.<\/p>\n<table border=\"0\" width=\"100%\">\n<tbody>\n<tr>\n<td align=\"center\">\n<div class=\"mosimage\" style=\"float: center;\" align=\"center\">\n<div id=\"attachment_61\" style=\"width: 163px\" class=\"wp-caption aligncenter\"><img aria-describedby=\"caption-attachment-61\" decoding=\"async\" loading=\"lazy\" class=\"wp-image-61 size-full\" title=\"Isis y Harp\u00f3crates\" src=\" http:\/\/amigosdelantiguoegipto.com\/wp-content\/uploads\/varios\/religion\/2000\/03\/isis.jpg\" alt=\"Isis y Harp\u00f3crates\" width=\"153\" height=\"426\" border=\"0\" hspace=\"6\" \/><p id=\"caption-attachment-61\" class=\"wp-caption-text\">Isis y Harp\u00f3crates<\/p><\/div>\n<\/div>\n<\/td>\n<td align=\"center\">\n<div class=\"mosimage\" style=\"float: center;\" align=\"center\">\n<div id=\"attachment_62\" style=\"width: 163px\" class=\"wp-caption aligncenter\"><img aria-describedby=\"caption-attachment-62\" decoding=\"async\" loading=\"lazy\" class=\"wp-image-62 size-full\" title=\"Horus con las dos plumas\" src=\" http:\/\/amigosdelantiguoegipto.com\/wp-content\/uploads\/varios\/religion\/2000\/03\/discosolar_plumas.jpg\" alt=\"Horus con las dos plumas\" width=\"153\" height=\"426\" border=\"0\" hspace=\"6\" \/><p id=\"caption-attachment-62\" class=\"wp-caption-text\">Horus con las dos plumas<\/p><\/div>\n<\/div>\n<\/td>\n<\/tr>\n<\/tbody>\n<\/table>\n<p style=\"text-align: justify;\">Tambi\u00e9n podemos encontrarlo con la personalidad de <strong>&#8220;Horus sobre los Cocodrilos&#8221;<\/strong>. El dios-ni\u00f1o se muestra en pie sobre dos cocodrilos, llevando en sus manos serpientes, escorpiones y otros animales venenosos. As\u00ed, con manos y pies domina sin esfuerzo alguno todo tipo de animales da\u00f1inos y peligrosos. Es aqu\u00ed el vencedor del mal y de todo lo que causa espanto.<\/p>\n<div class=\"mosimage\" style=\"float: center;\" align=\"center\">\n<div id=\"attachment_63\" style=\"width: 310px\" class=\"wp-caption aligncenter\"><img aria-describedby=\"caption-attachment-63\" decoding=\"async\" loading=\"lazy\" class=\"wp-image-63 size-full\" title=\"Horus sobre los cocodrilos\" src=\" http:\/\/amigosdelantiguoegipto.com\/wp-content\/uploads\/varios\/religion\/2000\/03\/estela_de_horus.jpg\" alt=\"Horus sobre los cocodrilos\" width=\"300\" height=\"543\" border=\"0\" hspace=\"6\" \/><p id=\"caption-attachment-63\" class=\"wp-caption-text\">Horus sobre los cocodrilos<\/p><\/div>\n<\/div>\n<p style=\"text-align: justify;\">Sobre su cabeza, aparece a menudo la imagen del dios <strong>Bes<\/strong>, protector tambi\u00e9n de la infancia. En la Estela de Horus, aparece esta imagen del dios sobre los cocodrilos. Por encima de \u00e9l, la cabeza del dios Bes pretende reforzar la eficacia de esta estela contra todo tipo de enfermedad y desgracia. Por ello, los egipcios pensaban que haciendo correr agua sobre su estatua, \u00e9sta adquir\u00eda propiedades sanadoras. Este agua se recog\u00eda y se daba de beber a las personas que hubieran sufrido la picadura de alguno de estos animales peligrosos.<\/p>\n<p>Su culto se introdujo en Grecia y Roma sufriendo algunas alteraciones. Se le considerar\u00eda como dios del silencio, representado con el dedo \u00edndice sobre los labios.<\/p>\n","protected":false},"excerpt":{"rendered":"<p>La religi\u00f3n y los dioses de Egipto Cristina Carracedo &#8211; Marzo de 2000 Harp\u00f3crates es el t\u00e9rmino griego que designa al dios egipcio Har Pa Jered, al que conocemos como &#8220;Horus el Ni\u00f1o&#8221;. Se le representa como un halc\u00f3n, o bien, como un ni\u00f1o desnudo con un dedo de su mano derecha en la boca. En un lado de su&#8230;<\/p>\n<p class=\"continue-reading-button\"> <a class=\"continue-reading-link\" href=\"http:\/\/amigosdelantiguoegipto.com\/?page_id=8781\">Seguir leyendo<i class=\"crycon-right-dir\"><\/i><\/a><\/p>\n","protected":false},"author":1,"featured_media":0,"parent":0,"menu_order":15,"comment_status":"closed","ping_status":"closed","template":"","meta":{"ngg_post_thumbnail":0},"_links":{"self":[{"href":"http:\/\/amigosdelantiguoegipto.com\/index.php?rest_route=\/wp\/v2\/pages\/8781"}],"collection":[{"href":"http:\/\/amigosdelantiguoegipto.com\/index.php?rest_route=\/wp\/v2\/pages"}],"about":[{"href":"http:\/\/amigosdelantiguoegipto.com\/index.php?rest_route=\/wp\/v2\/types\/page"}],"author":[{"embeddable":true,"href":"http:\/\/amigosdelantiguoegipto.com\/index.php?rest_route=\/wp\/v2\/users\/1"}],"replies":[{"embeddable":true,"href":"http:\/\/amigosdelantiguoegipto.com\/index.php?rest_route=%2Fwp%2Fv2%2Fcomments&post=8781"}],"version-history":[{"count":0,"href":"http:\/\/amigosdelantiguoegipto.com\/index.php?rest_route=\/wp\/v2\/pages\/8781\/revisions"}],"wp:attachment":[{"href":"http:\/\/amigosdelantiguoegipto.com\/index.php?rest_route=%2Fwp%2Fv2%2Fmedia&parent=8781"}],"curies":[{"name":"wp","href":"https:\/\/api.w.org\/{rel}","templated":true}]}}