{"id":8777,"date":"2000-11-19T01:00:00","date_gmt":"2000-11-19T01:00:00","guid":{"rendered":"http:\/\/amigosdelantiguoegipto.com\/osiris\/"},"modified":"2014-06-29T20:58:33","modified_gmt":"2014-06-29T20:58:33","slug":"osiris","status":"publish","type":"page","link":"http:\/\/amigosdelantiguoegipto.com\/?page_id=8777","title":{"rendered":"Osiris"},"content":{"rendered":"<p style=\"text-align: justify;\"><a href=\"http:\/\/amigosdelantiguoegipto.com\/?p=8760\">La religi\u00f3n y los dioses de Egipto<\/a><\/p>\n<p style=\"text-align: right;\">Cristina Carracedo &#8211; noviembre de 2000<\/p>\n<p style=\"text-align: justify;\"><em><strong>Wsir<\/strong><\/em> es el nombre egipcio del dios Osiris, <strong>dios de los muertos<\/strong>, que junto con su hermana y esposa <strong><a title=\"Isis\" href=\"http:\/\/amigosdelantiguoegipto.com\/?page_id=8778\">Isis<\/a><\/strong>, fue considerado por los antiguos egipcios un dios muy importante.<\/p>\n<p style=\"text-align: justify;\">El dios Osiris es hijo de Gheb y de Nut. Tambi\u00e9n es hermano de Seth y de Neftis.<\/p>\n<p class=\"img\" style=\"text-align: justify;\"><img decoding=\"async\" loading=\"lazy\" class=\" size-full wp-image-1\" title=\"Osiris\" src=\" http:\/\/amigosdelantiguoegipto.com\/wp-content\/uploads\/varios\/religion\/osiris\/01.gif\" alt=\"Osiris\" width=\"79\" height=\"65\" align=\"middle\" border=\"0\" hspace=\"6\" \/><\/p>\n<p style=\"text-align: justify;\">Se representa como un hombre envuelto en un sudario (s\u00e1bana que envolv\u00eda a la momia) del que asoman sus manos sujetando los cetros de poder (flagelo y cayado). Lleva sobre la cabeza una corona troncoc\u00f3nica flanqueada por dos plumas.<\/p>\n<p style=\"text-align: justify;\">En el Imperio Nuevo se a\u00f1aden a dicha corona dos <em>ureus<\/em>, disco solar y dos cuernos de carnero horizontales y retorcidos (corona <em>atef<\/em>).<\/p>\n<p style=\"text-align: justify;\">Aparece con la piel pintada de verde o negro como <strong>s\u00edmbolo de renacimiento<\/strong> de la vegetaci\u00f3n.<\/p>\n<table border=\"0\" width=\"70%\" align=\"center\">\n<tbody>\n<tr align=\"center\">\n<td><img decoding=\"async\" loading=\"lazy\" class=\" size-full wp-image-2\" title=\"Osiris\" src=\" http:\/\/amigosdelantiguoegipto.com\/wp-content\/uploads\/varios\/religion\/osiris\/02.gif\" alt=\"Osiris\" width=\"81\" height=\"185\" align=\"middle\" border=\"0\" hspace=\"6\" \/><\/td>\n<td><img decoding=\"async\" loading=\"lazy\" class=\" size-full wp-image-3\" title=\"Osiris\" src=\" http:\/\/amigosdelantiguoegipto.com\/wp-content\/uploads\/varios\/religion\/osiris\/03.gif\" alt=\"Osiris\" width=\"79\" height=\"185\" align=\"middle\" border=\"0\" hspace=\"6\" \/><\/td>\n<\/tr>\n<\/tbody>\n<\/table>\n<p style=\"text-align: justify;\">Su objeto sagrado es el &#8220;pilar <em>dyed<\/em>&#8220;, que simboliza el <strong>poder de regeneraci\u00f3n<\/strong>, la eternidad y la resurrecci\u00f3n. Se piensa que pudo representar la columna vertebral de este dios, y por ello aparece en los sarc\u00f3fagos colocado a la altura de esta parte del cuerpo. Es, por tanto, un dios esencial dentro del mundo funerario.<\/p>\n<p style=\"text-align: justify;\">En relaci\u00f3n con el cielo se asocia a la constelaci\u00f3n de Ori\u00f3n. Y en cuanto a su aspecto lunar est\u00e1 asociado a Iah.<\/p>\n<p style=\"text-align: justify;\">Osiris, junto a su esposa Isis y su hermano Seth, protagoniz\u00f3 una leyenda llena de traiciones y venganzas (El Conflicto entre Horus y Seth), recogida en los Textos de las Pir\u00e1mides. M\u00e1s tarde se complementa con la historia recopilada por Plutarco en su libro &#8220;<strong>De Iside et Osiride<\/strong>&#8220;, donde se cuenta c\u00f3mo Isis recompone los catorce trozos del cuerpo de Osiris que su malvado hermano Seth esparci\u00f3 en el Nilo, devolvi\u00e9ndole la vida con la ayuda del dios Anubis y Neftis. Tras resucitar, Osiris no regres\u00f3 a la Tierra, sino que se convirti\u00f3 en el dios de los muertos.<\/p>\n<p style=\"text-align: justify;\">Por ello, los egipcios esperaban tras su muerte regenerarse y despertar a una vida nueva en el M\u00e1s All\u00e1. Osiris simbolizaba de este modo la esperanza de una resurrecci\u00f3n.<\/p>\n<p class=\"img\"><img decoding=\"async\" loading=\"lazy\" class=\" size-full wp-image-5 aligncenter\" title=\"Osiris\" src=\" http:\/\/amigosdelantiguoegipto.com\/wp-content\/uploads\/varios\/religion\/osiris\/04.jpg\" alt=\"Osiris\" width=\"260\" height=\"324\" align=\"middle\" border=\"0\" hspace=\"6\" \/><\/p>\n<p style=\"text-align: justify;\">Osiris como <strong>dios de la vegetaci\u00f3n<\/strong>, mor\u00eda en la estaci\u00f3n m\u00e1s seca y renac\u00eda tras la retirada de las aguas de la crecida. Su mito refleja un fen\u00f3meno natural, el nacimiento, desarrollo y muerte de las plantas:<\/p>\n<ul style=\"text-align: justify;\">\n<li>\n<div align=\"justify\">Con la llegada de la crecida del Nilo, la tierra de Egipto quedaba cubierta por la inundaci\u00f3n. Surg\u00eda el advenimiento del caos, resultando la muerte de Osiris.<\/div>\n<\/li>\n<li>\n<div align=\"justify\">Con la retirada de la crecida, aparece el nacimiento del mundo, Maat.<\/div>\n<\/li>\n<li>\n<div align=\"justify\">Con el nacimiento de las plantas, est\u00e1 relacionado el momento en el que Isis resucita a su esposo Osiris.<\/div>\n<\/li>\n<\/ul>\n<p class=\"img\"><img decoding=\"async\" loading=\"lazy\" class=\" size-full wp-image-6 aligncenter\" title=\"Osiris\" src=\" http:\/\/amigosdelantiguoegipto.com\/wp-content\/uploads\/varios\/religion\/osiris\/05.jpg\" alt=\"Osiris\" width=\"229\" height=\"400\" align=\"middle\" border=\"0\" hspace=\"6\" \/><\/p>\n<p style=\"text-align: justify;\">El principal centro de culto donde se veneraba al dios Osiris es el <em>templo de Abidos<\/em>, uno de los mayores santuarios egipcios. Seg\u00fan la leyenda, este templo se levant\u00f3 donde Isis encontr\u00f3 la cabeza de su esposo.<\/p>\n<p style=\"text-align: justify;\">Otros centros de culto se establecieron en Busiris, Sais, Dendera o Abukir.<\/p>\n","protected":false},"excerpt":{"rendered":"<p>La religi\u00f3n y los dioses de Egipto Cristina Carracedo &#8211; noviembre de 2000 Wsir es el nombre egipcio del dios Osiris, dios de los muertos, que junto con su hermana y esposa Isis, fue considerado por los antiguos egipcios un dios muy importante. El dios Osiris es hijo de Gheb y de Nut. Tambi\u00e9n es hermano de Seth y de&#8230;<\/p>\n<p class=\"continue-reading-button\"> <a class=\"continue-reading-link\" href=\"http:\/\/amigosdelantiguoegipto.com\/?page_id=8777\">Seguir leyendo<i class=\"crycon-right-dir\"><\/i><\/a><\/p>\n","protected":false},"author":1,"featured_media":0,"parent":0,"menu_order":11,"comment_status":"closed","ping_status":"closed","template":"","meta":{"ngg_post_thumbnail":0},"_links":{"self":[{"href":"http:\/\/amigosdelantiguoegipto.com\/index.php?rest_route=\/wp\/v2\/pages\/8777"}],"collection":[{"href":"http:\/\/amigosdelantiguoegipto.com\/index.php?rest_route=\/wp\/v2\/pages"}],"about":[{"href":"http:\/\/amigosdelantiguoegipto.com\/index.php?rest_route=\/wp\/v2\/types\/page"}],"author":[{"embeddable":true,"href":"http:\/\/amigosdelantiguoegipto.com\/index.php?rest_route=\/wp\/v2\/users\/1"}],"replies":[{"embeddable":true,"href":"http:\/\/amigosdelantiguoegipto.com\/index.php?rest_route=%2Fwp%2Fv2%2Fcomments&post=8777"}],"version-history":[{"count":0,"href":"http:\/\/amigosdelantiguoegipto.com\/index.php?rest_route=\/wp\/v2\/pages\/8777\/revisions"}],"wp:attachment":[{"href":"http:\/\/amigosdelantiguoegipto.com\/index.php?rest_route=%2Fwp%2Fv2%2Fmedia&parent=8777"}],"curies":[{"name":"wp","href":"https:\/\/api.w.org\/{rel}","templated":true}]}}