{"id":8774,"date":"2001-04-30T01:00:00","date_gmt":"2001-04-30T01:00:00","guid":{"rendered":"http:\/\/amigosdelantiguoegipto.com\/bastet\/"},"modified":"2014-06-29T20:43:33","modified_gmt":"2014-06-29T20:43:33","slug":"bastet","status":"publish","type":"page","link":"http:\/\/amigosdelantiguoegipto.com\/?page_id=8774","title":{"rendered":"Bastet"},"content":{"rendered":"<p style=\"text-align: justify;\"><a href=\"http:\/\/amigosdelantiguoegipto.com\/?p=8760\">La religi\u00f3n y los dioses de Egipto<\/a><\/p>\n<p style=\"text-align: right;\">Cristina Carracedo &#8211; Abril de 2001<\/p>\n<p class=\"img\"><img decoding=\"async\" loading=\"lazy\" class=\"size-full wp-image-36 alignleft\" title=\"Bastet\" src=\" http:\/\/amigosdelantiguoegipto.com\/wp-content\/uploads\/varios\/religion\/2001\/04\/bastet_j.gif\" alt=\"Bastet\" width=\"55\" height=\"44\" align=\"middle\" border=\"0\" hspace=\"6\" \/><\/p>\n<p style=\"text-align: justify;\">Bastet, originaria de la ciudad de Bubastis, es la diosa guardiana del hogar y representa la fecundidad amorosa y los poderes beneficiosos del sol. Tambi\u00e9n simboliza el ojo de la luna.<br \/>\nEst\u00e1 representada por una gata o mujer con cabeza de gata llevando un sistro en la mano. Cuando es representada con cuerpo de mujer lleva un tocado especial, un arete en la oreja y un gran collar en el pecho. En sus manos sujeta un sistro y una \u00e9gida, y de su brazo suele colgar un cesto.<\/p>\n<p><img decoding=\"async\" loading=\"lazy\" class=\" size-full wp-image-35 aligncenter\" title=\"Bastet\" src=\" http:\/\/amigosdelantiguoegipto.com\/wp-content\/uploads\/varios\/religion\/bastet\/bastet.gif\" alt=\"Bastet\" width=\"68\" height=\"183\" align=\"middle\" border=\"0\" hspace=\"6\" \/><\/p>\n<p><img decoding=\"async\" loading=\"lazy\" class=\" size-full wp-image-1 aligncenter\" title=\"Bastet\" src=\" http:\/\/amigosdelantiguoegipto.com\/wp-content\/uploads\/varios\/religion\/bastet\/01.gif\" alt=\"Bastet\" width=\"72\" height=\"183\" align=\"middle\" border=\"0\" hspace=\"6\" \/><\/p>\n<p style=\"text-align: justify;\">La diosa Bastet ya se encuentra en el pante\u00f3n egipcio en la dinast\u00eda II. Su nombre significa \u201c<strong>la de los <em>Bas<\/em><\/strong>\u201d, que es el nombre de un frasco de ung\u00fcento que se empleaba en las ceremonias funerarias; esto quiere decir que esta diosa estaba relacionada con la protecci\u00f3n del difunto en el M\u00e1s All\u00e1.<\/p>\n<p style=\"text-align: justify;\">Se muestra como una diosa pac\u00edfica, pero cuando se enfada se transforma en una mujer con cabeza de leona, asimil\u00e1ndose a la diosa Sejmet. Algunas veces aparece como hija de Ra o Atum, tomando como madre a <a title=\"Hathor\" href=\"http:\/\/amigosdelantiguoegipto.com\/?page_id=8776\">Hathor<\/a> o a <a title=\"Tefnut\" href=\"http:\/\/amigosdelantiguoegipto.com\/?page_id=8775\">Tefnut<\/a>. En otras ocasiones, forma tr\u00edada con Atum o Mahes \u201cEl Le\u00f3n de Mirada Feroz\u201d como esposos, y con Horhekenu como hijo.<\/p>\n<p style=\"text-align: justify;\">Desde el Imperio Antiguo, es la madre del rey, al que ayuda y protege para alcanzar el cielo.<\/p>\n<p class=\"img\"><img decoding=\"async\" loading=\"lazy\" class=\" size-full wp-image-3 aligncenter\" title=\"Bastet\" src=\" http:\/\/amigosdelantiguoegipto.com\/wp-content\/uploads\/varios\/religion\/bastet\/03.jpg\" alt=\"Bastet\" width=\"132\" height=\"401\" align=\"middle\" border=\"0\" hspace=\"6\" \/><\/p>\n<p style=\"text-align: justify;\">Se identifica con algunas diosas del pante\u00f3n: Hathor, Sejmet, Tefnut, Mut, Uadyet o Pajet, compartiendo multitud de leyendas con algunas de estas deidades.<\/p>\n<p style=\"text-align: justify;\">Relacionada con Sejmet, Hathor y Tefnut, entr\u00f3 en el mito de la Diosa Lejana marchando a Nubia, donde tom\u00f3 el aspecto de una leona encolerizada identific\u00e1ndola con el Ojo de Ra. Esta leyenda se registra por primera vez en los muros de la tumba del fara\u00f3n Seti I, grab\u00e1ndose despu\u00e9s en muchos templos del Per\u00edodo Ptolemaico.<\/p>\n<p style=\"text-align: justify;\">En honor a esta diosa en la ciudad de Bubastis se celebraba \u201cLa Fiesta de la Embriaguez\u201d, donde se consum\u00eda vino en abundancia, se bailaba y se hac\u00eda sonar la m\u00fasica. Esta fiesta se realizaba para que la diosa Bastet se mostrara contenta y halagada, y de este modo no tomara el aspecto de una leona enfurecida.<\/p>\n<p class=\"img\"><img decoding=\"async\" loading=\"lazy\" class=\" size-full wp-image-5 aligncenter\" title=\"Bastet\" src=\" http:\/\/amigosdelantiguoegipto.com\/wp-content\/uploads\/varios\/religion\/bastet\/04.jpg\" alt=\"Bastet\" width=\"139\" height=\"257\" align=\"middle\" border=\"0\" hspace=\"6\" \/><\/p>\n<p style=\"text-align: justify;\">Su culto fue tan importante que en sus templos se criaron gatos que eran su representaci\u00f3n, y a la muerte de \u00e9stos, eran cuidadosamente momificados enterr\u00e1ndolos en tumbas espec\u00edficas para ellos. Encontramos algunas necr\u00f3polis de este tipo en Bubastis, Saqqara, Tanis, Beni Hassan y Tebas.<\/p>\n<p style=\"text-align: justify;\">El principal centro de culto donde se adoraba a la diosa Bastet se encontraba en Bubastis; pero tambi\u00e9n fue venerada en Menfis (asimilada a Sejmet), en Heli\u00f3polis (asimilada a Tefnut), en Tebas (asimilada a Mut), en Leont\u00f3polis y en Heracle\u00f3polis.<\/p>\n","protected":false},"excerpt":{"rendered":"<p>La religi\u00f3n y los dioses de Egipto Cristina Carracedo &#8211; Abril de 2001 Bastet, originaria de la ciudad de Bubastis, es la diosa guardiana del hogar y representa la fecundidad amorosa y los poderes beneficiosos del sol. Tambi\u00e9n simboliza el ojo de la luna. Est\u00e1 representada por una gata o mujer con cabeza de gata llevando un sistro en la&#8230;<\/p>\n<p class=\"continue-reading-button\"> <a class=\"continue-reading-link\" href=\"http:\/\/amigosdelantiguoegipto.com\/?page_id=8774\">Seguir leyendo<i class=\"crycon-right-dir\"><\/i><\/a><\/p>\n","protected":false},"author":1,"featured_media":0,"parent":0,"menu_order":8,"comment_status":"closed","ping_status":"closed","template":"","meta":{"ngg_post_thumbnail":0},"_links":{"self":[{"href":"http:\/\/amigosdelantiguoegipto.com\/index.php?rest_route=\/wp\/v2\/pages\/8774"}],"collection":[{"href":"http:\/\/amigosdelantiguoegipto.com\/index.php?rest_route=\/wp\/v2\/pages"}],"about":[{"href":"http:\/\/amigosdelantiguoegipto.com\/index.php?rest_route=\/wp\/v2\/types\/page"}],"author":[{"embeddable":true,"href":"http:\/\/amigosdelantiguoegipto.com\/index.php?rest_route=\/wp\/v2\/users\/1"}],"replies":[{"embeddable":true,"href":"http:\/\/amigosdelantiguoegipto.com\/index.php?rest_route=%2Fwp%2Fv2%2Fcomments&post=8774"}],"version-history":[{"count":0,"href":"http:\/\/amigosdelantiguoegipto.com\/index.php?rest_route=\/wp\/v2\/pages\/8774\/revisions"}],"wp:attachment":[{"href":"http:\/\/amigosdelantiguoegipto.com\/index.php?rest_route=%2Fwp%2Fv2%2Fmedia&parent=8774"}],"curies":[{"name":"wp","href":"https:\/\/api.w.org\/{rel}","templated":true}]}}