{"id":8711,"date":"2001-10-11T01:00:00","date_gmt":"2001-10-11T01:00:00","guid":{"rendered":"http:\/\/amigosdelantiguoegipto.com\/la-creacion-del-universo\/"},"modified":"2014-06-29T13:28:11","modified_gmt":"2014-06-29T13:28:11","slug":"la-creacion-del-universo","status":"publish","type":"page","link":"http:\/\/amigosdelantiguoegipto.com\/?page_id=8711","title":{"rendered":"La creaci\u00f3n del universo"},"content":{"rendered":"<p><a href=\"http:\/\/amigosdelantiguoegipto.com\/?p=8702\">Cuentos y<\/a><a href=\"http:\/\/amigosdelantiguoegipto.com\/?p=8702\"> ley<\/a><a href=\"http:\/\/amigosdelantiguoegipto.com\/?p=8702\">endas<\/a><\/p>\n<p style=\"text-align: right;\">Cristina Carracedo &#8211; Octubre de 2001<br \/>\nIlustraciones extra\u00eddas de Mitolog\u00edas, ed. Fleurus-Panini.<\/p>\n<p style=\"text-align: justify;\">Esta leyenda nos cuenta el misterio de la creaci\u00f3n del mundo, de d\u00f3nde posteriormente surgieron muchos mitos egipcios. \u00bfC\u00f3mo nacieron los dioses de Egipto? \u00bfC\u00f3mo fueron creados los hombres?<\/p>\n<h3 style=\"text-align: justify;\">El nacimiento de los Dioses<\/h3>\n<p style=\"text-align: justify;\">Al principio, en medio de las tinieblas, s\u00f3lo exist\u00eda un oc\u00e9ano infinito de aguas inm\u00f3viles, el cual se llamaba <strong>Nun<\/strong>. Y as\u00ed, de este oc\u00e9ano, emerge <strong>Am\u00f3n-Ra<\/strong>, el dios del Sol, sin padre ni madre. Ha nacido del oc\u00e9ano. Ha nacido el primer dios.<\/p>\n<div class=\"mosimage\" style=\"text-align: justify;\" align=\"center\">\n<div id=\"attachment_40\" style=\"width: 243px\" class=\"wp-caption aligncenter\"><img aria-describedby=\"caption-attachment-40\" decoding=\"async\" loading=\"lazy\" class=\"wp-image-40 size-full\" title=\"Am\u00f3n-Ra, el dios del Sol, nace del oc\u00e9ano Nun en la cima de la colina\" src=\"http:\/\/amigosdelantiguoegipto.com\/wp-content\/uploads\/varios\/cuentosyleyendas\/2001\/10\/amonra.jpg\" alt=\"Am\u00f3n-Ra, el dios del Sol, nace del oc\u00e9ano Nun en la cima de la colina\" width=\"233\" height=\"258\" border=\"0\" hspace=\"6\" \/><p id=\"caption-attachment-40\" class=\"wp-caption-text\">Am\u00f3n-Ra, el dios del Sol, nace del oc\u00e9ano Nun en la cima de la colina<\/p><\/div>\n<\/div>\n<p style=\"text-align: justify;\">Aparece en la cima de una colina saliendo de Nun y escupe a <strong>Shu<\/strong>, dios del aire, y a <strong>Tefnut<\/strong>, diosa de la humedad.. Y juntos engendran a <strong>Gueb<\/strong>, el dios de la tierra, y a <strong>Nut<\/strong>, la diosa del cielo&#8230; Y Gueb y Nut dan nacimiento a los dem\u00e1s dioses egipcios.<\/p>\n<p style=\"text-align: justify;\">De esta forma, nace el universo.<\/p>\n<p style=\"text-align: justify;\">Pero el oc\u00e9ano Nun no desaparece, sino que rodea el cielo. Ante esto, los egipcios temen que se vierta sobre la tierra inund\u00e1ndola. Por eso, ante este miedo que provoca esta situaci\u00f3n, representan este oc\u00e9ano con la forma de un lago sagrado junto a sus templos.<\/p>\n<h3 style=\"text-align: justify;\">El nacimiento de los hombres<\/h3>\n<p style=\"text-align: justify;\">Una vez que el universo est\u00e1 en su lugar, deben nacer los hombres, que despu\u00e9s ser\u00e1n faraones.<\/p>\n<div class=\"mosimage\" style=\"text-align: justify;\" align=\"center\">\n<div id=\"attachment_41\" style=\"width: 243px\" class=\"wp-caption aligncenter\"><img aria-describedby=\"caption-attachment-41\" decoding=\"async\" loading=\"lazy\" class=\"wp-image-41 size-full\" title=\"El dios Jnum modela a los hombres en su torno de alfarero\" src=\"http:\/\/amigosdelantiguoegipto.com\/wp-content\/uploads\/varios\/cuentosyleyendas\/2001\/10\/jnum.jpg\" alt=\"El dios Jnum modela a los hombres en su torno de alfarero\" width=\"233\" height=\"258\" border=\"0\" hspace=\"6\" \/><p id=\"caption-attachment-41\" class=\"wp-caption-text\">El dios Jnum modela a los hombres en su torno de alfarero<\/p><\/div>\n<\/div>\n<p style=\"text-align: justify;\">Los egipcios consideraron como creador de los hombres al dios con forma de carnero llamado <strong>Jnum<\/strong>. En su torno de alfarero fue modelando el cuerpo humano, y tambi\u00e9n su alma, preocup\u00e1ndose especialmente en formar a los futuros faraones, y darle su ka, es decir, su energ\u00eda vital.<\/p>\n","protected":false},"excerpt":{"rendered":"<p>Cuentos y leyendas Cristina Carracedo &#8211; Octubre de 2001 Ilustraciones extra\u00eddas de Mitolog\u00edas, ed. Fleurus-Panini. Esta leyenda nos cuenta el misterio de la creaci\u00f3n del mundo, de d\u00f3nde posteriormente surgieron muchos mitos egipcios. \u00bfC\u00f3mo nacieron los dioses de Egipto? \u00bfC\u00f3mo fueron creados los hombres? El nacimiento de los Dioses Al principio, en medio de las tinieblas, s\u00f3lo exist\u00eda un oc\u00e9ano&#8230;<\/p>\n<p class=\"continue-reading-button\"> <a class=\"continue-reading-link\" href=\"http:\/\/amigosdelantiguoegipto.com\/?page_id=8711\">Seguir leyendo<i class=\"crycon-right-dir\"><\/i><\/a><\/p>\n","protected":false},"author":1,"featured_media":0,"parent":0,"menu_order":8,"comment_status":"closed","ping_status":"closed","template":"","meta":{"ngg_post_thumbnail":0},"_links":{"self":[{"href":"http:\/\/amigosdelantiguoegipto.com\/index.php?rest_route=\/wp\/v2\/pages\/8711"}],"collection":[{"href":"http:\/\/amigosdelantiguoegipto.com\/index.php?rest_route=\/wp\/v2\/pages"}],"about":[{"href":"http:\/\/amigosdelantiguoegipto.com\/index.php?rest_route=\/wp\/v2\/types\/page"}],"author":[{"embeddable":true,"href":"http:\/\/amigosdelantiguoegipto.com\/index.php?rest_route=\/wp\/v2\/users\/1"}],"replies":[{"embeddable":true,"href":"http:\/\/amigosdelantiguoegipto.com\/index.php?rest_route=%2Fwp%2Fv2%2Fcomments&post=8711"}],"version-history":[{"count":0,"href":"http:\/\/amigosdelantiguoegipto.com\/index.php?rest_route=\/wp\/v2\/pages\/8711\/revisions"}],"wp:attachment":[{"href":"http:\/\/amigosdelantiguoegipto.com\/index.php?rest_route=%2Fwp%2Fv2%2Fmedia&parent=8711"}],"curies":[{"name":"wp","href":"https:\/\/api.w.org\/{rel}","templated":true}]}}