{"id":8592,"date":"2007-03-29T13:54:58","date_gmt":"2007-03-29T13:54:58","guid":{"rendered":"http:\/\/www.amigosdelantiguoegipto.com\/escolapios-de-pozuelo-2004-2005\/"},"modified":"2014-06-29T07:55:28","modified_gmt":"2014-06-29T07:55:28","slug":"escolapios-de-pozuelo-2004-2005","status":"publish","type":"page","link":"http:\/\/amigosdelantiguoegipto.com\/?page_id=8592","title":{"rendered":"Escolapios de Pozuelo (2004-2005)"},"content":{"rendered":"<p style=\"text-align: left;\"><a href=\"http:\/\/amigosdelantiguoegipto.com\/?p=8580%20\">Trabajos en Colegios e Instituciones<\/a><\/p>\n<p style=\"text-align: right;\">Cristina Carracedo &#8211; Marzo de 2007<\/p>\n<p class=\"centrar\" style=\"text-align: center;\"><img decoding=\"async\" loading=\"lazy\" class=\"aligncenter wp-image-181 size-full\" title=\"Escolapios de Pozuelo (2004-2005)\" src=\"http:\/\/amigosdelantiguoegipto.com\/wp-content\/uploads\/varios\/colegios\/2008\/05\/escolapios-logocole_azul.jpg\" alt=\"Escolapios de Pozuelo (2004-2005)\" width=\"162\" height=\"162\" border=\"0\" hspace=\"6\" \/><\/p>\n<p class=\"centrar\" style=\"text-align: center;\"><strong>Escuelas P\u00edas de San Fernando \u2013 Pozuelo de Alarc\u00f3n (Madrid)<\/strong><br \/>\n<a href=\"http:\/\/www.escuelaspias-td.es\/sanfernando\/\" target=\"_blank\">http:\/\/www.escuelaspias-td.es\/sanfernando\/<\/a><\/p>\n<p class=\"centrar\" style=\"text-align: center;\"><strong>Curso 2004\/2005<\/strong><br \/>\n<strong>E. Primaria 2\u00ba B<\/strong><\/p>\n<h3 style=\"text-align: justify;\">Martes, 24 de mayo<\/h3>\n<p style=\"text-align: justify;\">Est\u00e1bamos en clase con nuestra profe, la <strong>Srta. Ros<\/strong>, y mientras explicaba un tema de Conocimiento del Medio le comentamos que nos gustar\u00eda aprender algo sobre el antiguo Egipto, pues en otras ocasiones la madre de nuestra compa\u00f1era Alicia nos hab\u00eda contado muchas cosas sobre los egipcios.<br \/>\nComo est\u00e1bamos estudiando la agricultura, nos preguntamos c\u00f3mo ser\u00eda \u00e9sta en Egipto hace miles de a\u00f1os; as\u00ed que dedicamos un par de clases a aprender sobre este tema.<\/p>\n<p style=\"text-align: justify;\">Nos explicaron que en Egipto existe un gran r\u00edo, el Nilo. Y que un conocido historiador llamado <em>Herodoto<\/em> dijo: <em>\u201cEgipto es un don del Nilo\u201d<\/em>.<\/p>\n<p class=\"img\" style=\"text-align: justify;\"><img decoding=\"async\" loading=\"lazy\" class=\"aligncenter wp-image-134 size-full\" title=\"Escolapios de Pozuelo (2004-2005)\" src=\"http:\/\/amigosdelantiguoegipto.com\/wp-content\/uploads\/varios\/colegios\/2008\/05\/escolapios-01.jpg\" alt=\"Escolapios de Pozuelo (2004-2005)\" width=\"375\" height=\"500\" align=\"middle\" border=\"0\" hspace=\"6\" \/><\/p>\n<p style=\"text-align: justify;\">Este r\u00edo egipcio es la base de toda su agricultura, importante para la vida de los egipcios. Por eso, primero estudiamos el r\u00edo desde el Delta hasta la primera catarata, y supimos d\u00f3nde se encontraban las conocidas pir\u00e1mides de Guiza, d\u00f3nde estaba el Valle de los Reyes y d\u00f3nde estaba el famoso templo de Karnak.<\/p>\n<p style=\"text-align: justify;\">Hablamos de la \u201cTierra roja\u201d (<em>deshret<\/em>) que es el desierto, y de la \u201cTierra negra\u201d (<em>kemet<\/em>), que es el valle del Nilo. Al principio nos hac\u00eda mucha gracia, pero cuando entendimos que la tierra negra era el limo que serv\u00eda para enriquecer las orillas del r\u00edo y despu\u00e9s cultivarlas, empezamos a interesarnos cada vez m\u00e1s.<\/p>\n<div class=\"mosimage\" style=\"text-align: justify;\" align=\"center\">\n<div id=\"attachment_135\" style=\"width: 510px\" class=\"wp-caption aligncenter\"><img aria-describedby=\"caption-attachment-135\" decoding=\"async\" loading=\"lazy\" class=\"wp-image-135 size-full\" title=\"Canales de regad\u00edo\" src=\"http:\/\/amigosdelantiguoegipto.com\/wp-content\/uploads\/varios\/colegios\/2008\/05\/escolapios-02.jpg\" alt=\"Canales de regad\u00edo\" width=\"500\" height=\"309\" border=\"0\" hspace=\"6\" \/><p id=\"caption-attachment-135\" class=\"wp-caption-text\">Canales de regad\u00edo<\/p><\/div>\n<\/div>\n<p style=\"text-align: justify;\">Entonces nos contaron sobre la <em>crecida anual<\/em> que inundaba y fertilizaba el suelo de los campos cercanos al r\u00edo; y sobre el <em>sistema de canales de regad\u00edo<\/em> que conduc\u00edan las aguas del Nilo hasta los campos m\u00e1s alejados de las orillas.<br \/>\nY conocimos el <strong><em>shaduf<\/em><\/strong> que consist\u00eda en una palanca con un contrapeso colocado en un extremo y un cubo colgado del otro; este mecanismo permit\u00eda\u00a0 sacar agua del r\u00edo (esto es lo que m\u00e1s nos gust\u00f3, pues casi todos lo pintamos al final de la clase).<\/p>\n<table border=\"0\" width=\"650\" cellspacing=\"0\" cellpadding=\"0\" align=\"center\">\n<tbody>\n<tr>\n<td align=\"center\" width=\"49%\">\n<div class=\"mosimage\" align=\"center\">\n<p><img decoding=\"async\" loading=\"lazy\" class=\" size-full wp-image-136\" title=\"Shaduf\" src=\"http:\/\/amigosdelantiguoegipto.com\/wp-content\/uploads\/varios\/colegios\/2008\/05\/escolapios-03.jpg\" alt=\"Shaduf\" width=\"325\" height=\"266\" border=\"0\" hspace=\"6\" \/><\/p>\n<div class=\"mosimage_caption\" style=\"text-align: center;\" align=\"center\">Shaduf<\/div>\n<\/div>\n<\/td>\n<td width=\"10\"><\/td>\n<td align=\"center\" width=\"49%\">\n<div class=\"mosimage\" align=\"center\">\n<p><img decoding=\"async\" loading=\"lazy\" class=\" size-full wp-image-137\" title=\"Ganado\" src=\"http:\/\/amigosdelantiguoegipto.com\/wp-content\/uploads\/varios\/colegios\/2008\/05\/escolapios-04.jpg\" alt=\"Ganado\" width=\"325\" height=\"266\" border=\"0\" hspace=\"6\" \/><\/p>\n<div class=\"mosimage_caption\" style=\"text-align: center;\" align=\"center\">Ganado<\/div>\n<\/div>\n<\/td>\n<\/tr>\n<\/tbody>\n<\/table>\n<p style=\"text-align: justify;\">Tambi\u00e9n hablamos de los utensilios empleados para trabajar el campo, como el arado. Y aprendimos que animales como las vacas ayudaban en esta labor. Incluso varios compa\u00f1eros interpretaron esta situaci\u00f3n\u2026 \u00a1qu\u00e9 divertido! \u00a1Dos hac\u00edan de vacas y otro de campesino!<\/p>\n<p style=\"text-align: justify;\">As\u00ed que en verano, las aguas inundaban el valle. Hacia octubre, la tierra quedaba cubierta por una capa de limo negro y los agricultores pod\u00edan arar y sembrar productos como la cebada (para fabricar cerveza), el trigo (para hacer el pan) y\u00a0 el lino (para confeccionar prendas de vestir).<br \/>\nTras la siembra, los ni\u00f1os como nosotros ayudaban ahuyentando a los p\u00e1jaros para que no se llevaran el grano inmaduro; y cuando llegaba el momento de la recolecci\u00f3n, todos los miembros de la familia colaboraban.<\/p>\n<p style=\"text-align: justify;\">Y por \u00faltimo, nos presentaron a unos dioses relacionados con el Nilo y la agricultura: la diosa <strong><em>Renenutet<\/em><\/strong>, protectora de los campos y de las cosechas, y el dios <strong><em>Hapy<\/em><\/strong>, que personifica al Nilo.<\/p>\n<p style=\"text-align: justify;\">Al final de la clase hicimos un dibujo sobre lo que m\u00e1s nos hab\u00eda gustado, y casi todos pintamos un <em>shaduf<\/em>.<\/p>\n<div class=\"mosimage\" style=\"text-align: justify;\" align=\"center\">\n<div id=\"attachment_138\" style=\"width: 385px\" class=\"wp-caption aligncenter\"><img aria-describedby=\"caption-attachment-138\" decoding=\"async\" loading=\"lazy\" class=\"wp-image-138 size-full\" title=\"Dibujo realizado por Jaime\" src=\"http:\/\/amigosdelantiguoegipto.com\/wp-content\/uploads\/varios\/colegios\/2008\/05\/escolapios-05.jpg\" alt=\"Dibujo realizado por Jaime\" width=\"375\" height=\"500\" border=\"0\" hspace=\"6\" \/><p id=\"caption-attachment-138\" class=\"wp-caption-text\">Dibujo realizado por Jaime.<\/p><\/div>\n<\/div>\n<div class=\"mosimage\" style=\"text-align: justify;\" align=\"center\">\n<div id=\"attachment_139\" style=\"width: 610px\" class=\"wp-caption aligncenter\"><img aria-describedby=\"caption-attachment-139\" decoding=\"async\" loading=\"lazy\" class=\"wp-image-139 size-full\" title=\"Dibujo realizado por Alicia G\" src=\"http:\/\/amigosdelantiguoegipto.com\/wp-content\/uploads\/varios\/colegios\/2008\/05\/escolapios-06.jpg\" alt=\"Dibujo realizado por Alicia G\" width=\"600\" height=\"483\" border=\"0\" hspace=\"6\" \/><p id=\"caption-attachment-139\" class=\"wp-caption-text\">Dibujo realizado por Alicia G.<\/p><\/div>\n<\/div>\n<h3 style=\"text-align: justify;\">Mi\u00e9rcoles, 25 de mayo<\/h3>\n<p style=\"text-align: justify;\">Y como nos portamos muy bien, al d\u00eda siguiente dimos una clase especial. Nos dejaron elegir un tema sobre Egipto y elegimos: las <strong>momias<\/strong>.<\/p>\n<p style=\"text-align: justify;\">Hicimos muchas preguntas: \u00bfQu\u00e9 son? \u00bfPara qu\u00e9 serv\u00edan? \u00bfD\u00f3nde se enterraban? \u00bfC\u00f3mo era la decoraci\u00f3n de las tumbas y de los sarc\u00f3fagos? \u00bfQu\u00e9 funci\u00f3n ten\u00edan los dioses?<\/p>\n<p style=\"text-align: justify;\">Nos contaron la historia de Osiris y su malvado hermano Seth, y c\u00f3mo con ayuda de Isis, el dios Osiris se convirti\u00f3 en uno de los dioses m\u00e1s importantes siendo el rey del M\u00e1s All\u00e1.<\/p>\n<table border=\"0\" width=\"650\" cellspacing=\"0\" cellpadding=\"0\" align=\"center\">\n<tbody>\n<tr>\n<td align=\"center\" width=\"49%\"><img decoding=\"async\" loading=\"lazy\" class=\" size-full wp-image-140\" title=\"Escolapios de Pozuelo (2004-2005)\" src=\"http:\/\/amigosdelantiguoegipto.com\/wp-content\/uploads\/varios\/colegios\/2008\/05\/escolapios-07.jpg\" alt=\"Escolapios de Pozuelo (2004-2005)\" width=\"325\" height=\"244\" border=\"0\" hspace=\"6\" \/><\/td>\n<td width=\"10\"><\/td>\n<td align=\"center\" width=\"49%\"><img decoding=\"async\" loading=\"lazy\" class=\" size-full wp-image-141 aligncenter\" title=\"Escolapios de Pozuelo (2004-2005)\" src=\"http:\/\/amigosdelantiguoegipto.com\/wp-content\/uploads\/varios\/colegios\/2008\/05\/escolapios-08.jpg\" alt=\"Escolapios de Pozuelo (2004-2005)\" width=\"325\" height=\"244\" border=\"0\" hspace=\"6\" \/><\/td>\n<\/tr>\n<\/tbody>\n<\/table>\n<p style=\"text-align: justify;\">Y al terminar la explicaci\u00f3n, hicimos una actividad muy divertida. Coloreamos y recortamos una momia y su sarc\u00f3fago, y le pusimos nuestra foto. Al abrir la tapa del sarc\u00f3fago\u2026 \u00a1sorpresa! \u00a1Nos hab\u00edamos transformados en momias!<\/p>\n<table border=\"0\" width=\"650\" cellspacing=\"0\" cellpadding=\"0\" align=\"center\">\n<tbody>\n<tr>\n<td align=\"center\" width=\"49%\"><img decoding=\"async\" loading=\"lazy\" class=\" size-full wp-image-142\" title=\"Escolapios de Pozuelo (2004-2005)\" src=\"http:\/\/amigosdelantiguoegipto.com\/wp-content\/uploads\/varios\/colegios\/2008\/05\/escolapios-09.jpg\" alt=\"Escolapios de Pozuelo (2004-2005)\" width=\"325\" height=\"244\" border=\"0\" hspace=\"6\" \/><\/td>\n<td width=\"10\"><\/td>\n<td align=\"center\" width=\"49%\"><img decoding=\"async\" loading=\"lazy\" class=\" size-full wp-image-143\" title=\"Escolapios de Pozuelo (2004-2005)\" src=\"http:\/\/amigosdelantiguoegipto.com\/wp-content\/uploads\/varios\/colegios\/2008\/05\/escolapios-10.jpg\" alt=\"Escolapios de Pozuelo (2004-2005)\" width=\"325\" height=\"244\" border=\"0\" hspace=\"6\" \/><\/td>\n<\/tr>\n<tr>\n<td colspan=\"3\"><\/td>\n<\/tr>\n<tr>\n<td colspan=\"3\" align=\"center\"><img decoding=\"async\" loading=\"lazy\" class=\" size-full wp-image-144 aligncenter\" title=\"Escolapios de Pozuelo (2004-2005)\" src=\"http:\/\/amigosdelantiguoegipto.com\/wp-content\/uploads\/varios\/colegios\/2008\/05\/escolapios-11.jpg\" alt=\"Escolapios de Pozuelo (2004-2005)\" width=\"325\" height=\"244\" border=\"0\" hspace=\"6\" \/><\/td>\n<\/tr>\n<\/tbody>\n<\/table>\n<h3 style=\"text-align: justify;\">Jueves, 23 de junio<\/h3>\n<p style=\"text-align: justify;\">Un mes despu\u00e9s y para celebrar que el curso acababa, colgamos en el corcho de clase algunos trabajos para recordar lo que hab\u00edamos aprendido sobre el antiguo Egipto.<\/p>\n<table border=\"0\" width=\"650\" cellspacing=\"0\" cellpadding=\"0\" align=\"center\">\n<tbody>\n<tr>\n<td align=\"center\" width=\"49%\"><img decoding=\"async\" loading=\"lazy\" class=\" size-full wp-image-145\" title=\"Escolapios de Pozuelo (2004-2005)\" src=\"http:\/\/amigosdelantiguoegipto.com\/wp-content\/uploads\/varios\/colegios\/2008\/05\/escolapios-12.jpg\" alt=\"Escolapios de Pozuelo (2004-2005)\" width=\"325\" height=\"244\" border=\"0\" hspace=\"6\" \/><\/td>\n<td width=\"10\"><\/td>\n<td align=\"center\" width=\"49%\"><img decoding=\"async\" loading=\"lazy\" class=\" size-full wp-image-147\" title=\"Escolapios de Pozuelo (2004-2005)\" src=\"http:\/\/amigosdelantiguoegipto.com\/wp-content\/uploads\/varios\/colegios\/2008\/05\/escolapios-15.jpg\" alt=\"Escolapios de Pozuelo (2004-2005)\" width=\"325\" height=\"244\" border=\"0\" hspace=\"6\" \/><\/td>\n<\/tr>\n<tr>\n<td colspan=\"3\"><\/td>\n<\/tr>\n<tr>\n<td align=\"center\"><img decoding=\"async\" loading=\"lazy\" class=\" size-full wp-image-148\" title=\"Escolapios de Pozuelo (2004-2005)\" src=\"http:\/\/amigosdelantiguoegipto.com\/wp-content\/uploads\/varios\/colegios\/2008\/05\/escolapios-13.jpg\" alt=\"Escolapios de Pozuelo (2004-2005)\" width=\"325\" height=\"433\" border=\"0\" hspace=\"6\" \/><\/td>\n<td><\/td>\n<td align=\"center\"><img decoding=\"async\" loading=\"lazy\" class=\" size-full wp-image-146 aligncenter\" title=\"Escolapios de Pozuelo (2004-2005)\" src=\"http:\/\/amigosdelantiguoegipto.com\/wp-content\/uploads\/varios\/colegios\/2008\/05\/escolapios-14.jpg\" alt=\"Escolapios de Pozuelo (2004-2005)\" width=\"325\" height=\"433\" border=\"0\" hspace=\"6\" \/><\/td>\n<\/tr>\n<\/tbody>\n<\/table>\n<p style=\"text-align: justify;\">Y nos adornamos como aut\u00e9nticos egipcios: nemes, collares, \u00fareus, etc. \u00a1Qu\u00e9 experiencia tan divertida!<\/p>\n<table border=\"0\" width=\"650\" cellspacing=\"0\" cellpadding=\"0\" align=\"center\">\n<tbody>\n<tr style=\"text-align: justify;\">\n<td align=\"center\" width=\"49%\"><img decoding=\"async\" loading=\"lazy\" class=\"aligncenter wp-image-149 size-full\" title=\"Escolapios de Pozuelo (2004-2005)\" src=\"http:\/\/amigosdelantiguoegipto.com\/wp-content\/uploads\/varios\/colegios\/2008\/05\/escolapios-16.jpg\" alt=\"Escolapios de Pozuelo (2004-2005)\" width=\"325\" height=\"244\" border=\"0\" hspace=\"6\" \/><\/td>\n<td width=\"10\"><\/td>\n<td align=\"center\" width=\"49%\"><img decoding=\"async\" loading=\"lazy\" class=\"aligncenter wp-image-150 size-full\" title=\"Escolapios de Pozuelo (2004-2005)\" src=\"http:\/\/amigosdelantiguoegipto.com\/wp-content\/uploads\/varios\/colegios\/2008\/05\/escolapios-17.jpg\" alt=\"Escolapios de Pozuelo (2004-2005)\" width=\"325\" height=\"244\" border=\"0\" hspace=\"6\" \/><\/td>\n<\/tr>\n<tr style=\"text-align: justify;\">\n<td colspan=\"3\"><\/td>\n<\/tr>\n<tr>\n<td style=\"text-align: justify;\" align=\"center\"><img decoding=\"async\" loading=\"lazy\" class=\"aligncenter wp-image-151 size-full\" title=\"Escolapios de Pozuelo (2004-2005)\" src=\"http:\/\/amigosdelantiguoegipto.com\/wp-content\/uploads\/varios\/colegios\/2008\/05\/escolapios-18.jpg\" alt=\"Escolapios de Pozuelo (2004-2005)\" width=\"325\" height=\"433\" border=\"0\" hspace=\"6\" \/><\/td>\n<td style=\"text-align: justify;\"><\/td>\n<td align=\"center\"><img decoding=\"async\" loading=\"lazy\" class=\" size-full wp-image-152 aligncenter\" title=\"Escolapios de Pozuelo (2004-2005)\" src=\"http:\/\/amigosdelantiguoegipto.com\/wp-content\/uploads\/varios\/colegios\/2008\/05\/escolapios-19.jpg\" alt=\"Escolapios de Pozuelo (2004-2005)\" width=\"325\" height=\"433\" border=\"0\" hspace=\"6\" \/><\/td>\n<\/tr>\n<\/tbody>\n<\/table>\n","protected":false},"excerpt":{"rendered":"<p>Trabajos en Colegios e Instituciones Cristina Carracedo &#8211; Marzo de 2007 Escuelas P\u00edas de San Fernando \u2013 Pozuelo de Alarc\u00f3n (Madrid) http:\/\/www.escuelaspias-td.es\/sanfernando\/ Curso 2004\/2005 E. Primaria 2\u00ba B Martes, 24 de mayo Est\u00e1bamos en clase con nuestra profe, la Srta. Ros, y mientras explicaba un tema de Conocimiento del Medio le comentamos que nos gustar\u00eda aprender algo sobre el antiguo&#8230;<\/p>\n<p class=\"continue-reading-button\"> <a class=\"continue-reading-link\" href=\"http:\/\/amigosdelantiguoegipto.com\/?page_id=8592\">Seguir leyendo<i class=\"crycon-right-dir\"><\/i><\/a><\/p>\n","protected":false},"author":1,"featured_media":0,"parent":0,"menu_order":8,"comment_status":"closed","ping_status":"closed","template":"","meta":{"ngg_post_thumbnail":0},"_links":{"self":[{"href":"http:\/\/amigosdelantiguoegipto.com\/index.php?rest_route=\/wp\/v2\/pages\/8592"}],"collection":[{"href":"http:\/\/amigosdelantiguoegipto.com\/index.php?rest_route=\/wp\/v2\/pages"}],"about":[{"href":"http:\/\/amigosdelantiguoegipto.com\/index.php?rest_route=\/wp\/v2\/types\/page"}],"author":[{"embeddable":true,"href":"http:\/\/amigosdelantiguoegipto.com\/index.php?rest_route=\/wp\/v2\/users\/1"}],"replies":[{"embeddable":true,"href":"http:\/\/amigosdelantiguoegipto.com\/index.php?rest_route=%2Fwp%2Fv2%2Fcomments&post=8592"}],"version-history":[{"count":0,"href":"http:\/\/amigosdelantiguoegipto.com\/index.php?rest_route=\/wp\/v2\/pages\/8592\/revisions"}],"wp:attachment":[{"href":"http:\/\/amigosdelantiguoegipto.com\/index.php?rest_route=%2Fwp%2Fv2%2Fmedia&parent=8592"}],"curies":[{"name":"wp","href":"https:\/\/api.w.org\/{rel}","templated":true}]}}