{"id":8591,"date":"2008-03-25T21:54:52","date_gmt":"2008-03-25T21:54:52","guid":{"rendered":"http:\/\/www.amigosdelantiguoegipto.com\/ceip-sant-marti-de-torrelles-de-llobregat\/"},"modified":"2014-06-29T07:02:15","modified_gmt":"2014-06-29T07:02:15","slug":"ceip-sant-marti-de-torrelles-de-llobregat","status":"publish","type":"page","link":"http:\/\/amigosdelantiguoegipto.com\/?page_id=8591","title":{"rendered":"CEIP Sant Mart\u00ed de Torrelles de Llobregat"},"content":{"rendered":"<p><a href=\"http:\/\/amigosdelantiguoegipto.com\/?p=8580%20\">Trabajos en Colegios e Instituciones<\/a><\/p>\n<p style=\"text-align: right;\"><span class=\"createby\">Laura Soneira Cort\u00e9s<\/span> &#8211; MArzo de 2008<\/p>\n<h3 style=\"text-align: center;\">Jornadas culturales &#8211; abril de 2007<\/h3>\n<p style=\"text-align: center;\">CEIP Sant Mart\u00ed de Torrelles de Llobregat (Barcelona)<br \/>\n5\u00ba y 6\u00ba Ed. Primaria<br \/>\nProfesora: Laura Soneira Cort\u00e9s<\/p>\n<p>&nbsp;<\/p>\n<p style=\"text-align: justify;\">Los alumnos han disfrutado mucho porque conoc\u00edan muy poco sobre el antiguo Egipto.<\/p>\n<p style=\"text-align: justify;\">El martes por la tarde les pasamos una unidad did\u00e1ctica sobre Egipto, preparado para su nivel (ciclo superior) y un montaje de video del Canal Historia.<\/p>\n<p style=\"text-align: justify;\">Mi\u00e9rcoles se hicieron tres talleres donde por grupos iban rotando, que dur\u00f3 todo el d\u00eda. Los talleres consist\u00edan en: hacer un friso para las paredes de la escuela con motivos egipcios, otro taller era una webquest y otro de estampaci\u00f3n de camisetas.<\/p>\n<table border=\"0\" cellpadding=\"6\" align=\"center\">\n<tbody>\n<tr align=\"center\">\n<td><img decoding=\"async\" loading=\"lazy\" class=\" size-full wp-image-159\" title=\"CEIP Sant Mart\u00ed de Torrelles de Llobregat\" src=\"http:\/\/amigosdelantiguoegipto.com\/wp-content\/uploads\/varios\/colegios\/2008\/03\/santmarti_001.jpg\" alt=\"CEIP Sant Mart\u00ed de Torrelles de Llobregat\" width=\"350\" height=\"263\" border=\"0\" hspace=\"6\" \/><\/td>\n<td><img decoding=\"async\" loading=\"lazy\" class=\" size-full wp-image-160\" title=\"CEIP Sant Mart\u00ed de Torrelles de Llobregat\" src=\"http:\/\/amigosdelantiguoegipto.com\/wp-content\/uploads\/varios\/colegios\/2008\/03\/santmarti_002.jpg\" alt=\"CEIP Sant Mart\u00ed de Torrelles de Llobregat\" width=\"350\" height=\"263\" border=\"0\" hspace=\"6\" \/><\/td>\n<\/tr>\n<tr align=\"center\">\n<td><img decoding=\"async\" loading=\"lazy\" class=\" size-full wp-image-161 aligncenter\" title=\"CEIP Sant Mart\u00ed de Torrelles de Llobregat\" src=\"http:\/\/amigosdelantiguoegipto.com\/wp-content\/uploads\/varios\/colegios\/2008\/03\/santmarti_003.jpg\" alt=\"CEIP Sant Mart\u00ed de Torrelles de Llobregat\" width=\"350\" height=\"233\" border=\"0\" hspace=\"6\" \/><\/td>\n<td><img decoding=\"async\" loading=\"lazy\" class=\" size-full wp-image-162\" title=\"CEIP Sant Mart\u00ed de Torrelles de Llobregat\" src=\"http:\/\/amigosdelantiguoegipto.com\/wp-content\/uploads\/varios\/colegios\/2008\/03\/santmarti_004.jpg\" alt=\"CEIP Sant Mart\u00ed de Torrelles de Llobregat\" width=\"350\" height=\"233\" border=\"0\" hspace=\"6\" \/><\/td>\n<\/tr>\n<\/tbody>\n<\/table>\n<p style=\"text-align: justify;\">El jueves por la ma\u00f1ana fuimos al Museo de Arqueolog\u00eda, ya que nos quedamos sin fecha para poder ir al Museo Egipcio (una pena). All\u00ed aprendieron a escribir su nombre en jerogl\u00edfico y les explicaron un poco sobre la escritura: metodolog\u00eda, soportes&#8230; y despu\u00e9s hicieron un peque\u00f1o taller sobre Tutankam\u00f3n.<\/p>\n<p class=\"img\"><img decoding=\"async\" loading=\"lazy\" class=\" size-full wp-image-163 aligncenter\" title=\"CEIP Sant Mart\u00ed de Torrelles de Llobregat\" src=\"http:\/\/amigosdelantiguoegipto.com\/wp-content\/uploads\/varios\/colegios\/2008\/03\/santmarti_005.jpg\" alt=\"CEIP Sant Mart\u00ed de Torrelles de Llobregat\" width=\"500\" height=\"333\" border=\"0\" hspace=\"6\" \/><\/p>\n<p style=\"text-align: justify;\">Por la tarde cada clase ten\u00eda una lectura sobre diferentes historias de Egipto para hacer una representaci\u00f3n. Las le\u00edmos (en mi clase fue una de las leyendas de la p\u00e1gina de la Secci\u00f3n de Egipto para Ni\u00f1os de AE, sobre la infancia de Horus: \u201cHarp\u00f3crates en peligro\u201d) y pensamos en c\u00f3mo se podr\u00eda preparar en teatro.<\/p>\n<table border=\"0\" cellpadding=\"6\" align=\"center\">\n<tbody>\n<tr align=\"center\">\n<td><img decoding=\"async\" loading=\"lazy\" class=\" size-full wp-image-164\" title=\"CEIP Sant Mart\u00ed de Torrelles de Llobregat\" src=\"http:\/\/amigosdelantiguoegipto.com\/wp-content\/uploads\/varios\/colegios\/2008\/03\/santmarti_006.jpg\" alt=\"CEIP Sant Mart\u00ed de Torrelles de Llobregat\" width=\"350\" height=\"263\" border=\"0\" hspace=\"6\" \/><\/td>\n<td><img decoding=\"async\" loading=\"lazy\" class=\" size-full wp-image-165\" title=\"CEIP Sant Mart\u00ed de Torrelles de Llobregat\" src=\"http:\/\/amigosdelantiguoegipto.com\/wp-content\/uploads\/varios\/colegios\/2008\/03\/santmarti_007.jpg\" alt=\"CEIP Sant Mart\u00ed de Torrelles de Llobregat\" width=\"350\" height=\"263\" border=\"0\" hspace=\"6\" \/><\/td>\n<\/tr>\n<tr>\n<td colspan=\"2\" align=\"center\"><img decoding=\"async\" loading=\"lazy\" class=\" size-full wp-image-166\" title=\"CEIP Sant Mart\u00ed de Torrelles de Llobregat\" src=\"http:\/\/amigosdelantiguoegipto.com\/wp-content\/uploads\/varios\/colegios\/2008\/03\/santmarti_008.jpg\" alt=\"CEIP Sant Mart\u00ed de Torrelles de Llobregat\" width=\"400\" height=\"300\" border=\"0\" hspace=\"6\" \/><\/td>\n<\/tr>\n<\/tbody>\n<\/table>\n<p style=\"text-align: justify;\">Viernes por la ma\u00f1ana estuvimos ensayando la obra y preparando decorados y por la tarde en el patio principal de la escuela todos los cursos montaban una exposici\u00f3n para ense\u00f1ar lo que hab\u00edan trabajado y el ciclo superior aprovech\u00f3 para representar sus obras.<\/p>\n<table border=\"0\" cellpadding=\"6\" align=\"center\">\n<tbody>\n<tr align=\"center\">\n<td><img decoding=\"async\" loading=\"lazy\" class=\" size-full wp-image-167\" title=\"CEIP Sant Mart\u00ed de Torrelles de Llobregat\" src=\"http:\/\/amigosdelantiguoegipto.com\/wp-content\/uploads\/varios\/colegios\/2008\/03\/santmarti_009.jpg\" alt=\"CEIP Sant Mart\u00ed de Torrelles de Llobregat\" width=\"350\" height=\"467\" border=\"0\" hspace=\"6\" \/><\/td>\n<td><img decoding=\"async\" loading=\"lazy\" class=\" size-full wp-image-168\" title=\"CEIP Sant Mart\u00ed de Torrelles de Llobregat\" src=\"http:\/\/amigosdelantiguoegipto.com\/wp-content\/uploads\/varios\/colegios\/2008\/03\/santmarti_010.jpg\" alt=\"CEIP Sant Mart\u00ed de Torrelles de Llobregat\" width=\"350\" height=\"467\" border=\"0\" hspace=\"6\" \/><\/td>\n<\/tr>\n<tr align=\"center\">\n<td><img decoding=\"async\" loading=\"lazy\" class=\" size-full wp-image-169 aligncenter\" title=\"CEIP Sant Mart\u00ed de Torrelles de Llobregat\" src=\"http:\/\/amigosdelantiguoegipto.com\/wp-content\/uploads\/varios\/colegios\/2008\/03\/santmarti_012.jpg\" alt=\"CEIP Sant Mart\u00ed de Torrelles de Llobregat\" width=\"350\" height=\"524\" border=\"0\" hspace=\"6\" \/><\/td>\n<td><img decoding=\"async\" loading=\"lazy\" class=\" size-full wp-image-170\" title=\"CEIP Sant Mart\u00ed de Torrelles de Llobregat\" src=\"http:\/\/amigosdelantiguoegipto.com\/wp-content\/uploads\/varios\/colegios\/2008\/03\/santmarti_013.jpg\" alt=\"CEIP Sant Mart\u00ed de Torrelles de Llobregat\" width=\"350\" height=\"524\" border=\"0\" hspace=\"6\" \/><\/td>\n<\/tr>\n<tr>\n<td colspan=\"2\" align=\"center\"><img decoding=\"async\" loading=\"lazy\" class=\" size-full wp-image-171\" title=\"CEIP Sant Mart\u00ed de Torrelles de Llobregat\" src=\"http:\/\/amigosdelantiguoegipto.com\/wp-content\/uploads\/varios\/colegios\/2008\/03\/santmarti_011.jpg\" alt=\"CEIP Sant Mart\u00ed de Torrelles de Llobregat\" width=\"500\" height=\"375\" border=\"0\" hspace=\"6\" \/><\/td>\n<\/tr>\n<\/tbody>\n<\/table>\n<p style=\"text-align: justify;\">En general ha sido muy interesante trabajar el tema con ellos no s\u00f3lo porque se mostraban muy motivados, sino porque no es un tema curricular y as\u00ed pueden aprender algo que quiz\u00e1s en su escolaridad no trabajen y les puede aportar muchas cosas a nivel personal.<\/p>\n","protected":false},"excerpt":{"rendered":"<p>Trabajos en Colegios e Instituciones Laura Soneira Cort\u00e9s &#8211; MArzo de 2008 Jornadas culturales &#8211; abril de 2007 CEIP Sant Mart\u00ed de Torrelles de Llobregat (Barcelona) 5\u00ba y 6\u00ba Ed. Primaria Profesora: Laura Soneira Cort\u00e9s &nbsp; Los alumnos han disfrutado mucho porque conoc\u00edan muy poco sobre el antiguo Egipto. El martes por la tarde les pasamos una unidad did\u00e1ctica sobre&#8230;<\/p>\n<p class=\"continue-reading-button\"> <a class=\"continue-reading-link\" href=\"http:\/\/amigosdelantiguoegipto.com\/?page_id=8591\">Seguir leyendo<i class=\"crycon-right-dir\"><\/i><\/a><\/p>\n","protected":false},"author":1,"featured_media":0,"parent":0,"menu_order":6,"comment_status":"closed","ping_status":"closed","template":"","meta":{"ngg_post_thumbnail":0},"_links":{"self":[{"href":"http:\/\/amigosdelantiguoegipto.com\/index.php?rest_route=\/wp\/v2\/pages\/8591"}],"collection":[{"href":"http:\/\/amigosdelantiguoegipto.com\/index.php?rest_route=\/wp\/v2\/pages"}],"about":[{"href":"http:\/\/amigosdelantiguoegipto.com\/index.php?rest_route=\/wp\/v2\/types\/page"}],"author":[{"embeddable":true,"href":"http:\/\/amigosdelantiguoegipto.com\/index.php?rest_route=\/wp\/v2\/users\/1"}],"replies":[{"embeddable":true,"href":"http:\/\/amigosdelantiguoegipto.com\/index.php?rest_route=%2Fwp%2Fv2%2Fcomments&post=8591"}],"version-history":[{"count":0,"href":"http:\/\/amigosdelantiguoegipto.com\/index.php?rest_route=\/wp\/v2\/pages\/8591\/revisions"}],"wp:attachment":[{"href":"http:\/\/amigosdelantiguoegipto.com\/index.php?rest_route=%2Fwp%2Fv2%2Fmedia&parent=8591"}],"curies":[{"name":"wp","href":"https:\/\/api.w.org\/{rel}","templated":true}]}}