{"id":8522,"date":"2005-03-24T01:00:00","date_gmt":"2005-03-24T01:00:00","guid":{"rendered":"http:\/\/www.amigosdelantiguoegipto.com\/pedro-pulido-crenes\/"},"modified":"2014-06-28T12:52:04","modified_gmt":"2014-06-28T12:52:04","slug":"pedro-pulido-crenes-2","status":"publish","type":"page","link":"http:\/\/amigosdelantiguoegipto.com\/?page_id=8522","title":{"rendered":"Dibujos de Pedro Pulido Crenes"},"content":{"rendered":"<p class=\"centrar\"><a href=\"http:\/\/amigosdelantiguoegipto.com\/?p=8324%20\">Tus dibujos de 8 a 12 a\u00f1os<\/a><\/p>\n<p class=\"centrar\" style=\"text-align: right;\">Pedro Pulido Crenes 9 a\u00f1os (Madrid &#8211; Espa\u00f1a) &#8211;\u00a0<span class=\"createdate\">Marzo de 2005<\/span><\/p>\n<div class=\"mosimage\" style=\"float: center;\" align=\"center\">\n<div id=\"attachment_16\" style=\"width: 447px\" class=\"wp-caption aligncenter\"><img aria-describedby=\"caption-attachment-16\" decoding=\"async\" loading=\"lazy\" class=\"wp-image-16 size-full\" title=\"Vaso Canopo. (Duamutef)\" src=\"http:\/\/www.amigosdelantiguoegipto.com\/wp-content\/uploads\/varios\/dibujos8-12\/2005\/03\/pedro_egipto.jpg\" alt=\"Vaso Canopo. (Duamutef)\" width=\"437\" height=\"700\" border=\"0\" hspace=\"6\" \/><p id=\"caption-attachment-16\" class=\"wp-caption-text\">Vaso Canopo. (Duamutef)<\/p><\/div>\n<\/div>\n","protected":false},"excerpt":{"rendered":"<p>Tus dibujos de 8 a 12 a\u00f1os Pedro Pulido Crenes 9 a\u00f1os (Madrid &#8211; Espa\u00f1a) &#8211;\u00a0Marzo de 2005<\/p>\n<p class=\"continue-reading-button\"> <a class=\"continue-reading-link\" href=\"http:\/\/amigosdelantiguoegipto.com\/?page_id=8522\">Seguir leyendo<i class=\"crycon-right-dir\"><\/i><\/a><\/p>\n","protected":false},"author":1,"featured_media":0,"parent":0,"menu_order":6,"comment_status":"closed","ping_status":"closed","template":"","meta":{"ngg_post_thumbnail":0},"_links":{"self":[{"href":"http:\/\/amigosdelantiguoegipto.com\/index.php?rest_route=\/wp\/v2\/pages\/8522"}],"collection":[{"href":"http:\/\/amigosdelantiguoegipto.com\/index.php?rest_route=\/wp\/v2\/pages"}],"about":[{"href":"http:\/\/amigosdelantiguoegipto.com\/index.php?rest_route=\/wp\/v2\/types\/page"}],"author":[{"embeddable":true,"href":"http:\/\/amigosdelantiguoegipto.com\/index.php?rest_route=\/wp\/v2\/users\/1"}],"replies":[{"embeddable":true,"href":"http:\/\/amigosdelantiguoegipto.com\/index.php?rest_route=%2Fwp%2Fv2%2Fcomments&post=8522"}],"version-history":[{"count":0,"href":"http:\/\/amigosdelantiguoegipto.com\/index.php?rest_route=\/wp\/v2\/pages\/8522\/revisions"}],"wp:attachment":[{"href":"http:\/\/amigosdelantiguoegipto.com\/index.php?rest_route=%2Fwp%2Fv2%2Fmedia&parent=8522"}],"curies":[{"name":"wp","href":"https:\/\/api.w.org\/{rel}","templated":true}]}}