{"id":8521,"date":"2009-03-22T11:43:23","date_gmt":"2009-03-22T11:43:23","guid":{"rendered":"http:\/\/www.amigosdelantiguoegipto.com\/jaime-lopez-ruiz\/"},"modified":"2014-06-28T13:03:21","modified_gmt":"2014-06-28T13:03:21","slug":"jaime-lopez-ruiz","status":"publish","type":"page","link":"http:\/\/amigosdelantiguoegipto.com\/?page_id=8521","title":{"rendered":"Dibujos de Jaime L\u00f3pez Ruiz"},"content":{"rendered":"<p class=\"centrar\"><a href=\"http:\/\/amigosdelantiguoegipto.com\/?p=8324%20\">Tus dibujos de 8 a 12 a\u00f1os<\/a><\/p>\n<p class=\"centrar\" style=\"text-align: right;\">Jaime L\u00f3pez Ruiz 9 a\u00f1os Lorca (Murcia &#8211; Espa\u00f1a) &#8211; <span class=\"createdate\">Marzo de 2009 <\/span><\/p>\n<div style=\"width: 610px\" class=\"wp-caption aligncenter\"><img decoding=\"async\" loading=\"lazy\" class=\"caption\" title=\"El fara\u00f3n de Egipto\" src=\"http:\/\/www.amigosdelantiguoegipto.com\/wp-content\/uploads\/varios\/dibujos8-12\/2009\/03\/jaime_lopez_ruiz.jpg\" alt=\"El fara\u00f3n de Egipto\" width=\"600\" height=\"558\" \/><p class=\"wp-caption-text\">El fara\u00f3n de Egipto<\/p><\/div>\n","protected":false},"excerpt":{"rendered":"<p>Tus dibujos de 8 a 12 a\u00f1os Jaime L\u00f3pez Ruiz 9 a\u00f1os Lorca (Murcia &#8211; Espa\u00f1a) &#8211; Marzo de 2009<\/p>\n<p class=\"continue-reading-button\"> <a class=\"continue-reading-link\" href=\"http:\/\/amigosdelantiguoegipto.com\/?page_id=8521\">Seguir leyendo<i class=\"crycon-right-dir\"><\/i><\/a><\/p>\n","protected":false},"author":1,"featured_media":0,"parent":0,"menu_order":4,"comment_status":"closed","ping_status":"closed","template":"","meta":{"ngg_post_thumbnail":0},"_links":{"self":[{"href":"http:\/\/amigosdelantiguoegipto.com\/index.php?rest_route=\/wp\/v2\/pages\/8521"}],"collection":[{"href":"http:\/\/amigosdelantiguoegipto.com\/index.php?rest_route=\/wp\/v2\/pages"}],"about":[{"href":"http:\/\/amigosdelantiguoegipto.com\/index.php?rest_route=\/wp\/v2\/types\/page"}],"author":[{"embeddable":true,"href":"http:\/\/amigosdelantiguoegipto.com\/index.php?rest_route=\/wp\/v2\/users\/1"}],"replies":[{"embeddable":true,"href":"http:\/\/amigosdelantiguoegipto.com\/index.php?rest_route=%2Fwp%2Fv2%2Fcomments&post=8521"}],"version-history":[{"count":0,"href":"http:\/\/amigosdelantiguoegipto.com\/index.php?rest_route=\/wp\/v2\/pages\/8521\/revisions"}],"wp:attachment":[{"href":"http:\/\/amigosdelantiguoegipto.com\/index.php?rest_route=%2Fwp%2Fv2%2Fmedia&parent=8521"}],"curies":[{"name":"wp","href":"https:\/\/api.w.org\/{rel}","templated":true}]}}