{"id":8518,"date":"2010-07-30T21:59:22","date_gmt":"2010-07-30T21:59:22","guid":{"rendered":"http:\/\/www.amigosdelantiguoegipto.com\/cristobal-cisternas-araya\/"},"modified":"2014-06-28T13:04:53","modified_gmt":"2014-06-28T13:04:53","slug":"cristobal-cisternas-araya","status":"publish","type":"page","link":"http:\/\/amigosdelantiguoegipto.com\/?page_id=8518","title":{"rendered":"Dibujos de Crist\u00f3bal Cisternas Araya"},"content":{"rendered":"<p class=\"centrar\"><a href=\"http:\/\/amigosdelantiguoegipto.com\/?p=8324%20\">Tus dibujos de 8 a 12 a\u00f1os<\/a><\/p>\n<p class=\"centrar\" style=\"text-align: right;\">Crist\u00f3bal Cisternas Araya 12 a\u00f1os Valpara\u00edso (Chile) &#8211; <span class=\"createdate\">Julio de 2010<\/span><\/p>\n<div style=\"width: 710px\" class=\"wp-caption aligncenter\"><img decoding=\"async\" loading=\"lazy\" class=\"caption\" title=\"Mois\u00e9s\" src=\"http:\/\/www.amigosdelantiguoegipto.com\/wp-content\/uploads\/varios\/dibujos8-12\/2010\/07\/cristobal-cisternas-1.jpg\" alt=\"Mois\u00e9s\" width=\"700\" height=\"933\" \/><p class=\"wp-caption-text\">Mois\u00e9s<\/p><\/div>\n<div style=\"width: 710px\" class=\"wp-caption aligncenter\"><img decoding=\"async\" loading=\"lazy\" class=\"caption\" title=\"Nefertiti\" src=\"http:\/\/www.amigosdelantiguoegipto.com\/wp-content\/uploads\/varios\/dibujos8-12\/2010\/07\/cristobal-cisternas-2.jpg\" alt=\"Nefertiti\" width=\"700\" height=\"933\" \/><p class=\"wp-caption-text\">Nefertiti<\/p><\/div>\n","protected":false},"excerpt":{"rendered":"<p>Tus dibujos de 8 a 12 a\u00f1os Crist\u00f3bal Cisternas Araya 12 a\u00f1os Valpara\u00edso (Chile) &#8211; Julio de 2010<\/p>\n<p class=\"continue-reading-button\"> <a class=\"continue-reading-link\" href=\"http:\/\/amigosdelantiguoegipto.com\/?page_id=8518\">Seguir leyendo<i class=\"crycon-right-dir\"><\/i><\/a><\/p>\n","protected":false},"author":1,"featured_media":0,"parent":0,"menu_order":1,"comment_status":"closed","ping_status":"closed","template":"","meta":{"ngg_post_thumbnail":0},"_links":{"self":[{"href":"http:\/\/amigosdelantiguoegipto.com\/index.php?rest_route=\/wp\/v2\/pages\/8518"}],"collection":[{"href":"http:\/\/amigosdelantiguoegipto.com\/index.php?rest_route=\/wp\/v2\/pages"}],"about":[{"href":"http:\/\/amigosdelantiguoegipto.com\/index.php?rest_route=\/wp\/v2\/types\/page"}],"author":[{"embeddable":true,"href":"http:\/\/amigosdelantiguoegipto.com\/index.php?rest_route=\/wp\/v2\/users\/1"}],"replies":[{"embeddable":true,"href":"http:\/\/amigosdelantiguoegipto.com\/index.php?rest_route=%2Fwp%2Fv2%2Fcomments&post=8518"}],"version-history":[{"count":0,"href":"http:\/\/amigosdelantiguoegipto.com\/index.php?rest_route=\/wp\/v2\/pages\/8518\/revisions"}],"wp:attachment":[{"href":"http:\/\/amigosdelantiguoegipto.com\/index.php?rest_route=%2Fwp%2Fv2%2Fmedia&parent=8518"}],"curies":[{"name":"wp","href":"https:\/\/api.w.org\/{rel}","templated":true}]}}