{"id":8516,"date":"2003-02-10T01:00:00","date_gmt":"2003-02-10T01:00:00","guid":{"rendered":"http:\/\/www.amigosdelantiguoegipto.com\/ainhoa-rajado\/"},"modified":"2014-06-28T12:44:09","modified_gmt":"2014-06-28T12:44:09","slug":"ainhoa-rajado","status":"publish","type":"page","link":"http:\/\/amigosdelantiguoegipto.com\/?page_id=8516","title":{"rendered":"Dibujos de Ainhoa Rajado"},"content":{"rendered":"<p class=\"centrar\"><a href=\"http:\/\/amigosdelantiguoegipto.com\/?p=8324\">Tus dibujos de 8 a 12 a\u00f1os<\/a><\/p>\n<p class=\"centrar\" style=\"text-align: right;\">Ainhoa Rajado 11 a\u00f1os (Madrid &#8211; Espa\u00f1a) &#8211;\u00a0<span class=\"createdate\">Febrero de 2003<\/span><\/p>\n<div class=\"mosimage\" style=\"float: center;\" align=\"center\">\n<div id=\"attachment_38\" style=\"width: 710px\" class=\"wp-caption aligncenter\"><img aria-describedby=\"caption-attachment-38\" decoding=\"async\" loading=\"lazy\" class=\"wp-image-38 size-full\" title=\"La falua egipcia\" src=\"http:\/\/www.amigosdelantiguoegipto.com\/wp-content\/uploads\/varios\/dibujos8-12\/2003\/02\/ainhoa_egipto_2.jpg\" alt=\"La falua egipcia\" width=\"700\" height=\"428\" border=\"0\" hspace=\"6\" \/><p id=\"caption-attachment-38\" class=\"wp-caption-text\">La falua egipcia<\/p><\/div>\n<\/div>\n<div class=\"mosimage\" style=\"float: center;\" align=\"center\">\n<div id=\"attachment_39\" style=\"width: 569px\" class=\"wp-caption aligncenter\"><img aria-describedby=\"caption-attachment-39\" decoding=\"async\" loading=\"lazy\" class=\"wp-image-39 size-full\" title=\"Un templo sobre el Nilo\" src=\"http:\/\/www.amigosdelantiguoegipto.com\/wp-content\/uploads\/varios\/dibujos8-12\/2003\/02\/ainhoa_egipto.jpg\" alt=\"Un templo sobre el Nilo\" width=\"559\" height=\"700\" border=\"0\" hspace=\"6\" \/><p id=\"caption-attachment-39\" class=\"wp-caption-text\">Un templo sobre el Nilo<\/p><\/div>\n<\/div>\n","protected":false},"excerpt":{"rendered":"<p>Tus dibujos de 8 a 12 a\u00f1os Ainhoa Rajado 11 a\u00f1os (Madrid &#8211; Espa\u00f1a) &#8211;\u00a0Febrero de 2003<\/p>\n<p class=\"continue-reading-button\"> <a class=\"continue-reading-link\" href=\"http:\/\/amigosdelantiguoegipto.com\/?page_id=8516\">Seguir leyendo<i class=\"crycon-right-dir\"><\/i><\/a><\/p>\n","protected":false},"author":1,"featured_media":0,"parent":0,"menu_order":17,"comment_status":"closed","ping_status":"closed","template":"","meta":{"ngg_post_thumbnail":0},"_links":{"self":[{"href":"http:\/\/amigosdelantiguoegipto.com\/index.php?rest_route=\/wp\/v2\/pages\/8516"}],"collection":[{"href":"http:\/\/amigosdelantiguoegipto.com\/index.php?rest_route=\/wp\/v2\/pages"}],"about":[{"href":"http:\/\/amigosdelantiguoegipto.com\/index.php?rest_route=\/wp\/v2\/types\/page"}],"author":[{"embeddable":true,"href":"http:\/\/amigosdelantiguoegipto.com\/index.php?rest_route=\/wp\/v2\/users\/1"}],"replies":[{"embeddable":true,"href":"http:\/\/amigosdelantiguoegipto.com\/index.php?rest_route=%2Fwp%2Fv2%2Fcomments&post=8516"}],"version-history":[{"count":0,"href":"http:\/\/amigosdelantiguoegipto.com\/index.php?rest_route=\/wp\/v2\/pages\/8516\/revisions"}],"wp:attachment":[{"href":"http:\/\/amigosdelantiguoegipto.com\/index.php?rest_route=%2Fwp%2Fv2%2Fmedia&parent=8516"}],"curies":[{"name":"wp","href":"https:\/\/api.w.org\/{rel}","templated":true}]}}