{"id":8404,"date":"2000-07-12T01:00:00","date_gmt":"2000-07-12T01:00:00","guid":{"rendered":"http:\/\/www.amigosdelantiguoegipto.com\/claudia-jimeno\/"},"modified":"2014-06-28T10:50:05","modified_gmt":"2014-06-28T10:50:05","slug":"claudia-jimeno","status":"publish","type":"page","link":"http:\/\/amigosdelantiguoegipto.com\/?page_id=8404","title":{"rendered":"Dibujos de Claudia Jimeno"},"content":{"rendered":"<p class=\"centrar\"><a href=\"http:\/\/amigosdelantiguoegipto.com\/?p=8325\">Tus dibujos de 0 a 7 a\u00f1os<\/a><\/p>\n<p class=\"centrar\" style=\"text-align: right;\">Claudia Jimeno 7 a\u00f1os (Barcelona &#8211; Espa\u00f1a)\u00a0&#8211; <span class=\"createdate\">Julio de 2000<\/span><\/p>\n<div class=\"mosimage\" style=\"float: center;\" align=\"center\">\n<div id=\"attachment_77\" style=\"width: 710px\" class=\"wp-caption aligncenter\"><img aria-describedby=\"caption-attachment-77\" decoding=\"async\" loading=\"lazy\" class=\"wp-image-77 size-full\" title=\"Cleopatra visita la Gran Pir\u00e1mide\" src=\"http:\/\/www.amigosdelantiguoegipto.com\/wp-content\/uploads\/varios\/2000\/07\/claudia_jimeno.jpg\" alt=\"Cleopatra visita la Gran Pir\u00e1mide\" width=\"700\" height=\"492\" border=\"0\" hspace=\"6\" \/><p id=\"caption-attachment-77\" class=\"wp-caption-text\">Cleopatra visita la Gran Pir\u00e1mide<\/p><\/div>\n<\/div>\n","protected":false},"excerpt":{"rendered":"<p>Tus dibujos de 0 a 7 a\u00f1os Claudia Jimeno 7 a\u00f1os (Barcelona &#8211; Espa\u00f1a)\u00a0&#8211; Julio de 2000<\/p>\n<p class=\"continue-reading-button\"> <a class=\"continue-reading-link\" href=\"http:\/\/amigosdelantiguoegipto.com\/?page_id=8404\">Seguir leyendo<i class=\"crycon-right-dir\"><\/i><\/a><\/p>\n","protected":false},"author":1,"featured_media":0,"parent":0,"menu_order":33,"comment_status":"closed","ping_status":"closed","template":"","meta":{"ngg_post_thumbnail":0},"_links":{"self":[{"href":"http:\/\/amigosdelantiguoegipto.com\/index.php?rest_route=\/wp\/v2\/pages\/8404"}],"collection":[{"href":"http:\/\/amigosdelantiguoegipto.com\/index.php?rest_route=\/wp\/v2\/pages"}],"about":[{"href":"http:\/\/amigosdelantiguoegipto.com\/index.php?rest_route=\/wp\/v2\/types\/page"}],"author":[{"embeddable":true,"href":"http:\/\/amigosdelantiguoegipto.com\/index.php?rest_route=\/wp\/v2\/users\/1"}],"replies":[{"embeddable":true,"href":"http:\/\/amigosdelantiguoegipto.com\/index.php?rest_route=%2Fwp%2Fv2%2Fcomments&post=8404"}],"version-history":[{"count":0,"href":"http:\/\/amigosdelantiguoegipto.com\/index.php?rest_route=\/wp\/v2\/pages\/8404\/revisions"}],"wp:attachment":[{"href":"http:\/\/amigosdelantiguoegipto.com\/index.php?rest_route=%2Fwp%2Fv2%2Fmedia&parent=8404"}],"curies":[{"name":"wp","href":"https:\/\/api.w.org\/{rel}","templated":true}]}}