{"id":8032,"date":"2014-06-24T15:53:52","date_gmt":"2014-06-24T15:53:52","guid":{"rendered":"http:\/\/amigosdelantiguoegipto.com\/?page_id=8032"},"modified":"2014-06-24T16:56:00","modified_gmt":"2014-06-24T16:56:00","slug":"la-vaca-del-cielo-fuentes","status":"publish","type":"page","link":"http:\/\/amigosdelantiguoegipto.com\/?page_id=8032","title":{"rendered":"La Vaca del Cielo &#8211; Fuentes"},"content":{"rendered":"<p style=\"text-align: left;\"><a href=\"http:\/\/amigosdelantiguoegipto.com\/?p=7910\">Leyendas mitol\u00f3gicas<\/a><\/p>\n<p style=\"text-align: right;\">Francisco L\u00f3pez &#8211; julio de 2004<\/p>\n<p style=\"text-align: justify;\"><strong>Atenci\u00f3n. <\/strong>Para una correcta visualizaci\u00f3n del art\u00edculo necesitas tener instaladas las fuentes de transliteraci\u00f3n y GlyphBasic. Si no las tienes puedes descargarlas <a href=\"http:\/\/www.egiptologia.org\/fonts\/\" target=\"_blank\">aqu\u00ed<\/a>.<\/p>\n<p style=\"text-align: center;\">[<a href=\"http:\/\/amigosdelantiguoegipto.com\/?page_id=7992\">Introducci\u00f3n<\/a>] [Fuentes] [<a href=\"http:\/\/amigosdelantiguoegipto.com\/?page_id=8034\">La Vaca del Cielo<\/a>] [<a href=\"http:\/\/amigosdelantiguoegipto.com\/?page_id=8036%20\">Bibliograf\u00eda<\/a>]<\/p>\n<p align=\"justify\"><strong>2. Fuentes<\/strong><\/p>\n<p align=\"justify\">&#8216;El Libro de la Vaca Divina&#8217; o &#8216;Libro de la Vaca Celeste&#8217; se encuentra representado en el primer f\u00e9retro de Tutanjam\u00f3n y en los muros de las tumbas de Sethy I (KV17), Ramses II (KV7), Ramses III (KV11) y Ramses VI (KV9). No todas las versiones se encuentran completas y en el caso de la tumba de Ramses III ha desaparecido, por lo que para completar el mito se han tenido que utilizar diferentes textos. Adem\u00e1s de en las tumbas antes mencionadas, en el Museo Calvet de Avignon (inv. A8) existe un fragmento de piedra caliza perteneciente a una tumba de \u00e9poca ram\u00e9sida que contiene un extracto del Libro. Las versiones grabadas en las tumbas est\u00e1n siempre en una c\u00e1mara anexa a la sala del sarc\u00f3fago, excepto en el caso de la tumba de Ramses VI (KV9) en el que los restos aparecen en el tercer corredor.<\/p>\n<p align=\"justify\">A continuaci\u00f3n se da la <b>localizaci\u00f3n<\/b> del relato en cada una de las tumbas que contienen el mito o parte de \u00e9l. La nomenclatura empleada corresponde a Porter, Bertha and Rosalind L.B. Moss, <em>Topographical bibliography of ancient Egyptian Hieroglyphic, Texts, Reliefs, and Paintings. Tomo I The Theban Necropolis, part II: Royal tombs and Smaller Cementeries<\/em>. Griffith Institute, Ashmolean Museum, Oxford 1989.<\/p>\n<p align=\"justify\"><b>Tutanjam\u00f3n<\/b> (KV62): S\u00f3lo existen fragmentos. El Libro de la Vaca Divina se encuentra en dos de las paredes internas del primer f\u00e9retro, actualmente en el Museo de El Cairo. Es la versi\u00f3n m\u00e1s antigua y la \u00faltima parte del texto es la m\u00e1s completa de todas, por lo que se consigue reconstruir el mito casi por completo.<\/p>\n<table border=\"0\" width=\"100%\" cellspacing=\"0\" cellpadding=\"0\" align=\"center\">\n<tbody>\n<tr align=\"center\">\n<td>\n<p><div style=\"width: 329px\" class=\"wp-caption alignnone\"><img decoding=\"async\" loading=\"lazy\" title=\"Representaci\u00f3n de la vaca celeste del primer f\u00e9retro Erik Hornung, Der \u00c4gyptische Mythos von der Himmelskuh\" src=\"http:\/\/amigosdelantiguoegipto.com\/wp-content\/uploads\/2014\/06\/vaca-cielo-vaca_kv62.gif\" alt=\"Representaci\u00f3n de la vaca celeste del primer f\u00e9retro Erik Hornung, Der \u00c4gyptische Mythos von der Himmelskuh\" width=\"319\" height=\"210\" \/><p class=\"wp-caption-text\">Representaci\u00f3n de la vaca celeste del primer f\u00e9retro Erik Hornung, Der \u00c4gyptische Mythos von der Himmelskuh<\/p><\/div><\/td>\n<td>\n<div align=\"center\">\n<div style=\"width: 333px\" class=\"wp-caption alignnone\"><img decoding=\"async\" loading=\"lazy\" title=\"Imagen actual del f\u00e9retro. Museo de El Cairo Fotograf\u00eda del autor\" src=\"http:\/\/amigosdelantiguoegipto.com\/wp-content\/uploads\/2014\/06\/vaca-cielo-vaca_kv62_02.jpg\" alt=\"Imagen actual del f\u00e9retro. Museo de El Cairo Fotograf\u00eda del autor\" width=\"323\" height=\"201\" \/><p class=\"wp-caption-text\">Imagen actual del f\u00e9retro. Museo de El Cairo <br \/> Fotograf\u00eda del autor<\/p><\/div>\n<\/div>\n<\/td>\n<\/tr>\n<\/tbody>\n<\/table>\n<p align=\"justify\"><b>Sethy I <\/b> (KV17): Junto con la existente en la tumba de Ramses II (KV7), es la versi\u00f3n m\u00e1s larga de todas. Se encuentra representada en los cuatro muros de una peque\u00f1a habitaci\u00f3n, a la derecha de la sala de columnas, frente a la primera columna derecha (sala M, n\u00ba 43) a lo largo de 95 columnas. La copia contiene algunos errores en los jerogl\u00edficos posiblemente debido a que el copista copi\u00f3 erroneamente parte del texto del papiro. En el muro situado frente a la puerta (c) se encuentra la imagen de la Vaca Celeste en la que se aprecian trece estrellas, de las que en el texto se mencionan s\u00f3lo 9 (verso 170, columna 45). Representan el arco celeste que circunda al demiurgobajo las que se encuentran las dos barcas de Ra &#8211; la barca de la noche (Mesketet) y la del d\u00eda (Mandyet). Shu, con los brazos extendidos y levantados, soporta el cuerpo de la vaca, mientras los ocho dioses Heh sujetan cada una de sus cuatro patas y junto a ellos se describe en escritura retr\u00f3grada los nombres y funciones de cada uno (versos 166 a 201, columnas 44 a 55). En la edici\u00f3n de &#8216;<em>Monuments de l&#8217;Egypte et de la Nubie<\/em>&#8216;, Jean-Fran\u00e7ois Champollion, Geneva, Edition de Belles-Lettres, 1970-1971, la vaca aparece representada al rev\u00e9s, mirando hacia la derecha.<\/p>\n<table border=\"0\" width=\"100%\">\n<tbody>\n<tr>\n<td colspan=\"2\" align=\"center\"><b>Tumba de Sethy I<\/b><\/td>\n<\/tr>\n<tr>\n<td align=\"center\" width=\"49%\">\n<p><div style=\"width: 260px\" class=\"wp-caption alignnone\"><img decoding=\"async\" loading=\"lazy\" title=\"Dibujo realizado por Robert Hay\" src=\"http:\/\/amigosdelantiguoegipto.com\/wp-content\/uploads\/2014\/06\/vaca-cielo-vaca_kv17_01.jpg\" alt=\"Dibujo realizado por Robert Hay\" width=\"250\" height=\"206\" border=\"0\" \/><p class=\"wp-caption-text\"><a href=\"http:\/\/amigosdelantiguoegipto.com\/wp-content\/uploads\/2014\/06\/vaca-cielo-vaca_kv17_01.jpg\" target=\"_blank\">Dibujo realizado por Robert Hay<\/a> <br \/>Erik Hornung, Der \u00c4gyptische Mythos von der Himmelskuh<\/p><\/div><\/td>\n<td align=\"center\" width=\"51%\">\n<p><div style=\"width: 312px\" class=\"wp-caption alignnone\"><img decoding=\"async\" loading=\"lazy\" title=\"Fotograf\u00eda actual de la pared\" src=\"http:\/\/amigosdelantiguoegipto.com\/wp-content\/uploads\/2014\/06\/vaca-cielo-vaca_kv17_02.jpg\" alt=\"Fotograf\u00eda actual de la pared\" width=\"302\" height=\"206\" border=\"0\" \/><p class=\"wp-caption-text\"><a href=\"http:\/\/amigosdelantiguoegipto.com\/wp-content\/uploads\/2014\/06\/vaca-cielo-vaca_kv17_02.jpg\" target=\"_blank\">Fotograf\u00eda actual de la pared<\/a><br \/>Erik Hornung, Der \u00c4gyptische Mythos von der Himmelskuh<\/p><\/div><\/td>\n<\/tr>\n<\/tbody>\n<\/table>\n<div style=\"width: 399px\" class=\"wp-caption aligncenter\"><img decoding=\"async\" loading=\"lazy\" title=\"Dibujo publicado en Monuments de l'Egypte et de la Nubie, Jean-Fran\u00e7ois Champollion. Geneva: Edition de Belles-Lettres, 1970-1971\" src=\"http:\/\/amigosdelantiguoegipto.com\/wp-content\/uploads\/2014\/06\/vaca-cielo-vaca_kv17_champ.gif\" alt=\"Dibujo publicado en Monuments de l'Egypte et de la Nubie, Jean-Fran\u00e7ois Champollion. Geneva: Edition de Belles-Lettres, 1970-1971\" width=\"389\" height=\"294\" border=\"1\" \/><p class=\"wp-caption-text\">Dibujo publicado en Monuments de l&#8217;Egypte et de la Nubie, Jean-Fran\u00e7ois Champollion. Geneva: Edition de Belles-Lettres, 1970-1971<\/p><\/div>\n<p align=\"justify\">La parte principal del relato se encuentra en el mayor relieve, frente a la entrada, y aparece entre los versos 166 a 201 (columnas 44 a 55). En ella se describe por qu\u00e9 la vaca se pint\u00f3 de amarillo (verso 173).<\/p>\n<p align=\"justify\">En la pared izquierda (<b>d<\/b>) hay dos figuras: una representaci\u00f3n del rey con el sejem bajo la que aparece nuevamente el rey sujetando un pilar y otra segunda que representa las dos eternidades Dyet (infinito) y Neneh (eternidad c\u00edclica, el tiempo bajo el aspecto de discontinuidad).<\/p>\n<table border=\"0\" width=\"100%\">\n<tbody>\n<tr>\n<td align=\"center\">\n<p><div style=\"width: 152px\" class=\"wp-caption alignnone\"><img decoding=\"async\" loading=\"lazy\" title=\"El rey con el sejem y doble figura del rey sujetando un pilar\" src=\"http:\/\/amigosdelantiguoegipto.com\/wp-content\/uploads\/2014\/06\/vaca-cielo-kv17_sejem.gif\" alt=\"El rey con el sejem y doble figura del rey sujetando un pilar\" width=\"142\" height=\"242\" \/><p class=\"wp-caption-text\">El rey con el sejem y doble figura del rey sujetando un pilar<\/p><\/div><\/td>\n<td align=\"center\">\n<p><div style=\"width: 203px\" class=\"wp-caption aligncenter\"><img decoding=\"async\" loading=\"lazy\" title=\"Las dos eternidades\" src=\"http:\/\/amigosdelantiguoegipto.com\/wp-content\/uploads\/2014\/06\/vaca-cielo-kv17_eternidades.jpg\" alt=\"Las dos eternidades\" width=\"193\" height=\"220\" \/><p class=\"wp-caption-text\">Las dos eternidades<\/p><\/div><\/td>\n<\/tr>\n<\/tbody>\n<\/table>\n<p>La distribuci\u00f3n del texto es (sala M, n\u00famero 43 del plano).<\/p>\n<p><img decoding=\"async\" class=\"alignleft\" src=\"http:\/\/amigosdelantiguoegipto.com\/wp-content\/uploads\/2014\/06\/vaca-cielo-kv17_m43.gif\" alt=\"\" \/><\/p>\n<p align=\"justify\"><b>a)<\/b> columnas 1-21<br \/>\n<b>b)<\/b> columnas 22-50<br \/>\n<b>c)<\/b> columnas 51-55, escena central, columnas 56-62<br \/>\n<b>d)<\/b> columnas 63-92, el fara\u00f3n sujetando el pilar, representaci\u00f3n de los conceptos de eternidad<br \/>\n<b>e)<\/b> columnas 93-95<\/p>\n<p align=\"justify\"><b>Ramses II<\/b> (KV7): El texto (102 columnas) se encuentra situado en la primera sala de la derecha de la c\u00e1mara del sarc\u00f3fago. La Vaca aparece representada en el muro trasero (sala L, n\u00ba 27).<\/p>\n<p align=\"justify\"><b>Ramses III<\/b> (KV11): En la segunda sala de la derecha de la c\u00e1mara del sarc\u00f3fago, conocida como &#8216;Sala de la Vaca&#8217;. Se encuentra representada en el muro trasero. El texto (76 columnas) est\u00e1 pr\u00e1cticamente borrado. (sala X, n\u00ba 58).<\/p>\n<p align=\"justify\"><b>Ramses VI<\/b> (KV9): En el cuarto corredor, justo antes de la entrada al pozo, en el muro izquierdo junto al Libro de las Puertas (6\u00aa y 7\u00aa divisiones), en el tercer nicho. Se encuentra en muy mal estado de conservaci\u00f3n (corredor C, n\u00ba 10).<\/p>\n<div style=\"width: 179px\" class=\"wp-caption alignleft\"><img decoding=\"async\" loading=\"lazy\" title=\"Fragmento A8 del Museo Calvet de Avignon\" src=\"http:\/\/amigosdelantiguoegipto.com\/wp-content\/uploads\/2014\/06\/vaca-cielo-vaca_calvet.jpg\" alt=\"Fragmento A8 del Museo Calvet de Avignon\" width=\"169\" height=\"221\" align=\"left\" hspace=\"5\" vspace=\"3\" \/><p class=\"wp-caption-text\">Fragmento A8 del Museo Calvet de Avignon<\/p><\/div>\n<p align=\"justify\"><b>Museo Calvet de Avignon<\/b>. Es un bello fragmento de piedra caliza de 55&#215;40.5 cm, catalogado como A8. En \u00e9l se relata la \u00faltima parte de la leyenda, que se encuentra representada tambi\u00e9n en elprimer f\u00e9retro de Tutanjam\u00f3n. <b><\/b>Incluye una columna adicional que desgraciadamente es dif\u00edcil de interpretar por la gran cantidad de lagunas que contiene. El lenguaje empleado es muy similar al que aparece en el texto representado en la tumba de Sethy I. Fue estudiado por el propio museo y apareci\u00f3 en su cat\u00e1logo como una introducci\u00f3n a la escritura egipcia y una descripci\u00f3n de cada uno de los signos del fragmento. En general presenta ciertas rarezas en cuanto a la graf\u00eda de algunos signos y palabras como <span class=\"Transliteracion\">hAmw<\/span> (col 4 = Wb II, 481,4) y la graf\u00eda de <span class=\"Transliteracion\">kf<\/span> (col 3 = Wb V, 119,11). La traducci\u00f3n al franc\u00e9s de este fragmento fue realizada por Nadine Guilhou y publicada en el Bulletin de l&#8217;Institut Fran\u00e7ais d&#8217;Arch\u00e9ologie Orientale (BIFAO) 98. Adem\u00e1s Guilhou, en la misma publicaci\u00f3n, trata de establecer el origen del fragmento. Tiene cierta similitud con la parte final del mito, representada en la primera capilla de Tutanjam\u00f3n, y demuestra que el relato conten\u00eda algunas columnas suplementarias, si bien debido a la gran cantidad de lagunas, s\u00f3lo puede interpretarse correctamente la parte paralela a la de Tutanjam\u00f3n, la traducci\u00f3n e interpretaci\u00f3n del resto, de la parte nueva, es totalmente imposible. Queremos agradecer a Victoire Autajon del servicio de documentaci\u00f3n del Museo toda la informaci\u00f3n e im\u00e1genes que nos ha proporcionado y que nos permitir\u00e1, en breve, publicar la traducci\u00f3n y estudio de este fragmento realizados por Nadine Guilhou.<\/p>\n","protected":false},"excerpt":{"rendered":"<p>Leyendas mitol\u00f3gicas Francisco L\u00f3pez &#8211; julio de 2004 Atenci\u00f3n. Para una correcta visualizaci\u00f3n del art\u00edculo necesitas tener instaladas las fuentes de transliteraci\u00f3n y GlyphBasic. Si no las tienes puedes descargarlas aqu\u00ed. [Introducci\u00f3n] [Fuentes] [La Vaca del Cielo] [Bibliograf\u00eda] 2. Fuentes &#8216;El Libro de la Vaca Divina&#8217; o &#8216;Libro de la Vaca Celeste&#8217; se encuentra representado en el primer f\u00e9retro de&#8230;<\/p>\n<p class=\"continue-reading-button\"> <a class=\"continue-reading-link\" href=\"http:\/\/amigosdelantiguoegipto.com\/?page_id=8032\">Seguir leyendo<i class=\"crycon-right-dir\"><\/i><\/a><\/p>\n","protected":false},"author":1,"featured_media":0,"parent":0,"menu_order":0,"comment_status":"closed","ping_status":"closed","template":"","meta":{"ngg_post_thumbnail":0},"_links":{"self":[{"href":"http:\/\/amigosdelantiguoegipto.com\/index.php?rest_route=\/wp\/v2\/pages\/8032"}],"collection":[{"href":"http:\/\/amigosdelantiguoegipto.com\/index.php?rest_route=\/wp\/v2\/pages"}],"about":[{"href":"http:\/\/amigosdelantiguoegipto.com\/index.php?rest_route=\/wp\/v2\/types\/page"}],"author":[{"embeddable":true,"href":"http:\/\/amigosdelantiguoegipto.com\/index.php?rest_route=\/wp\/v2\/users\/1"}],"replies":[{"embeddable":true,"href":"http:\/\/amigosdelantiguoegipto.com\/index.php?rest_route=%2Fwp%2Fv2%2Fcomments&post=8032"}],"version-history":[{"count":0,"href":"http:\/\/amigosdelantiguoegipto.com\/index.php?rest_route=\/wp\/v2\/pages\/8032\/revisions"}],"wp:attachment":[{"href":"http:\/\/amigosdelantiguoegipto.com\/index.php?rest_route=%2Fwp%2Fv2%2Fmedia&parent=8032"}],"curies":[{"name":"wp","href":"https:\/\/api.w.org\/{rel}","templated":true}]}}