{"id":8,"date":"2010-03-24T22:29:32","date_gmt":"2010-03-24T22:29:32","guid":{"rendered":"http:\/\/www.amigosdelantiguoegipto.com\/enrique-lorenzo\/"},"modified":"2014-06-28T10:42:39","modified_gmt":"2014-06-28T10:42:39","slug":"enrique-lorenzo","status":"publish","type":"page","link":"http:\/\/amigosdelantiguoegipto.com\/?page_id=8","title":{"rendered":"Dibujos de Enrique Lorenzo"},"content":{"rendered":"<p class=\"centrar\"><a href=\"http:\/\/amigosdelantiguoegipto.com\/?p=8325\">Tus dibujos de 0 a 7 a\u00f1os <\/a><\/p>\n<p class=\"centrar\" style=\"text-align: right;\">Enrique Lorenzo 7 a\u00f1os (M\u00e1laga) &#8211;\u00a0<span class=\"createdate\">Marzo de 2010 <\/span><\/p>\n<div style=\"width: 710px\" class=\"wp-caption aligncenter\"><img decoding=\"async\" loading=\"lazy\" class=\"caption\" title=\"Anubis\" src=\"http:\/\/www.amigosdelantiguoegipto.com\/wp-content\/uploads\/varios\/2010\/03\/anubis.jpg\" alt=\"Anubis\" width=\"700\" height=\"942\" \/><p class=\"wp-caption-text\">Anubis<\/p><\/div>\n<div style=\"width: 710px\" class=\"wp-caption aligncenter\"><img decoding=\"async\" loading=\"lazy\" class=\"caption\" title=\"Horus\" src=\"http:\/\/www.amigosdelantiguoegipto.com\/wp-content\/uploads\/varios\/2010\/03\/horus.jpg\" alt=\"Horus\" width=\"700\" height=\"1122\" \/><p class=\"wp-caption-text\">Horus<\/p><\/div>\n<div style=\"width: 710px\" class=\"wp-caption aligncenter\"><img decoding=\"async\" loading=\"lazy\" class=\"caption\" title=\"Cleopatra\" src=\"http:\/\/www.amigosdelantiguoegipto.com\/wp-content\/uploads\/varios\/2010\/03\/enrique-lorenzo.jpg\" alt=\"Cleopatra\" width=\"700\" height=\"1171\" \/><p class=\"wp-caption-text\">Cleopatra<\/p><\/div>\n","protected":false},"excerpt":{"rendered":"<p>Tus dibujos de 0 a 7 a\u00f1os Enrique Lorenzo 7 a\u00f1os (M\u00e1laga) &#8211;\u00a0Marzo de 2010<\/p>\n<p class=\"continue-reading-button\"> <a class=\"continue-reading-link\" href=\"http:\/\/amigosdelantiguoegipto.com\/?page_id=8\">Seguir leyendo<i class=\"crycon-right-dir\"><\/i><\/a><\/p>\n","protected":false},"author":1,"featured_media":0,"parent":0,"menu_order":3,"comment_status":"closed","ping_status":"closed","template":"","meta":{"ngg_post_thumbnail":0},"_links":{"self":[{"href":"http:\/\/amigosdelantiguoegipto.com\/index.php?rest_route=\/wp\/v2\/pages\/8"}],"collection":[{"href":"http:\/\/amigosdelantiguoegipto.com\/index.php?rest_route=\/wp\/v2\/pages"}],"about":[{"href":"http:\/\/amigosdelantiguoegipto.com\/index.php?rest_route=\/wp\/v2\/types\/page"}],"author":[{"embeddable":true,"href":"http:\/\/amigosdelantiguoegipto.com\/index.php?rest_route=\/wp\/v2\/users\/1"}],"replies":[{"embeddable":true,"href":"http:\/\/amigosdelantiguoegipto.com\/index.php?rest_route=%2Fwp%2Fv2%2Fcomments&post=8"}],"version-history":[{"count":0,"href":"http:\/\/amigosdelantiguoegipto.com\/index.php?rest_route=\/wp\/v2\/pages\/8\/revisions"}],"wp:attachment":[{"href":"http:\/\/amigosdelantiguoegipto.com\/index.php?rest_route=%2Fwp%2Fv2%2Fmedia&parent=8"}],"curies":[{"name":"wp","href":"https:\/\/api.w.org\/{rel}","templated":true}]}}