{"id":75,"date":"2000-05-22T01:00:00","date_gmt":"2000-05-22T01:00:00","guid":{"rendered":"http:\/\/amigosdelantiguoegipto.com\/jugar-en-el-antiguo-egipto\/"},"modified":"2014-06-30T07:46:35","modified_gmt":"2014-06-30T07:46:35","slug":"jugar-en-el-antiguo-egipto","status":"publish","type":"page","link":"http:\/\/amigosdelantiguoegipto.com\/?page_id=75","title":{"rendered":"Jugar en el Antiguo Egipto"},"content":{"rendered":"<p style=\"text-align: justify;\"><a href=\"http:\/\/amigosdelantiguoegipto.com\/?p=8872\">Historia<\/a><\/p>\n<p style=\"text-align: right;\">Cristina Carracedo &#8211; Mayo de 2000<\/p>\n<p style=\"text-align: justify;\">Los antiguos egipcios, a pesar de trabajar duramente, tambi\u00e9n aprovechaban su tiempo libre para divertirse. Ten\u00edan diferentes tipos de juguetes, no muy distintos a los nuestros. Y les gustaba mucho jugar al aire libre, debido al clima c\u00e1lido de Egipto. No menos importantes fueron los juegos de mesa, los cuales requer\u00edan un gran ingenio.<\/p>\n<p class=\"img\"><img decoding=\"async\" loading=\"lazy\" class=\"  wp-image-13 aligncenter\" title=\"Jugar en el Antiguo Egipto\" src=\"http:\/\/amigosdelantiguoegipto.com\/wp-content\/uploads\/2000\/05\/jugar-01.jpg\" alt=\"Jugar en el Antiguo Egipto\" width=\"253\" height=\"314\" align=\"middle\" border=\"0\" hspace=\"6\" \/><\/p>\n<h3 style=\"text-align: justify;\">Juegos de mesa<\/h3>\n<p style=\"text-align: justify;\">El m\u00e1s importante del Antiguo Egipto fue el <strong><a href=\"index.php?option=com_content&amp;view=article&amp;id=183:juego-de-senet&amp;catid=44:juegos&amp;Itemid=59\">juego del <em>Senet<\/em><\/a><\/strong>, cuyo significado es &#8220;pasaje&#8221; o &#8220;tr\u00e1nsito&#8221;, al que jugaban tanto reyes y nobles, como la gente del pueblo. Este juego de mesa constaba de un tablero dividido en 30 casillas (3 filas de 10 casillas), sobre el que se situaban 12 fichas similares a los peones de nuestro ajedrez, 5 con forma de cilindro y 7 con forma de cono. La fichas avanzaban el n\u00famero sacado tirando unos palitos, redondeados por un extremo y planos por el otro, y ganaba el jugador que llegaba antes al final.<br \/>\nEste juego aparece frecuentemente en las pinturas de las tumbas; y como ejemplo, tenemos una imagen de la reina Nefertari, esposa de Rams\u00e9s II, jugando al senet. Tambi\u00e9n debi\u00f3 ser el juego favorito de Tutankham\u00f3n, ya que entre los objetos personales que encontraron en su tumba hab\u00edan cuatro tableros.<\/p>\n<p class=\"img\"><img decoding=\"async\" loading=\"lazy\" class=\" size-full wp-image-14 aligncenter\" title=\"juego del Senet\" src=\"http:\/\/amigosdelantiguoegipto.com\/wp-content\/uploads\/2000\/05\/jugar-02.jpg\" alt=\"juego del Senet\" width=\"300\" height=\"254\" align=\"middle\" border=\"0\" hspace=\"6\" \/><\/p>\n<p style=\"text-align: justify;\">Otro conocido juego de mesa es el <strong>juego de la Serpiente<\/strong>, con un tablero con forma de serpiente enroscada, en el que pod\u00edan intervenir hasta 6 jugadores. Sus fichas sol\u00edan estar grabadas con los nombres de faraones famosos, o incluso tener formas variadas de animales o simples bolas. Los jugadores comenzaban el recorrido del juego desde la punta de la cola que empezaba en el exterior, hasta llegar a la cabeza que se situaba en el centro del tablero. Este juego es similar a nuestro juego de la Oca actual.<\/p>\n<p style=\"text-align: justify;\">El <strong>juego de las veinte casillas<\/strong> fue otro juego de mesa, en el que se utilizaban dos tipos de peones con cabeza de chacal representando al dios Anubis, y dos con cabeza del dios Bes. Usaban a modo de dado un hueso del pie (el astr\u00e1galo) y unos palitos que al lanzarlos contra los peones deb\u00edan ser derribados.<\/p>\n<p style=\"text-align: justify;\">Es una l\u00e1stima no poder contar con las reglas de uso de estos juegos, aunque podr\u00edamos llegar a imaginar en qu\u00e9 consist\u00edan. Lo que es seguro es que se lo pasaban estupendamente.<\/p>\n<h3 style=\"text-align: justify;\">Jugar al aire libre<\/h3>\n<p style=\"text-align: justify;\">A los egipcios les gustaba divertirse tambi\u00e9n al aire libre. Y demostraban ser muy deportistas ya que practicaban <strong>saltos de altura, lanzamiento de peso, atletismo o tiro con arco<\/strong>, incluso se entreten\u00edan realizando <strong>acrobacias<\/strong>. Tambi\u00e9n les gustaba la <strong>lucha libre<\/strong>, y podemos verlo en multitud de escenas.<\/p>\n<p style=\"text-align: justify;\">Otra pr\u00e1ctica al aire libre eran los <strong>deportes acu\u00e1ticos<\/strong>, en el Nilo, por supuesto. Los ni\u00f1os egipcios se divid\u00edan en equipos y jugaban a simular batallas, y de pie en las barcas, intentaban tirar a sus oponentes utilizando varas de madera o de c\u00e1\u00f1amo. Tambi\u00e9n les gustaba pescar o hacer regatas&#8230; pero \u00a1cuidado con los cocodrilos y los hipop\u00f3tamos!<\/p>\n<p style=\"text-align: justify;\">En el Antiguo Egipto se utilizaba el <strong>boomerang<\/strong>, pero no como arma para el ej\u00e9rcito, sino como deporte de caza de aves. Y para muestra de ello, este objeto aparece en el ajuar funerario encontrado en la tumba de Tutankham\u00f3n. Pero sol\u00eda ser un art\u00edculo de lujo que posiblemente se exportara de fuera del pa\u00eds; de hecho, el signo jerogl\u00edfico que lo representa es determinativo de pueblos extranjeros.<\/p>\n<p class=\"img\"><img decoding=\"async\" loading=\"lazy\" class=\" size-full wp-image-15 aligncenter\" title=\"Jugar al aire libre\" src=\"http:\/\/amigosdelantiguoegipto.com\/wp-content\/uploads\/2000\/05\/jugar-03.jpg\" alt=\"Jugar al aire libre\" width=\"457\" height=\"158\" align=\"middle\" border=\"0\" hspace=\"6\" \/><\/p>\n<p style=\"text-align: justify;\">Las ni\u00f1as egipcias para entretenerse, prefer\u00edan <strong>cantar<\/strong> y <strong>danzar<\/strong> al son de la m\u00fasica. Pero adem\u00e1s, se sabe de un juego que practicaban las j\u00f3venes conocido como el <strong>juego de la estrella<\/strong> o el <strong>tiovivo<\/strong>, en el que dos muchachas apoyadas indistintamente sobre las plantas de los pies o los talones, giran alrededor de otras compa\u00f1eras, quienes por su parte las sujetan de las manos o las mu\u00f1ecas.<\/p>\n<p style=\"text-align: justify;\">Otro juego de acrobacia t\u00edpico entre las ni\u00f1as consist\u00eda en que cada jugadora se sentaba sobre las espaldas de su compa\u00f1era respectiva <strong>lanzando pelotas<\/strong> a su contrincante. Es algo similar a lo que conocemos como &#8220;montar a caballito&#8221;.<\/p>\n<p class=\"img\"><img decoding=\"async\" loading=\"lazy\" class=\" size-full wp-image-16 aligncenter\" title=\"Jugar al aire libre\" src=\"http:\/\/amigosdelantiguoegipto.com\/wp-content\/uploads\/2000\/05\/jugar-04.jpg\" alt=\"Jugar al aire libre\" width=\"325\" height=\"200\" align=\"middle\" border=\"0\" hspace=\"6\" \/><\/p>\n<h3 style=\"text-align: justify;\">Juguetes<\/h3>\n<p style=\"text-align: justify;\">Es curioso&#8230; los ni\u00f1os y ni\u00f1as egipcios ten\u00edan juguetes muy parecidos a los nuestros. Mirad si son antiguos que jugaban con pelotas y mu\u00f1ecas.<\/p>\n<p style=\"text-align: justify;\">Sus juguetes favoritos, sin embargo, eran <strong>animales de madera<\/strong> pintados de colores vivos, especialmente caballos, leones, hipop\u00f3tamos y cocodrilos. Un ejemplo de este tipo de juguetes, es un le\u00f3n de madera que abre y cierra su boca y que podemos encontrar en la colecci\u00f3n de piezas que se conservan en el Museo Brit\u00e1nico de Londres.<br \/>\nEran tesoros muy preciados posiblemente por estar hechos de madera, que era un material muy escaso. Otros juguetes se hac\u00edan con materiales m\u00e1s comunes, como la arcilla y el barro.<\/p>\n<table border=\"0\" width=\"100%\">\n<tbody>\n<tr align=\"center\">\n<td><img decoding=\"async\" loading=\"lazy\" class=\"size-full wp-image-17 aligncenter\" title=\"Juguetes\" src=\"http:\/\/amigosdelantiguoegipto.com\/wp-content\/uploads\/2000\/05\/jugar-05.jpg\" alt=\"Juguetes\" width=\"216\" height=\"152\" align=\"middle\" border=\"0\" hspace=\"6\" \/><\/td>\n<td><img decoding=\"async\" loading=\"lazy\" class=\" size-full wp-image-18 aligncenter\" title=\"Juguetes\" src=\"http:\/\/amigosdelantiguoegipto.com\/wp-content\/uploads\/2000\/05\/jugar-06.jpg\" alt=\"Juguetes\" width=\"216\" height=\"152\" align=\"middle\" border=\"0\" hspace=\"6\" \/><\/td>\n<\/tr>\n<tr>\n<td><\/td>\n<td><\/td>\n<\/tr>\n<\/tbody>\n<\/table>\n<p style=\"text-align: justify;\">La mayor\u00eda de los pueblos de la antig\u00fcedad usaron un juguete muy habitual en vuestras casas: la <strong>pelota<\/strong>. \u00a1Los ni\u00f1os egipcios jugaban a la pelota! Y \u00e9stas se fabricaban con diversos materiales como papiro, ca\u00f1a, fibra vegetal, arcilla o madera, por ejemplo.<\/p>\n<p style=\"text-align: justify;\">Otro juguete habitual era la <strong>mu\u00f1eca<\/strong>. Ya en el a\u00f1o 3000 a.C. exist\u00edan peque\u00f1as figuras hechas de arcilla, hueso o madera. Incluso se han encontrado muestras evidentes de la existencia de una f\u00e1brica de mu\u00f1ecas en Kahun.<br \/>\nLas m\u00e1s habituales estaban hechas de madera, con el cuerpo en forma de esp\u00e1tula, los brazos apenas formados y el cabello hecho de perlitas de barro. Algunas de \u00e9poca tard\u00eda ten\u00edan brazos y piernas articulados.<br \/>\nPara los egipcios ten\u00edan un gran valor y por ello las pon\u00edan en las tumbas para que acompa\u00f1aran al difunto en su viaje al M\u00e1s All\u00e1. Los artesanos las fabricaban sin pies para asegurarse de que no abandonaran la tumba, y as\u00ed no podr\u00edan escapar.<\/p>\n<p style=\"text-align: justify;\">Aunque muchos de los juguetes que os he mostrado fueran usados por los ni\u00f1os m\u00e1s ricos, los ni\u00f1os de menos riqueza tambi\u00e9n jugaban. Sol\u00edan jugar con un juguete muy sencillo conocido en la actualidad como <strong>peonza<\/strong>. Se trata de trompos de cuarzo vidriado, que hac\u00edan girar con un r\u00e1pido movimiento de dedos o estirando con rapidez una cuerda atada a su alrededor. \u00bfSab\u00e9is de cu\u00e1l se trata, verdad?<\/p>\n<p style=\"text-align: justify;\">Por \u00faltimo, os mencionar\u00e9 los <strong>dados<\/strong> ya que en algunos museos pod\u00e9is encontrar alguna de estas piezas expuestas. Pero no es un juego originario de Egipto sino de las culturas griega y romana. Como ya os expliqu\u00e9 antes, en los juegos de mesa los antiguos egipcios empleaban palitos en lugar de dados.<\/p>\n<p style=\"text-align: justify;\">Se han encontrado dados de madera, hueso y marfil. Y estos llegaron a Egipto a trav\u00e9s del comercio y durante los Per\u00edodos Ptolemaico y Romano.<\/p>\n<p class=\"img\"><img decoding=\"async\" loading=\"lazy\" class=\" size-full wp-image-19 aligncenter\" title=\"Juguetes\" src=\"http:\/\/amigosdelantiguoegipto.com\/wp-content\/uploads\/2000\/05\/jugar-07.jpg\" alt=\"Juguetes\" width=\"300\" height=\"254\" align=\"middle\" border=\"0\" hspace=\"6\" \/><\/p>\n","protected":false},"excerpt":{"rendered":"<p>Historia Cristina Carracedo &#8211; Mayo de 2000 Los antiguos egipcios, a pesar de trabajar duramente, tambi\u00e9n aprovechaban su tiempo libre para divertirse. Ten\u00edan diferentes tipos de juguetes, no muy distintos a los nuestros. Y les gustaba mucho jugar al aire libre, debido al clima c\u00e1lido de Egipto. No menos importantes fueron los juegos de mesa, los cuales requer\u00edan un gran&#8230;<\/p>\n<p class=\"continue-reading-button\"> <a class=\"continue-reading-link\" href=\"http:\/\/amigosdelantiguoegipto.com\/?page_id=75\">Seguir leyendo<i class=\"crycon-right-dir\"><\/i><\/a><\/p>\n","protected":false},"author":1,"featured_media":0,"parent":0,"menu_order":15,"comment_status":"closed","ping_status":"closed","template":"","meta":{"ngg_post_thumbnail":0},"_links":{"self":[{"href":"http:\/\/amigosdelantiguoegipto.com\/index.php?rest_route=\/wp\/v2\/pages\/75"}],"collection":[{"href":"http:\/\/amigosdelantiguoegipto.com\/index.php?rest_route=\/wp\/v2\/pages"}],"about":[{"href":"http:\/\/amigosdelantiguoegipto.com\/index.php?rest_route=\/wp\/v2\/types\/page"}],"author":[{"embeddable":true,"href":"http:\/\/amigosdelantiguoegipto.com\/index.php?rest_route=\/wp\/v2\/users\/1"}],"replies":[{"embeddable":true,"href":"http:\/\/amigosdelantiguoegipto.com\/index.php?rest_route=%2Fwp%2Fv2%2Fcomments&post=75"}],"version-history":[{"count":0,"href":"http:\/\/amigosdelantiguoegipto.com\/index.php?rest_route=\/wp\/v2\/pages\/75\/revisions"}],"wp:attachment":[{"href":"http:\/\/amigosdelantiguoegipto.com\/index.php?rest_route=%2Fwp%2Fv2%2Fmedia&parent=75"}],"curies":[{"name":"wp","href":"https:\/\/api.w.org\/{rel}","templated":true}]}}