{"id":44,"date":"2009-01-31T18:23:08","date_gmt":"2009-01-31T18:23:08","guid":{"rendered":"http:\/\/amigosdelantiguoegipto.com\/wilfried-seipel\/"},"modified":"2014-07-04T07:12:51","modified_gmt":"2014-07-04T07:12:51","slug":"wilfried-seipel","status":"publish","type":"page","link":"http:\/\/amigosdelantiguoegipto.com\/?page_id=44","title":{"rendered":"Wilfried Seipel"},"content":{"rendered":"<p style=\"text-align: justify;\"><a href=\"http:\/\/amigosdelantiguoegipto.com\/?p=12624\">Entrevistas a egipt\u00f3logos<\/a><\/p>\n<p style=\"text-align: right;\">Nacho Ares &#8211; Marzo <span class=\"createdate\">de 2008<\/span><\/p>\n<p style=\"text-align: justify;\"><strong>Egipt\u00f3logo y director del Kunsthistorisches Museum (KHM) de Viena (Austria)<\/strong><br \/>\nEntrevista realizada en marzo de 2008<\/p>\n<div id=\"attachment_42\" style=\"width: 410px\" class=\"wp-caption aligncenter\"><img aria-describedby=\"caption-attachment-42\" decoding=\"async\" loading=\"lazy\" class=\"wp-image-42 size-full\" src=\"http:\/\/amigosdelantiguoegipto.com\/wp-content\/uploads\/varios\/entrevistas\/2009\/01\/wilfried-seipel-01.jpg\" alt=\"Wilfried Seipel\" width=\"400\" height=\"368\" \/><p id=\"caption-attachment-42\" class=\"wp-caption-text\">Wilfried Seipel<\/p><\/div>\n<p style=\"text-align: justify;\">El Dr. Seipel es director del prestigioso Kunsthistorisches Museum (KHM) de Viena y, adem\u00e1s, un reconocido egipt\u00f3logo de renombre internacional. Su labor en el desarrollo de la exposici\u00f3n en Viena ha sido b\u00e1sico para el \u00e9xito de la muestra.<\/p>\n<p style=\"text-align: justify;\">\u00bfC\u00f3mo se introdujo en el mundo del antiguo Egipto? Empec\u00e9 a interesarme por la egiptolog\u00eda cuando era realmente joven, no tendr\u00eda m\u00e1s de 13 a\u00f1os. Ten\u00eda un muy buen profesor de Historia que me inculc\u00f3 el inter\u00e9s y la fascinaci\u00f3n por la Historia Antigua. Ya entonces, con 14 o 15 a\u00f1os, ten\u00eda muy claro que quer\u00eda estudiar egiptolog\u00eda. Aunque mi padre quer\u00eda que yo estudiara Farmacia no le hice caso. Me apasionaba la Historia y el mundo Cl\u00e1sico. Fui a la Universidad de Berl\u00edn en donde tambi\u00e9n me especialic\u00e9 en museolog\u00eda.<\/p>\n<p style=\"text-align: justify;\"><strong>\u00bfCu\u00e1l es el origen de la colecci\u00f3n del Kunsthistorisches Museum (KHM) en Viena?<br \/>\n<\/strong>La colecci\u00f3n se inicia en el siglo XVII cuando el embajador austriaco trajo objetos egipcios desde Estambul a Viena. Otra parte pertenec\u00eda al Emperador Maximiliano de M\u00e9xico quien coleccionaba no para Viena sino para su propio museo en M\u00e9xico D.F. Cuando fue aniquilado por Benito Ju\u00e1rez la colecci\u00f3n no march\u00f3 para M\u00e9xico sino que regres\u00f3 a Viena. Luego, las excavaciones austriacas que se desarrollaron en Egipto en el periodo de entre guerras, ya en el siglo XX, ha facilitado que tengamos una de las colecciones m\u00e1s importantes del mundo.<\/p>\n<p class=\"img\"><img decoding=\"async\" loading=\"lazy\" class=\" size-full wp-image-43 aligncenter\" src=\"http:\/\/amigosdelantiguoegipto.com\/wp-content\/uploads\/varios\/entrevistas\/2009\/01\/wilfried-seipel-02.jpg\" alt=\"Wilfried Seipel\" width=\"400\" height=\"330\" \/><\/p>\n<p style=\"text-align: justify;\"><strong>\u00bfCu\u00e1ntas piezas est\u00e1n en exposici\u00f3n y cu\u00e1ntas en los almacenes del KHM?<br \/>\n<\/strong>Hicimos hace cinco a\u00f1os una especie de base de datos de todo el material. Hoy en las salas del KHM se pueden ver unos 1.500 objetos egipcios. En los almacenes contamos con 10.000 m\u00e1s, aunque todas las grandes piezas, las m\u00e1s importantes, est\u00e1n en la exposici\u00f3n permanente. Entre ellas hay que se\u00f1alar la cabeza de sustituci\u00f3n del Imperio Antiguo, algunas esculturas espectaculares del mismo per\u00edodo y un retrato de Sesostris III, parte de una antigua esfinge, piezas que no se pueden encontrar en ning\u00fan otro museo de Europa.<\/p>\n<p style=\"text-align: justify;\"><strong>\u00bfQu\u00e9 diferencia esta exposici\u00f3n de Tutankham\u00f3n de Viena con la de Londres?<br \/>\n<\/strong>La exposici\u00f3n de Londres se centra en la dinast\u00eda XVIII. Por el contrario, la de Viena ofrece una visi\u00f3n mucho m\u00e1s amplia de la Historia de Egipto partiendo desde las primeras dinast\u00edas hasta la \u00c9poca Tard\u00eda. Por lo tanto si alguien est\u00e1 interesado en contar con una percepci\u00f3n m\u00e1s generalista y conocer de cerca la evoluci\u00f3n y el desarrollo del arte egipcio a lo largo de su Historia, Viena es el mejor lugar para hacerlo.<\/p>\n","protected":false},"excerpt":{"rendered":"<p>Entrevistas a egipt\u00f3logos Nacho Ares &#8211; Marzo de 2008 Egipt\u00f3logo y director del Kunsthistorisches Museum (KHM) de Viena (Austria) Entrevista realizada en marzo de 2008 El Dr. Seipel es director del prestigioso Kunsthistorisches Museum (KHM) de Viena y, adem\u00e1s, un reconocido egipt\u00f3logo de renombre internacional. Su labor en el desarrollo de la exposici\u00f3n en Viena ha sido b\u00e1sico para el&#8230;<\/p>\n<p class=\"continue-reading-button\"> <a class=\"continue-reading-link\" href=\"http:\/\/amigosdelantiguoegipto.com\/?page_id=44\">Seguir leyendo<i class=\"crycon-right-dir\"><\/i><\/a><\/p>\n","protected":false},"author":1,"featured_media":0,"parent":0,"menu_order":12,"comment_status":"closed","ping_status":"closed","template":"","meta":{"ngg_post_thumbnail":0},"_links":{"self":[{"href":"http:\/\/amigosdelantiguoegipto.com\/index.php?rest_route=\/wp\/v2\/pages\/44"}],"collection":[{"href":"http:\/\/amigosdelantiguoegipto.com\/index.php?rest_route=\/wp\/v2\/pages"}],"about":[{"href":"http:\/\/amigosdelantiguoegipto.com\/index.php?rest_route=\/wp\/v2\/types\/page"}],"author":[{"embeddable":true,"href":"http:\/\/amigosdelantiguoegipto.com\/index.php?rest_route=\/wp\/v2\/users\/1"}],"replies":[{"embeddable":true,"href":"http:\/\/amigosdelantiguoegipto.com\/index.php?rest_route=%2Fwp%2Fv2%2Fcomments&post=44"}],"version-history":[{"count":0,"href":"http:\/\/amigosdelantiguoegipto.com\/index.php?rest_route=\/wp\/v2\/pages\/44\/revisions"}],"wp:attachment":[{"href":"http:\/\/amigosdelantiguoegipto.com\/index.php?rest_route=%2Fwp%2Fv2%2Fmedia&parent=44"}],"curies":[{"name":"wp","href":"https:\/\/api.w.org\/{rel}","templated":true}]}}