{"id":38,"date":"2009-01-31T18:48:47","date_gmt":"2009-01-31T18:48:47","guid":{"rendered":"http:\/\/amigosdelantiguoegipto.com\/angelo-sesana\/"},"modified":"2014-07-04T10:25:42","modified_gmt":"2014-07-04T10:25:42","slug":"angelo-sesana","status":"publish","type":"page","link":"http:\/\/amigosdelantiguoegipto.com\/?page_id=38","title":{"rendered":"Angelo Sesana"},"content":{"rendered":"<p style=\"text-align: justify;\"><a href=\"http:\/\/amigosdelantiguoegipto.com\/?p=12624\">Entrevistas a egipt\u00f3logos<\/a><\/p>\n<p style=\"text-align: right;\">Nacho Ares &#8211; Enero <span class=\"createdate\">de 2009<\/span><\/p>\n<p style=\"text-align: justify;\"><strong>Director del proyecto italiano de excavaci\u00f3n del templo funerario de Amenofis II en Luxor<\/strong><br \/>\nEntrevista realizada el 5 de enero de 2009 en Luxor<\/p>\n<div id=\"attachment_37\" style=\"width: 410px\" class=\"wp-caption aligncenter\"><img aria-describedby=\"caption-attachment-37\" decoding=\"async\" loading=\"lazy\" class=\"wp-image-37 size-full\" src=\"http:\/\/amigosdelantiguoegipto.com\/wp-content\/uploads\/varios\/entrevistas\/2009\/01\/angelo-sesana-01.jpg\" alt=\"Angelo Sesana\" width=\"400\" height=\"386\" \/><p id=\"caption-attachment-37\" class=\"wp-caption-text\">Angelo Sesana<\/p><\/div>\n<p style=\"text-align: justify;\">Junto al Rameseum, el templo funerario de Rams\u00e9s II, lindando con el camino que lleva a este templo de millones de a\u00f1os, se encuentra el de Amenofis II. Desde hace poco m\u00e1s de una d\u00e9cada es excavado por una misi\u00f3n arqueol\u00f3gica italiana dirigida por el Dr. Angelo Sesana. Presidente del Centro Comasco di Egittologia \u201cF. Ballerini\u201d Como, la asociaci\u00f3n transalpina dedicada al estudio del antiguo Egipto, su lengua y las culturas del Mediterr\u00e1neo, que \u00e9l mismo creara en 1993. Antes del templo de Amenofis II, el Dr. Sesana trabaj\u00f3 en el Valle de las Reinas y en el propio Rameseum de la mano del Dr. Leblanc.<\/p>\n<p style=\"text-align: justify;\">Nos encontramos con el Dr. Sesana durante el descanso que hace el grupo para desayunar en la cafeter\u00eda del Rameseum. \u201cEstamos trabajando en nuestra campa\u00f1a n\u00famero 11. Los primeros trabajos serios se realizaron en el a\u00f1o 1999, pero ya el a\u00f1o anterior llevamos a cabo una peque\u00f1a inspecci\u00f3n de campo. Era pr\u00e1cticamente una colina de detritus que tardamos casi dos a\u00f1os en eliminar. Paulatinamente iba viendo la luz la estructura del templo. Flinders Petrie excav\u00f3 aqu\u00ed a finales del siglo XIX, m\u00e1s o menos hacia 1894-1895. Su \u00fanica intenci\u00f3n era conocer el nombre de la persona que mand\u00f3 construir el templo. Por lo tanto se puede decir que somos los primeros en trabajar en el templo de Amenofis II ya que en todo este tiempo nadie ha excavado aqu\u00ed desde Petrie. No olvidemos que el antiguo camino de tierra que llevaba hasta el Rameseum pasaba justo por encima del templo. Tuvo que ser movido unos metros hacia el norte para que pudi\u00e9ramos trabajar\u201d.<\/p>\n<p style=\"text-align: justify;\">La estructura original del santuario hace pensar que, como sucede con todos los templos funerarios de esta parte de la necr\u00f3polis, los pilonos de acceso estaban localizados sobre lo que hoy es la zona de cultivo que se abre en la parte oriental. De ellos no se conserva absolutamente nada. Hace pocos a\u00f1os se realiz\u00f3 una cata a modo de sondeo para buscar la posici\u00f3n de los pilonos y, desafortunadamente, no se encontr\u00f3 nada. Hay que contar tambi\u00e9n que la zona en donde deb\u00eda de estar la entrada al templo hoy es paso de las canalizaciones de agua del cercano restaurante del Rameseum por lo que la humedad ha debido de destruir completamente los pilonos.<\/p>\n<p style=\"text-align: justify;\">\u201cCuando empezamos a trabajar nos percatamos de otro problema. No olvidemos que el problema que ha tenido este templo de Amenofis II es que, siendo vecino del de Rams\u00e9s II, muchas de sus piedras fueron reutilizadas en la construcci\u00f3n del Rameseum, lo mismo que sucedi\u00f3 con el de Amenofis III o el de Merneptah. Sabemos que durante el Tercer Per\u00edodo Intermedio, el templo se utiliz\u00f3 como necr\u00f3polis. Realmente son tumbas de poca importancia. En algunos casos hemos encontrado vasos canopos o restos humanos. Pero en l\u00edneas generales se trata de una necr\u00f3polis bastante pobre con la c\u00e1mara funeraria de las tumbas excavadas pr\u00e1cticamente en la arena. Su excavaci\u00f3n ha sido bastante peligrosa.<\/p>\n<p style=\"text-align: justify;\">El hecho de que pasaran por encima durante a\u00f1os los autobuses y coches que acercaban los turistas al templo de Rams\u00e9s II ha hecho que la estructura de estas habitaciones sea muy inestable. El peligro de derrumbe es grande por lo que su excavaci\u00f3n se nos presenta como algo impensable, ni siquiera colocando pilares de sujeci\u00f3n del techo. Al ser todo arena, su utilidad ser\u00eda pr\u00e1cticamente nula. Este tipo de tumbas son muy comunes en la zona ya que todo el pie de la monta\u00f1a es una necr\u00f3polis de este per\u00edodo o incluso de un tiempo antes, el Imperio Medio\u201d.<\/p>\n<p style=\"text-align: justify;\">El equipo italiano trabaja pr\u00e1cticamente un mes al a\u00f1o en el yacimiento. Se autofinancian casi completamente. Muchos de los especialistas se pagan ellos mismos el viaje y la estancia durante ese mes. \u201cEl equipo que viene de Italia lo formamos una veintena de personas entre antrop\u00f3logos, arque\u00f3logos, egipt\u00f3logos, etc. En cuanto a obreros locales, contamos con casi 200 personas. No olvidemos que las dimensiones del yacimiento son realmente grandes, m\u00e1s de 10.000 metros cuadrados.<\/p>\n","protected":false},"excerpt":{"rendered":"<p>Entrevistas a egipt\u00f3logos Nacho Ares &#8211; Enero de 2009 Director del proyecto italiano de excavaci\u00f3n del templo funerario de Amenofis II en Luxor Entrevista realizada el 5 de enero de 2009 en Luxor Junto al Rameseum, el templo funerario de Rams\u00e9s II, lindando con el camino que lleva a este templo de millones de a\u00f1os, se encuentra el de Amenofis&#8230;<\/p>\n<p class=\"continue-reading-button\"> <a class=\"continue-reading-link\" href=\"http:\/\/amigosdelantiguoegipto.com\/?page_id=38\">Seguir leyendo<i class=\"crycon-right-dir\"><\/i><\/a><\/p>\n","protected":false},"author":1,"featured_media":0,"parent":0,"menu_order":10,"comment_status":"closed","ping_status":"closed","template":"","meta":{"ngg_post_thumbnail":0},"_links":{"self":[{"href":"http:\/\/amigosdelantiguoegipto.com\/index.php?rest_route=\/wp\/v2\/pages\/38"}],"collection":[{"href":"http:\/\/amigosdelantiguoegipto.com\/index.php?rest_route=\/wp\/v2\/pages"}],"about":[{"href":"http:\/\/amigosdelantiguoegipto.com\/index.php?rest_route=\/wp\/v2\/types\/page"}],"author":[{"embeddable":true,"href":"http:\/\/amigosdelantiguoegipto.com\/index.php?rest_route=\/wp\/v2\/users\/1"}],"replies":[{"embeddable":true,"href":"http:\/\/amigosdelantiguoegipto.com\/index.php?rest_route=%2Fwp%2Fv2%2Fcomments&post=38"}],"version-history":[{"count":0,"href":"http:\/\/amigosdelantiguoegipto.com\/index.php?rest_route=\/wp\/v2\/pages\/38\/revisions"}],"wp:attachment":[{"href":"http:\/\/amigosdelantiguoegipto.com\/index.php?rest_route=%2Fwp%2Fv2%2Fmedia&parent=38"}],"curies":[{"name":"wp","href":"https:\/\/api.w.org\/{rel}","templated":true}]}}