{"id":30,"date":"2005-07-02T01:00:00","date_gmt":"2005-07-02T01:00:00","guid":{"rendered":"http:\/\/www.amigosdelantiguoegipto.com\/erlantz-zaitegi\/"},"modified":"2014-06-28T10:34:06","modified_gmt":"2014-06-28T10:34:06","slug":"erlantz-zaitegi","status":"publish","type":"page","link":"http:\/\/amigosdelantiguoegipto.com\/?page_id=30","title":{"rendered":"Dibujos de Erlantz Zaitegi"},"content":{"rendered":"<p class=\"centrar\"><a href=\"http:\/\/amigosdelantiguoegipto.com\/?p=8325\">Tus dibujos de 0 a 7 a\u00f1os <\/a><\/p>\n<p class=\"centrar\" style=\"text-align: right;\">Erlantz Zaitegi 7 a\u00f1os Bizkaia (Espa\u00f1a) &#8211;\u00a0<span class=\"createdate\">de Julio de 2005<\/span><\/p>\n<div class=\"mosimage\" style=\"float: center;\" align=\"center\">\n<div id=\"attachment_27\" style=\"width: 710px\" class=\"wp-caption aligncenter\"><img aria-describedby=\"caption-attachment-27\" decoding=\"async\" loading=\"lazy\" class=\"wp-image-27 size-full\" title=\"Fara\u00f3n\" src=\"http:\/\/www.amigosdelantiguoegipto.com\/wp-content\/uploads\/varios\/2005\/07\/erlantz_faraon.jpg\" alt=\"Fara\u00f3n\" width=\"700\" height=\"505\" border=\"0\" hspace=\"6\" \/><p id=\"caption-attachment-27\" class=\"wp-caption-text\">Fara\u00f3n<\/p><\/div>\n<\/div>\n<div class=\"mosimage\" style=\"float: center;\" align=\"center\">\n<div id=\"attachment_28\" style=\"width: 370px\" class=\"wp-caption aligncenter\"><img aria-describedby=\"caption-attachment-28\" decoding=\"async\" loading=\"lazy\" class=\"wp-image-28 size-full\" title=\"Anubis\" src=\"http:\/\/www.amigosdelantiguoegipto.com\/wp-content\/uploads\/varios\/2005\/07\/erlantz_anubis.jpg\" alt=\"Anubis\" width=\"360\" height=\"701\" border=\"0\" hspace=\"6\" \/><p id=\"caption-attachment-28\" class=\"wp-caption-text\">Anubis<\/p><\/div>\n<\/div>\n<div class=\"mosimage\" style=\"float: center;\" align=\"center\">\n<div id=\"attachment_29\" style=\"width: 345px\" class=\"wp-caption aligncenter\"><img aria-describedby=\"caption-attachment-29\" decoding=\"async\" loading=\"lazy\" class=\"wp-image-29 size-full\" title=\"Ra\" src=\"http:\/\/www.amigosdelantiguoegipto.com\/wp-content\/uploads\/varios\/2005\/07\/erlantz_ra.jpg\" alt=\"Ra\" width=\"335\" height=\"699\" border=\"0\" hspace=\"6\" \/><p id=\"caption-attachment-29\" class=\"wp-caption-text\">Ra<\/p><\/div>\n<\/div>\n","protected":false},"excerpt":{"rendered":"<p>Tus dibujos de 0 a 7 a\u00f1os Erlantz Zaitegi 7 a\u00f1os Bizkaia (Espa\u00f1a) &#8211;\u00a0de Julio de 2005<\/p>\n<p class=\"continue-reading-button\"> <a class=\"continue-reading-link\" href=\"http:\/\/amigosdelantiguoegipto.com\/?page_id=30\">Seguir leyendo<i class=\"crycon-right-dir\"><\/i><\/a><\/p>\n","protected":false},"author":1,"featured_media":0,"parent":0,"menu_order":13,"comment_status":"closed","ping_status":"closed","template":"","meta":{"ngg_post_thumbnail":0},"_links":{"self":[{"href":"http:\/\/amigosdelantiguoegipto.com\/index.php?rest_route=\/wp\/v2\/pages\/30"}],"collection":[{"href":"http:\/\/amigosdelantiguoegipto.com\/index.php?rest_route=\/wp\/v2\/pages"}],"about":[{"href":"http:\/\/amigosdelantiguoegipto.com\/index.php?rest_route=\/wp\/v2\/types\/page"}],"author":[{"embeddable":true,"href":"http:\/\/amigosdelantiguoegipto.com\/index.php?rest_route=\/wp\/v2\/users\/1"}],"replies":[{"embeddable":true,"href":"http:\/\/amigosdelantiguoegipto.com\/index.php?rest_route=%2Fwp%2Fv2%2Fcomments&post=30"}],"version-history":[{"count":0,"href":"http:\/\/amigosdelantiguoegipto.com\/index.php?rest_route=\/wp\/v2\/pages\/30\/revisions"}],"wp:attachment":[{"href":"http:\/\/amigosdelantiguoegipto.com\/index.php?rest_route=%2Fwp%2Fv2%2Fmedia&parent=30"}],"curies":[{"name":"wp","href":"https:\/\/api.w.org\/{rel}","templated":true}]}}