{"id":27,"date":"2002-07-13T01:00:00","date_gmt":"2002-07-13T01:00:00","guid":{"rendered":"http:\/\/amigosdelantiguoegipto.com\/el-faraon-de-egipto\/"},"modified":"2014-06-30T08:06:45","modified_gmt":"2014-06-30T08:06:45","slug":"el-faraon-de-egipto","status":"publish","type":"page","link":"http:\/\/amigosdelantiguoegipto.com\/?page_id=27","title":{"rendered":"El Fara\u00f3n de Egipto"},"content":{"rendered":"<p style=\"text-align: left;\"><a href=\"http:\/\/amigosdelantiguoegipto.com\/?p=8954\">Faraones<\/a><\/p>\n<p style=\"text-align: right;\">Cristina Carracedo &#8211; Julio de 2002<\/p>\n<p style=\"text-align: justify;\"><strong>\u00bfQui\u00e9n era el fara\u00f3n?<\/strong><br \/>\nEl fara\u00f3n era el rey de Egipto, y existieron much\u00edsimos a lo largo de toda su civilizaci\u00f3n. Estuvieron repartidos en treinta dinast\u00edas o familias reinantes, sucedi\u00e9ndose desde el inicio de su historia hacia el a\u00f1o 3100 a.C., hasta la llegada de los griegos en el a\u00f1o 332 a.C. Pero no todos los faraones fueron tan famosos como Rams\u00e9s II o Tutankham\u00f3n. Algunos reyes fueron olvidados.<\/p>\n<p style=\"text-align: justify;\"><strong>\u00bfSab\u00e9is qu\u00e9 significa la palabra fara\u00f3n?<\/strong><br \/>\nEs sencillo. El fara\u00f3n resid\u00eda en un espl\u00e9ndido palacio o <em>per-aa<\/em>, es decir, &#8220;casa grande&#8221;. Y de ese modo se le llamaba <em>fara\u00f3n<\/em>.<\/p>\n<p class=\"img\"><img decoding=\"async\" loading=\"lazy\" class=\" size-full wp-image-25 aligncenter\" title=\"El Fara\u00f3n de Egipto\" src=\"http:\/\/amigosdelantiguoegipto.com\/wp-content\/uploads\/varios\/faraones\/2002\/07\/faraon.jpg\" alt=\"El Fara\u00f3n de Egipto\" width=\"337\" height=\"288\" align=\"middle\" border=\"0\" hspace=\"6\" \/><\/p>\n<p style=\"text-align: justify;\"><strong>T\u00edtulos e insignias reales<\/strong><br \/>\nCuando un fara\u00f3n era coronado recib\u00eda cinco nombres que compon\u00edan su t\u00edtulo formal. Se escrib\u00eda dentro de un cartucho con forma ovalada. El que nosotros usamos es el quinto, aunque los egipcios empleaban el cuarto. Por ejemplo, a Tutankham\u00f3n le llamaban Nebkheprure.<\/p>\n<p style=\"text-align: justify;\">Los faraones vest\u00edan muy elegantes y tras su coronaci\u00f3n recib\u00edan varias insignias reales que usar\u00edan durante todo su reinado. Sobre el pecho cruzaban el flagelo o cetro <em>Nejej<\/em>, y el cetro <em>Heka<\/em> o cayado de pastor, s\u00edmbolos que representaban al dios Osiris.<br \/>\nEn la frente, el <em>ureus<\/em> representaba una cobra que le proteg\u00eda de los enemigos. Y usaban una <em>barba postiza<\/em> que se ataban con un cord\u00f3n.<\/p>\n<p style=\"text-align: justify;\">En la cabeza, se colocaban diferentes tocados. Se sol\u00eda cubrir la cabeza con el <em>nemes<\/em>, un tocado con rayas azules y blancas que ca\u00eda sobre los hombros. La corona azul o <em>jeperesh<\/em> se reservaba para los d\u00edas de fiesta y hac\u00eda referencia al dios sol.<\/p>\n<p style=\"text-align: justify;\">La <em>corona blanca<\/em> representaba al Alto Egipto. Y la <em>corona roja<\/em> al Bajo Egipto. Las dos unidas formaban la <em>sejemty<\/em>, que representaba la uni\u00f3n de las Dos Tierras.<\/p>\n<div class=\"mosimage\" align=\"center\">\n<div id=\"attachment_26\" style=\"width: 493px\" class=\"wp-caption aligncenter\"><img aria-describedby=\"caption-attachment-26\" decoding=\"async\" loading=\"lazy\" class=\"wp-image-26 size-full\" title=\"1-Corona Blanca 2-Corona Roja 3-Sejemty 4-Jeperesh 5-Nemes\" src=\"http:\/\/amigosdelantiguoegipto.com\/wp-content\/uploads\/varios\/faraones\/2002\/07\/tocados.jpg\" alt=\"1-Corona Blanca 2-Corona Roja 3-Sejemty 4-Jeperesh 5-Nemes\" width=\"483\" height=\"114\" border=\"0\" hspace=\"6\" \/><p id=\"caption-attachment-26\" class=\"wp-caption-text\">1-Corona Blanca 2-Corona Roja 3-Sejemty 4-Jeperesh 5-Nemes<\/p><\/div>\n<\/div>\n<p style=\"text-align: justify;\"><strong>El poder del fara\u00f3n<\/strong><br \/>\nEl fara\u00f3n ten\u00eda gran poder y fortuna, pero tambi\u00e9n muchas responsabilidades. Era jefe del gobierno, jefe del ej\u00e9rcito y jefe religioso.<\/p>\n<p style=\"text-align: justify;\">Como gobernante dictaba las leyes debiendo guardar el maat (armon\u00eda y orden), manteniendo unidas las tierras de Egipto. Por eso se le llamaba &#8220;Se\u00f1or de las Dos Tierras&#8221; (Alto y Bajo Egipto).<\/p>\n<p style=\"text-align: justify;\">Contaba con un gran n\u00famero de ministros y funcionarios para poder gobernar el pa\u00eds. Ten\u00eda un visir, que era una especie de presidente del gobierno, y siempre estaba junto al fara\u00f3n. El resto de asistentes lo formaban los consejeros, escribas y gobernantes de las provincias o nomos, as\u00ed conocidos como nomarcas.<\/p>\n<p style=\"text-align: justify;\">Como jefe del ej\u00e9rcito, los faraones eran entrenados como guerreros y dirig\u00edan el ej\u00e9rcito egipcio en las batallas. Aprend\u00eda a manejar las armas desde ni\u00f1o. Practicaba el tiro con arco en las cacer\u00edas de leones por el desierto.<\/p>\n<p style=\"text-align: justify;\">Como jefe religioso, ten\u00eda el deber de construir templos para hacer en ellos ofrendas a los dioses. Realizaba multitud de ceremonias para solicitar el favor de los dioses, por ejemplo, para pedir que la crecida del Nilo fuese beneficiosa y fertilizara las tierras. Contaba con la ayuda de los sacerdotes.<\/p>\n<p style=\"text-align: justify;\"><strong>Dios-rey<\/strong><br \/>\nFue considerado como un dios viviente. Como gobernante se le igualaba al dios real Horus. A veces se le consideraba como Ra, dios del sol. Y despu\u00e9s de su muerte se identificaba con Osiris, dios de los muertos.<\/p>\n<p style=\"text-align: justify;\"><strong>La reina<\/strong><br \/>\nUn fara\u00f3n pod\u00eda tener varias esposas, pero solamente una era la que reinaba junto a \u00e9l. As\u00ed la reina reciba el nombre de &#8220;Gran Esposa&#8221;. A veces se casaban con su propia hermana para fortalecer su acceso al trono, imitando a los dioses que igualmente se casaban entre hermanos.<br \/>\nLa sucesi\u00f3n de los faraones ven\u00eda generalmente de padres a hijos.<\/p>\n<p style=\"text-align: justify;\"><em><strong>* ilustraciones: Civilizaciones Antiguas, ver. esp., 2000, \u00c9d. Fleurus-Panini.<\/strong><\/em><\/p>\n","protected":false},"excerpt":{"rendered":"<p>Faraones Cristina Carracedo &#8211; Julio de 2002 \u00bfQui\u00e9n era el fara\u00f3n? El fara\u00f3n era el rey de Egipto, y existieron much\u00edsimos a lo largo de toda su civilizaci\u00f3n. Estuvieron repartidos en treinta dinast\u00edas o familias reinantes, sucedi\u00e9ndose desde el inicio de su historia hacia el a\u00f1o 3100 a.C., hasta la llegada de los griegos en el a\u00f1o 332 a.C. Pero&#8230;<\/p>\n<p class=\"continue-reading-button\"> <a class=\"continue-reading-link\" href=\"http:\/\/amigosdelantiguoegipto.com\/?page_id=27\">Seguir leyendo<i class=\"crycon-right-dir\"><\/i><\/a><\/p>\n","protected":false},"author":1,"featured_media":0,"parent":0,"menu_order":4,"comment_status":"closed","ping_status":"closed","template":"","meta":{"ngg_post_thumbnail":0},"_links":{"self":[{"href":"http:\/\/amigosdelantiguoegipto.com\/index.php?rest_route=\/wp\/v2\/pages\/27"}],"collection":[{"href":"http:\/\/amigosdelantiguoegipto.com\/index.php?rest_route=\/wp\/v2\/pages"}],"about":[{"href":"http:\/\/amigosdelantiguoegipto.com\/index.php?rest_route=\/wp\/v2\/types\/page"}],"author":[{"embeddable":true,"href":"http:\/\/amigosdelantiguoegipto.com\/index.php?rest_route=\/wp\/v2\/users\/1"}],"replies":[{"embeddable":true,"href":"http:\/\/amigosdelantiguoegipto.com\/index.php?rest_route=%2Fwp%2Fv2%2Fcomments&post=27"}],"version-history":[{"count":0,"href":"http:\/\/amigosdelantiguoegipto.com\/index.php?rest_route=\/wp\/v2\/pages\/27\/revisions"}],"wp:attachment":[{"href":"http:\/\/amigosdelantiguoegipto.com\/index.php?rest_route=%2Fwp%2Fv2%2Fmedia&parent=27"}],"curies":[{"name":"wp","href":"https:\/\/api.w.org\/{rel}","templated":true}]}}