{"id":250,"date":"2007-08-31T22:50:06","date_gmt":"2007-08-31T22:50:06","guid":{"rendered":"http:\/\/amigosdelantiguoegipto.com\/egipto-signos-y-simbolos-de-lo-sagrado-entradas-letra-r\/"},"modified":"2014-07-16T12:43:17","modified_gmt":"2014-07-16T12:43:17","slug":"egipto-signos-y-simbolos-de-lo-sagrado-entradas-letra-r","status":"publish","type":"page","link":"http:\/\/amigosdelantiguoegipto.com\/?page_id=250","title":{"rendered":"Egipto: signos y s\u00edmbolos de lo sagrado &#8211; Letra R"},"content":{"rendered":"<p style=\"text-align: center;\"><a href=\"http:\/\/amigosdelantiguoegipto.com\/?p=12485\">[Introducci\u00f3n]<\/a><br \/>\n[<a title=\"Egipto: signos y s\u00edmbolos de lo sagrado \u2013 Letra A\" href=\"http:\/\/amigosdelantiguoegipto.com\/?page_id=12465\">A<\/a>] [<a title=\"Egipto: signos y s\u00edmbolos de lo sagrado \u2013 Letra B\" href=\"http:\/\/amigosdelantiguoegipto.com\/?page_id=12466\">B<\/a>] [<a title=\"Egipto: signos y s\u00edmbolos de lo sagrado \u2013 Letra C-\" href=\"http:\/\/amigosdelantiguoegipto.com\/?page_id=12467\">C<\/a>] [<a title=\"Egipto: signos y s\u00edmbolos de lo sagrado \u2013 Letra D\" href=\"http:\/\/amigosdelantiguoegipto.com\/?page_id=12468\">D<\/a>] [<a title=\"Egipto: signos y s\u00edmbolos de lo sagrado \u2013 Letra E\" href=\"http:\/\/amigosdelantiguoegipto.com\/?page_id=12469\">E<\/a>] [<a title=\"Egipto: signos y s\u00edmbolos de lo sagrado \u2013 Letra F\" href=\"http:\/\/amigosdelantiguoegipto.com\/?page_id=12470\">F<\/a>] [<a title=\"Egipto: signos y s\u00edmbolos de lo sagrado \u2013 Letra G\" href=\"http:\/\/amigosdelantiguoegipto.com\/?page_id=12471\">G<\/a>] [<a title=\"Egipto: signos y s\u00edmbolos de lo sagrado \u2013 Letra H\" href=\"http:\/\/amigosdelantiguoegipto.com\/?page_id=131\">H<\/a>] [<a title=\"Egipto: signos y s\u00edmbolos de lo sagrado \u2013 Letra I-\" href=\"http:\/\/amigosdelantiguoegipto.com\/?page_id=134\">I<\/a>] [<a title=\"Egipto: signos y s\u00edmbolos de lo sagrado \u2013 Letra J-\" href=\"http:\/\/amigosdelantiguoegipto.com\/?page_id=12472\">J<\/a>][<a title=\"Egipto: signos y s\u00edmbolos de lo sagrado \u2013 Letra K\" href=\"http:\/\/amigosdelantiguoegipto.com\/?page_id=12473\">K<\/a>]<br \/>\n[<a title=\"Egipto: signos y s\u00edmbolos de lo sagrado \u2013 Letra L\" href=\"http:\/\/amigosdelantiguoegipto.com\/?page_id=12474\">L]<\/a> [<a title=\"Egipto: signos y s\u00edmbolos de lo sagrado \u2013 Letra M\" href=\"http:\/\/amigosdelantiguoegipto.com\/?page_id=12475\">M<\/a>] [<a title=\"Egipto: signos y s\u00edmbolos de lo sagrado \u2013 Letra N\" href=\"http:\/\/amigosdelantiguoegipto.com\/?page_id=189\">N<\/a>] [<a title=\"Egipto: signos y s\u00edmbolos de lo sagrado \u2013 Letra O\" href=\"http:\/\/amigosdelantiguoegipto.com\/?page_id=200\">O]<\/a> [<a title=\"Egipto: signos y s\u00edmbolos de lo sagrado \u2013 Letra P\" href=\"http:\/\/amigosdelantiguoegipto.com\/?page_id=12476\">P<\/a>] [R] [<a title=\"Egipto: signos y s\u00edmbolos de lo sagrado \u2013 Letra S\" href=\"http:\/\/amigosdelantiguoegipto.com\/?page_id=285\">S<\/a>] [<a title=\"Egipto: signos y s\u00edmbolos de lo sagrado \u2013 Letra T\" href=\"http:\/\/amigosdelantiguoegipto.com\/?page_id=305\">T<\/a>] [<a title=\"Egipto: signos y s\u00edmbolos de lo sagrado \u2013 Letra U\" href=\"http:\/\/amigosdelantiguoegipto.com\/?page_id=12462\">U<\/a>] [<a title=\"Egipto: signos y s\u00edmbolos de lo sagrado \u2013 Letra V\" href=\"http:\/\/amigosdelantiguoegipto.com\/?page_id=12463\">V<\/a>]<\/p>\n<p style=\"text-align: right;\">Elisa Castel Ronda &#8211; Agosto de 2007<\/p>\n<h3 style=\"text-align: justify;\">RANA<\/h3>\n<p class=\"img\"><img decoding=\"async\" loading=\"lazy\" class=\" size-full wp-image-247 aligncenter\" title=\"Rana\" src=\"  http:\/\/amigosdelantiguoegipto.com\/wp-content\/uploads\/varios\/signos-simbolos\/2007\/08\/rana.jpg\" alt=\"Rana\" width=\"500\" height=\"333\" align=\"middle\" border=\"0\" hspace=\"6\" \/><\/p>\n<p style=\"text-align: justify;\">La rana es otro de los animales que se encuentran en el panorama religioso del antiguo Egipto al llevarse al terreno de lo divino animales y objetos de la naturaleza. De hecho su nombre gen\u00e9rico (<em>Q<\/em>rr) es quiz\u00e1 la onomatopeya del sonido que emiten.<br \/>\nEllas eran, junto las serpientes, eran las primeras que aparec\u00edan y se reproduc\u00edan en los islotes que emerg\u00edan tras la retirada de las aguas de la crecida del Nilo de una manera realmente prol\u00edfica. Su etapa de renacuajos y su transformaci\u00f3n en batracios adultos no acab\u00f3 de entenderse muy bien y se les asign\u00f3 un simbolismo religioso de transmutaci\u00f3n y renacimiento, de vida renovada, de generaci\u00f3n espont\u00e1nea puesto que se vincularon a lo ct\u00f3nico y primordial.<br \/>\nSeg\u00fan la cosmogon\u00eda de la ciudad de Herm\u00f3polis, el grupo responsable de incubar el huevo de donde naci\u00f3 Ra (el Sol) eran estas ranas y estas serpientes (la ogd\u00f3ada hermopolitana), siendo las ranas los miembros masculinos de estas parejas.<br \/>\nComo animal protector aparece representada en multitud de amuletos y en los llamados \u0093marfiles o cuchillo m\u00e1gicos\u0094, unos objetos que guardaban a las mujeres proporcion\u00e1ndoles protecci\u00f3n y fertilidad puesto que la rana fue responsable de que el embarazo de las mujeres llegara a buen t\u00e9rmino.<br \/>\nEl renacuajo sirvi\u00f3 para escribir el n\u00famero 100.000, es decir el que serv\u00eda para designar lo \u0093ilimitado\u0094, la regeneraci\u00f3n eterna y de la abundancia.<br \/>\nFue s\u00edmbolo del dios de la magia <em>Heka<\/em> y de la diosa del nacimiento Heket.<br \/>\nFinalmente, recordar su presencia iconogr\u00e1fica en contextos mero\u00edticos, representada sobre vasijas tal vez como s\u00edmbolo de presencia (permanente) de agua.<\/p>\n<h3 style=\"text-align: justify;\">REJIT<\/h3>\n<p class=\"img\"><img decoding=\"async\" loading=\"lazy\" class=\" size-full wp-image-248 aligncenter\" title=\"Rejit\" src=\"  http:\/\/amigosdelantiguoegipto.com\/wp-content\/uploads\/varios\/signos-simbolos\/2007\/08\/rejit.jpg\" alt=\"Rejit\" width=\"500\" height=\"336\" align=\"middle\" border=\"0\" hspace=\"6\" \/><\/p>\n<p style=\"text-align: justify;\">El p\u00e1jaro Rejit es un chorlito o avefr\u00eda que se represent\u00f3 con cuerpo y cabeza de p\u00e1jaro pero con brazos humanos, en muchos casos.<br \/>\nEl significado del Rejit parece haber variado a lo largo de la historia. La piedra de Palermo identifica a los <em>Rejit<\/em> con los nomos del Oeste del Delta pero diferentes estudiosos opinan que en \u00e9pocas remotas eran habitantes del Valle mientras que otros aseguran que son los invasores del Delta. En definitiva, el problema de los Rejit todav\u00eda hoy sigue siendo controvertido y a\u00fan no puede hacerse una valoraci\u00f3n definitiva.<br \/>\nLo cierto es que inicialmente el ave Rejit comenz\u00f3 a representar a los enemigos del pueblo egipcio, a los pueblos conquistados y finalmente simboliz\u00f3 simplemente al pueblo. Es de este modo como suele encontrarse en las partes p\u00fablicas de los templos, indicando los lugares m\u00e1s exteriores y accesibles del santuario.<\/p>\n<h3 style=\"text-align: justify;\">REPOSA-CABEZA<\/h3>\n<p class=\"img\"><img decoding=\"async\" loading=\"lazy\" class=\" size-full wp-image-249 aligncenter\" title=\"Reposa-cabeza\" src=\"  http:\/\/amigosdelantiguoegipto.com\/wp-content\/uploads\/varios\/signos-simbolos\/2007\/08\/reposa-cabeza.jpg\" alt=\"Reposa-cabeza\" width=\"473\" height=\"500\" align=\"middle\" border=\"0\" hspace=\"6\" \/><\/p>\n<p style=\"text-align: justify;\">El <em>Ueres<\/em> o reposa-cabeza fue un utensilio r\u00edgido que los egipcios emplearon, al menos desde el Reino Antiguo, a modo de \u0093almohada\u0094.<br \/>\nPod\u00edan adornarse con una serie de s\u00edmbolos, inscripciones o deidades que, de forma m\u00e1gica, a\u00f1ad\u00edan poder al objeto y lo dotaban de una carga protectora puesto que facilitaba el sue\u00f1o regenerador y evitaba que ning\u00fan genio o demonio pudiera amenazar a su usuario en uno de los momentos en que era m\u00e1s vulnerable.<br \/>\nEl reposacabezas guardaba cierta relaci\u00f3n con el Sol. Igual que \u00e9ste se levantaba cada ma\u00f1ana de entre dos colinas, el difunto (o el vivo) hac\u00eda lo propio cada ma\u00f1ana. De hecho el aspecto que presenta nos recuerda a la curvatura de las dos monta\u00f1as de donde tradicionalmente emerg\u00eda el astro solar.<br \/>\nRealmente resulta extra\u00f1o que un elemento tan inc\u00f3modo pudiera servir realmente para dormir, sin embargo ciertos pueblos de \u00c1frica, como por ejemplo la etnia Shilluk del Sud\u00e1n, utilizan una estructura similar, de madera, para evitar que durante la noche se estropeen sus elaborados peinados, realizados con motivo de ciertos rituales.<br \/>\nEl reposacabezas tambi\u00e9n sirvi\u00f3 de amuleto y se reprodujo a escala reducida. De este modo tuvo varias funciones: sustituir al de tama\u00f1o natural, al que el difunto hab\u00eda empleado en vida, pero adem\u00e1s orientar la cabeza del difunto, levantarla para la resurrecci\u00f3n y protegerla de cualquier eventualidad, ya que una de las mayores preocupaciones era perder la cabeza en el Mundo Subterr\u00e1neo.<\/p>\n","protected":false},"excerpt":{"rendered":"<p>[Introducci\u00f3n] [A] [B] [C] [D] [E] [F] [G] [H] [I] [J][K] [L] [M] [N] [O] [P] [R] [S] [T] [U] [V] Elisa Castel Ronda &#8211; Agosto de 2007 RANA La rana es otro de los animales que se encuentran en el panorama religioso del antiguo Egipto al llevarse al terreno de lo divino animales y objetos de la naturaleza. De&#8230;<\/p>\n<p class=\"continue-reading-button\"> <a class=\"continue-reading-link\" href=\"http:\/\/amigosdelantiguoegipto.com\/?page_id=250\">Seguir leyendo<i class=\"crycon-right-dir\"><\/i><\/a><\/p>\n","protected":false},"author":1,"featured_media":0,"parent":0,"menu_order":18,"comment_status":"closed","ping_status":"closed","template":"","meta":{"ngg_post_thumbnail":0},"_links":{"self":[{"href":"http:\/\/amigosdelantiguoegipto.com\/index.php?rest_route=\/wp\/v2\/pages\/250"}],"collection":[{"href":"http:\/\/amigosdelantiguoegipto.com\/index.php?rest_route=\/wp\/v2\/pages"}],"about":[{"href":"http:\/\/amigosdelantiguoegipto.com\/index.php?rest_route=\/wp\/v2\/types\/page"}],"author":[{"embeddable":true,"href":"http:\/\/amigosdelantiguoegipto.com\/index.php?rest_route=\/wp\/v2\/users\/1"}],"replies":[{"embeddable":true,"href":"http:\/\/amigosdelantiguoegipto.com\/index.php?rest_route=%2Fwp%2Fv2%2Fcomments&post=250"}],"version-history":[{"count":0,"href":"http:\/\/amigosdelantiguoegipto.com\/index.php?rest_route=\/wp\/v2\/pages\/250\/revisions"}],"wp:attachment":[{"href":"http:\/\/amigosdelantiguoegipto.com\/index.php?rest_route=%2Fwp%2Fv2%2Fmedia&parent=250"}],"curies":[{"name":"wp","href":"https:\/\/api.w.org\/{rel}","templated":true}]}}