{"id":23,"date":"2012-06-21T17:25:50","date_gmt":"2012-06-21T17:25:50","guid":{"rendered":"http:\/\/www.amigosdelantiguoegipto.com\/ceip-las-mimbres-2011-2012\/"},"modified":"2014-06-28T18:50:31","modified_gmt":"2014-06-28T18:50:31","slug":"ceip-las-mimbres-2011-2012","status":"publish","type":"page","link":"http:\/\/amigosdelantiguoegipto.com\/?page_id=23","title":{"rendered":"CEIP Las Mimbres (2011-2012)"},"content":{"rendered":"<p><a href=\"http:\/\/amigosdelantiguoegipto.com\/?p=8580%20\">Trabajos en Colegios e Instituciones<\/a><\/p>\n<p style=\"text-align: right;\"><span class=\"createby\">Francisco Garc\u00eda Jim\u00e9nez <\/span> <span class=\"createdate\"> 21- <span class=\"createdate\">Junio de 2012 <\/span><br \/>\n<\/span><\/p>\n<p>CEIP Las Mimbres (Maracena &#8211; Granada)<\/p>\n<p>&#8211; <a href=\"http:\/\/www.juntadeandalucia.es\/averroes\/centros-tic\/18601448\/helvia\/sitio\/index.cgi\" target=\"_blank\">Sitio web de CEIP Las Mimbres<\/a><\/p>\n<p style=\"text-align: justify;\">Dibujos realizados por los alumnos de 5\u00ba A durante el curso escolar 2011-2012, donde plasman su teor\u00eda de c\u00f3mo se construyeron las pir\u00e1mides, siendo el t\u00edtulo de este Proyecto BUILDING THE PYRAMIDS.<\/p>\n<p class=\"centrar\">A\u00edda Alarc\u00f3n Ortiz (Maracena &#8211; Granada)<\/p>\n<div class=\"mosimage\" style=\"float: center;\" align=\"center\"><img decoding=\"async\" loading=\"lazy\" class=\"aligncenter wp-image-6 size-full\" src=\"http:\/\/amigosdelantiguoegipto.com\/wp-content\/uploads\/varios\/colegios\/2012\/06\/aida-alarcon-ortiz.jpg\" alt=\"\" width=\"700\" height=\"495\" border=\"0\" hspace=\"6\" \/><\/div>\n<p class=\"centrar\">Alejandro S\u00e1nchez (Maracena &#8211; Granada)<\/p>\n<div class=\"mosimage\" style=\"float: center;\" align=\"center\"><img decoding=\"async\" loading=\"lazy\" class=\"aligncenter wp-image-7 size-full\" src=\"http:\/\/amigosdelantiguoegipto.com\/wp-content\/uploads\/varios\/colegios\/2012\/06\/alejandro-sanchez.jpg\" alt=\"\" width=\"700\" height=\"475\" border=\"0\" hspace=\"6\" \/><\/div>\n<p class=\"centrar\">Alex Cabello Ram\u00edrez (Maracena &#8211; Granada)<\/p>\n<div class=\"mosimage\" style=\"float: center;\" align=\"center\"><img decoding=\"async\" loading=\"lazy\" class=\" size-full wp-image-8\" src=\"http:\/\/amigosdelantiguoegipto.com\/wp-content\/uploads\/varios\/colegios\/2012\/06\/alex-cabello-ramirez.jpg\" alt=\"\" width=\"700\" height=\"507\" border=\"0\" hspace=\"6\" \/><\/div>\n<p class=\"centrar\">Cintia Barranco Gonz\u00e1lez (Maracena &#8211; Granada)<\/p>\n<div class=\"mosimage\" style=\"float: center;\" align=\"center\"><img decoding=\"async\" loading=\"lazy\" class=\" size-full wp-image-9\" src=\"http:\/\/amigosdelantiguoegipto.com\/wp-content\/uploads\/varios\/colegios\/2012\/06\/cintia-barranco-gonzalez.jpg\" alt=\"\" width=\"700\" height=\"509\" border=\"0\" hspace=\"6\" \/><\/div>\n<p class=\"centrar\">Diego Casternado Cucharero (Maracena &#8211; Granada)<\/p>\n<div class=\"mosimage\" style=\"float: center;\" align=\"center\"><img decoding=\"async\" loading=\"lazy\" class=\" size-full wp-image-10\" src=\"http:\/\/amigosdelantiguoegipto.com\/wp-content\/uploads\/varios\/colegios\/2012\/06\/diego-casternado-cucharero.jpg\" alt=\"\" width=\"700\" height=\"509\" border=\"0\" hspace=\"6\" \/><\/div>\n<p class=\"centrar\">Gonzalo Calvo Guti\u00e9rrez (Maracena &#8211; Granada)<\/p>\n<div class=\"mosimage\" style=\"float: center;\" align=\"center\"><img decoding=\"async\" loading=\"lazy\" class=\" size-full wp-image-11\" src=\"http:\/\/amigosdelantiguoegipto.com\/wp-content\/uploads\/varios\/colegios\/2012\/06\/gonzalo-calvo-gutierrez.jpg\" alt=\"\" width=\"700\" height=\"517\" border=\"0\" hspace=\"6\" \/><\/div>\n<p class=\"centrar\">Jes\u00fas Nullor (Maracena &#8211; Granada)<\/p>\n<div class=\"mosimage\" style=\"float: center;\" align=\"center\"><img decoding=\"async\" loading=\"lazy\" class=\" size-full wp-image-12\" src=\"http:\/\/amigosdelantiguoegipto.com\/wp-content\/uploads\/varios\/colegios\/2012\/06\/jesus-mullor.jpg\" alt=\"\" width=\"700\" height=\"508\" border=\"0\" hspace=\"6\" \/><\/div>\n<p class=\"centrar\">Jos\u00e9 Carlos Bravo P\u00e9rez (Maracena &#8211; Granada)<\/p>\n<div class=\"mosimage\" style=\"float: center;\" align=\"center\"><img decoding=\"async\" loading=\"lazy\" class=\" size-full wp-image-13\" src=\"http:\/\/amigosdelantiguoegipto.com\/wp-content\/uploads\/varios\/colegios\/2012\/06\/jose-carlos-bravo-perez.jpg\" alt=\"\" width=\"700\" height=\"508\" border=\"0\" hspace=\"6\" \/><\/div>\n<p class=\"centrar\">Julio del Pino (Maracena &#8211; Granada)<\/p>\n<div class=\"mosimage\" style=\"float: center;\" align=\"center\"><img decoding=\"async\" loading=\"lazy\" class=\" size-full wp-image-14\" src=\"http:\/\/amigosdelantiguoegipto.com\/wp-content\/uploads\/varios\/colegios\/2012\/06\/julio-del-pino.jpg\" alt=\"\" width=\"700\" height=\"509\" border=\"0\" hspace=\"6\" \/><\/div>\n<p class=\"centrar\">Laura D\u00edaz L\u00f3pez (Maracena &#8211; Granada)<\/p>\n<div class=\"mosimage\" style=\"float: center;\" align=\"center\"><img decoding=\"async\" loading=\"lazy\" class=\" size-full wp-image-15\" src=\"http:\/\/amigosdelantiguoegipto.com\/wp-content\/uploads\/varios\/colegios\/2012\/06\/laura-diaz-lopez.jpg\" alt=\"\" width=\"700\" height=\"494\" border=\"0\" hspace=\"6\" \/><\/div>\n<p class=\"centrar\">Mar\u00eda Dom\u00ednguez Conde (Maracena &#8211; Granada)<\/p>\n<div class=\"mosimage\" style=\"float: center;\" align=\"center\"><img decoding=\"async\" loading=\"lazy\" class=\" size-full wp-image-16\" src=\"http:\/\/amigosdelantiguoegipto.com\/wp-content\/uploads\/varios\/colegios\/2012\/06\/maria-dominguez-conde.jpg\" alt=\"\" width=\"700\" height=\"491\" border=\"0\" hspace=\"6\" \/><\/div>\n<p class=\"centrar\">Marina Castillo (Maracena &#8211; Granada)<\/p>\n<div class=\"mosimage\" style=\"float: center;\" align=\"center\"><img decoding=\"async\" loading=\"lazy\" class=\" size-full wp-image-17\" src=\"http:\/\/amigosdelantiguoegipto.com\/wp-content\/uploads\/varios\/colegios\/2012\/06\/marina-castillo.jpg\" alt=\"\" width=\"700\" height=\"493\" border=\"0\" hspace=\"6\" \/><\/div>\n<p class=\"centrar\">Sergio Barbero Jim\u00e9nez (Maracena &#8211; Granada)<\/p>\n<div class=\"mosimage\" style=\"float: center;\" align=\"center\"><img decoding=\"async\" loading=\"lazy\" class=\" size-full wp-image-18\" src=\"http:\/\/amigosdelantiguoegipto.com\/wp-content\/uploads\/varios\/colegios\/2012\/06\/sergio-barbero-jimenez.jpg\" alt=\"\" width=\"700\" height=\"493\" border=\"0\" hspace=\"6\" \/><\/div>\n<p class=\"centrar\">Sergio Cort\u00e9s G\u00f3mez (Maracena &#8211; Granada)<\/p>\n<div class=\"mosimage\" style=\"float: center;\" align=\"center\"><img decoding=\"async\" loading=\"lazy\" class=\" size-full wp-image-19\" src=\"http:\/\/amigosdelantiguoegipto.com\/wp-content\/uploads\/varios\/colegios\/2012\/06\/sergio-cortez-gomez.jpg\" alt=\"\" width=\"700\" height=\"493\" border=\"0\" hspace=\"6\" \/><\/div>\n<div class=\"mosimage\" style=\"float: center;\" align=\"center\"><img decoding=\"async\" loading=\"lazy\" class=\" size-full wp-image-20\" src=\"http:\/\/amigosdelantiguoegipto.com\/wp-content\/uploads\/varios\/colegios\/2012\/06\/sergio-cortes-gomez-2.jpg\" alt=\"\" width=\"700\" height=\"491\" border=\"0\" hspace=\"6\" \/><\/div>\n<p class=\"centrar\">Virginia \u00c1rbol Robles (Maracena &#8211; Granada)<\/p>\n<div class=\"mosimage\" style=\"float: center;\" align=\"center\"><img decoding=\"async\" loading=\"lazy\" class=\" size-full wp-image-21\" src=\"http:\/\/amigosdelantiguoegipto.com\/wp-content\/uploads\/varios\/colegios\/2012\/06\/virginia-arbol-robles.jpg\" alt=\"\" width=\"700\" height=\"508\" border=\"0\" hspace=\"6\" \/><\/div>\n<p class=\"centrar\">Yasmin Enachachi (Maracena &#8211; Granada)<\/p>\n<div class=\"mosimage\" style=\"float: center;\" align=\"center\"><img decoding=\"async\" loading=\"lazy\" class=\" size-full wp-image-22\" src=\"http:\/\/amigosdelantiguoegipto.com\/wp-content\/uploads\/varios\/colegios\/2012\/06\/yasmin-enachachi.jpg\" alt=\"\" width=\"700\" height=\"494\" border=\"0\" hspace=\"6\" \/><\/div>\n","protected":false},"excerpt":{"rendered":"<p>Trabajos en Colegios e Instituciones Francisco Garc\u00eda Jim\u00e9nez 21- Junio de 2012 CEIP Las Mimbres (Maracena &#8211; Granada) &#8211; Sitio web de CEIP Las Mimbres Dibujos realizados por los alumnos de 5\u00ba A durante el curso escolar 2011-2012, donde plasman su teor\u00eda de c\u00f3mo se construyeron las pir\u00e1mides, siendo el t\u00edtulo de este Proyecto BUILDING THE PYRAMIDS. A\u00edda Alarc\u00f3n Ortiz&#8230;<\/p>\n<p class=\"continue-reading-button\"> <a class=\"continue-reading-link\" href=\"http:\/\/amigosdelantiguoegipto.com\/?page_id=23\">Seguir leyendo<i class=\"crycon-right-dir\"><\/i><\/a><\/p>\n","protected":false},"author":1,"featured_media":0,"parent":0,"menu_order":2,"comment_status":"closed","ping_status":"closed","template":"","meta":{"ngg_post_thumbnail":0},"_links":{"self":[{"href":"http:\/\/amigosdelantiguoegipto.com\/index.php?rest_route=\/wp\/v2\/pages\/23"}],"collection":[{"href":"http:\/\/amigosdelantiguoegipto.com\/index.php?rest_route=\/wp\/v2\/pages"}],"about":[{"href":"http:\/\/amigosdelantiguoegipto.com\/index.php?rest_route=\/wp\/v2\/types\/page"}],"author":[{"embeddable":true,"href":"http:\/\/amigosdelantiguoegipto.com\/index.php?rest_route=\/wp\/v2\/users\/1"}],"replies":[{"embeddable":true,"href":"http:\/\/amigosdelantiguoegipto.com\/index.php?rest_route=%2Fwp%2Fv2%2Fcomments&post=23"}],"version-history":[{"count":0,"href":"http:\/\/amigosdelantiguoegipto.com\/index.php?rest_route=\/wp\/v2\/pages\/23\/revisions"}],"wp:attachment":[{"href":"http:\/\/amigosdelantiguoegipto.com\/index.php?rest_route=%2Fwp%2Fv2%2Fmedia&parent=23"}],"curies":[{"name":"wp","href":"https:\/\/api.w.org\/{rel}","templated":true}]}}