{"id":20902,"date":"2018-07-11T11:58:18","date_gmt":"2018-07-11T11:58:18","guid":{"rendered":"http:\/\/amigosdelantiguoegipto.com\/?page_id=20902"},"modified":"2018-07-11T11:58:18","modified_gmt":"2018-07-11T11:58:18","slug":"la-creacion-el-mito-heliopolitano","status":"publish","type":"page","link":"http:\/\/amigosdelantiguoegipto.com\/?page_id=20902","title":{"rendered":"La Creaci\u00f3n &#8211; El mito heliopolitano"},"content":{"rendered":"<p><a href=\"http:\/\/amigosdelantiguoegipto.com\/?p=8222\">Tus trabajos escolares<\/a><\/p>\n<p style=\"text-align: right;\">Daniela Arrocha Robayna- junio de 2018<\/p>\n<p>Daniela es una joven Amiga del antiguo Egipto que estudia t<span class=\"_3oh- _58nk\">ercera de Primaria en el CEIP Capellania del Y\u00e1gabo, de la isla de Lanzarote. Ha hecho este video sobre Tutankham\u00f3n en clase de charlas (lengua), con su profesora Mercedes Pazo Cainzo. Muchas gracias a Daniela y sus familiares y profesores pos divulgar la cultura del antiguo Egipto entre los m\u00e1s peque\u00f1os.<br \/>\n<\/span><\/p>\n<p>En esta ocasi\u00f3n nos muestra un trabajo sobre el mito de la Creaci\u00f3n seg\u00fan la teor\u00eda heliopolitana.<\/p>\n<p><iframe loading=\"lazy\" width=\"900\" height=\"506\" src=\"https:\/\/www.youtube.com\/embed\/6YcS-EEDIEo?feature=oembed\" frameborder=\"0\" allow=\"autoplay; encrypted-media\" allowfullscreen><\/iframe><\/p>\n","protected":false},"excerpt":{"rendered":"<p>Tus trabajos escolares Daniela Arrocha Robayna- junio de 2018 Daniela es una joven Amiga del antiguo Egipto que estudia tercera de Primaria en el CEIP Capellania del Y\u00e1gabo, de la isla de Lanzarote. Ha hecho este video sobre Tutankham\u00f3n en clase de charlas (lengua), con su profesora Mercedes Pazo Cainzo. Muchas gracias a Daniela y sus familiares y profesores pos&#8230;<\/p>\n<p class=\"continue-reading-button\"> <a class=\"continue-reading-link\" href=\"http:\/\/amigosdelantiguoegipto.com\/?page_id=20902\">Seguir leyendo<i class=\"crycon-right-dir\"><\/i><\/a><\/p>\n","protected":false},"author":1,"featured_media":0,"parent":0,"menu_order":0,"comment_status":"closed","ping_status":"closed","template":"","meta":{"ngg_post_thumbnail":0},"_links":{"self":[{"href":"http:\/\/amigosdelantiguoegipto.com\/index.php?rest_route=\/wp\/v2\/pages\/20902"}],"collection":[{"href":"http:\/\/amigosdelantiguoegipto.com\/index.php?rest_route=\/wp\/v2\/pages"}],"about":[{"href":"http:\/\/amigosdelantiguoegipto.com\/index.php?rest_route=\/wp\/v2\/types\/page"}],"author":[{"embeddable":true,"href":"http:\/\/amigosdelantiguoegipto.com\/index.php?rest_route=\/wp\/v2\/users\/1"}],"replies":[{"embeddable":true,"href":"http:\/\/amigosdelantiguoegipto.com\/index.php?rest_route=%2Fwp%2Fv2%2Fcomments&post=20902"}],"version-history":[{"count":1,"href":"http:\/\/amigosdelantiguoegipto.com\/index.php?rest_route=\/wp\/v2\/pages\/20902\/revisions"}],"predecessor-version":[{"id":20903,"href":"http:\/\/amigosdelantiguoegipto.com\/index.php?rest_route=\/wp\/v2\/pages\/20902\/revisions\/20903"}],"wp:attachment":[{"href":"http:\/\/amigosdelantiguoegipto.com\/index.php?rest_route=%2Fwp%2Fv2%2Fmedia&parent=20902"}],"curies":[{"name":"wp","href":"https:\/\/api.w.org\/{rel}","templated":true}]}}