{"id":1960,"date":"2014-06-12T09:38:12","date_gmt":"2014-06-12T09:38:12","guid":{"rendered":"http:\/\/amigosdelantiguoegipto.com\/?page_id=1960"},"modified":"2014-06-12T09:43:25","modified_gmt":"2014-06-12T09:43:25","slug":"los-palacios-del-norte","status":"publish","type":"page","link":"http:\/\/amigosdelantiguoegipto.com\/?page_id=1960","title":{"rendered":"Los Palacios del Norte"},"content":{"rendered":"<p align=\"justify\">A cerca de un kil\u00f3metro del Barrio del Norte, hay una serie de estructuras ruinosas. Estas estructuras, separadas unos doscientos metros, parecen corresponder a un complejo palaciego completo, estando compuesto por el llamado Palacio de la Ribera del Norte y el Palacio del Norte.<\/p>\n<h3 align=\"justify\">Palacio de la ribera norte<\/h3>\n<p align=\"justify\">A unos doscientos metros al Norte del Palacio de Tiy, se levantan los restos de un puente que cruza la Avenida Real, de la misma forma que la existente en la Ciudad Centro. Este puente conduce a la entrada Sur de un edificio destruido casi completamente, pero que probablemente se extendia unos 800 metros hacia el Norte y conten\u00eda un complejo de edificios que abarcaba un palacio construido sobre las terrazas a lo largo de la orilla del Nilo. Si \u00e9ste era el palacio representado (esquina superior derecha) en la <a title=\"Tumba de Mahu (TA9)\" href=\"http:\/\/amigosdelantiguoegipto.com\/?page_id=1919\">tumba de Mahu<\/a>, el jefe de la guardia, como punto de destino al que los carros reales volv\u00edan procedente de su visita al Gran Templo, podr\u00eda parecer que su entrada guarda un estrecho parecido a una fortaleza (migdol) que como la Mansi\u00f3n de At\u00f3n puede representar un complejo f\u00fanebre o Casa de Millones de A\u00f1os.<\/p>\n<p align=\"justify\">Este Palacio, ce\u00f1ido por una impresionante muralla, fue probablemente la residenci principal del monarca, querdando el Gran Palacio de la Ciudad Central como palacio de recepciones y dem\u00e1s elementos sociales. Esto se puede intuir dada su privacidad, su separaci\u00f3n y su protecci\u00f3n. Parte de esta muralla, en la cual se abre una entrada inmensa, sigue siendo una estructura notoria. Entre la muralla y el palacio en s\u00ed hab\u00eda almacenes y otros edificios, los cuales pudieron haber sido los barracones del cuerpo de guardia del rey.<\/p>\n<p align=\"justify\">Al este de \u00e9ste palacio quedan casas acomodadas que a falta de un examen m\u00e1s completo, pod\u00edan haber sido ocupadas por miembros de la familia real o por sus m\u00e1s \u00edntimos cortesanos. Los t\u00edtulos y nombres da\u00f1ados de la reina Tiy y de Smenjkare est\u00e1n inscritos sobre la piedra de las jambas de estas estructuras, por lo que la reina Tiy pudo residir en esta palacio, junto con la pareja real, en su visita del a\u00f1o AK9-11 y tras su traslado en el AK12.<\/p>\n<div style=\"width: 510px\" class=\"wp-caption aligncenter\"><img decoding=\"async\" loading=\"lazy\" title=\"Plano de los Palacios del Norte de Amarna, seg\u00fan B.J. Kemp\" src=\"http:\/\/amigosdelantiguoegipto.com\/wp-content\/uploads\/2014\/06\/palacios-norte01.gif\" alt=\"Plano de los Palacios del Norte de Amarna, seg\u00fan B.J. Kemp\" width=\"500\" height=\"488\" align=\"absmiddle\" border=\"1\" hspace=\"35\" vspace=\"5\" \/><p class=\"wp-caption-text\">Plano de los Palacios del Norte de Amarna, seg\u00fan B.J. Kemp<\/p><\/div>\n<h3>Palacio norte<\/h3>\n<div style=\"width: 286px\" class=\"wp-caption alignleft\"><img decoding=\"async\" loading=\"lazy\" title=\"Plano del Palacio del Norte.\" src=\"http:\/\/amigosdelantiguoegipto.com\/wp-content\/uploads\/2014\/06\/palacios-norte02.gif \" alt=\"Plano del Palacio del Norte.\" width=\"276\" height=\"355\" align=\"left\" border=\"1\" hspace=\"10\" vspace=\"5\" \/><p class=\"wp-caption-text\">Plano del Palacio del Norte.<\/p><\/div>\n<p align=\"justify\">Un edificio, a pesar de todo el m\u00e1s meridional del grupo, ha sido completamente excavado, y se comprob\u00f3 que era un complejo de palacio y un jard\u00edn zool\u00f3gico poco habitual, con una sala de trono, salas hip\u00f3stilas, patios, capillas, despachos de administraci\u00f3n y un estanque. Sus nuevas caracter\u00edsticas eran un patio para ganado, rebecos y gacelas. Tambi\u00e9n habian pajareras con acceso a trav\u00e9s de una gran ventana abierta al patio del jard\u00edn. Los muros de una de estas habitaciones estaban tallados con nichos para nidos y pintados con frisos continuos de p\u00e1jaros entre plantas acu\u00e1ticas, una de las obras maestras de la pintura mural del mundo antiguo, conserv\u00e1ndose en el Museo de El Cairo.<\/p>\n<p align=\"justify\">Su condici\u00f3n de residencia real independiente se basa en su distribuci\u00f3n, ya que dispone de salones oficiales de recepci\u00f3n, unas dependencias de caracter dom\u00e9stico compuestas por dormitorio y sala de ba\u00f1o, un templo solar al aire libre, y los jardines y patos comentados anteriormente.<\/p>\n<p align=\"justify\">Los numerosos fragmentos e inscripciones recuperados revelan que la persona a la que estaba destinado el palacio era Meritat\u00f3n, la princesa mayor y heredera. Puede que se convirtiese en su residencia principal cuando, en vida de su padre, alcanz\u00f3 la mayor\u00eda de edad. Por su finalidad esencial, y su privacidad, se puede ajustar al tipo de palacio-har\u00e9n.<\/p>\n<p align=\"justify\">Una hip\u00f3tesis sobre la desaparici\u00f3n de Nefertiti, apunta a su retirada a un palacio, pudi\u00e9ndose tratar de esta edificaci\u00f3n. Sin embargo, los restos arqueol\u00f3gicos no muestran esta ocupaci\u00f3n, que deber\u00eda haber desplazado a Meritat\u00f3n. Este echo puede invalidar esta hip\u00f3tesis, coloc\u00e1ndola en una casa noble, en el palacio de <a title=\"El Maru-At\u00f3n\" href=\"http:\/\/amigosdelantiguoegipto.com\/?page_id=1955\">Kom el-Nana<\/a>, o posiblemente la realidad apunta en otra direcci\u00f3n totalmente distinta, como su fallecimiento o conversi\u00f3n en Smenjkare.<\/p>\n<p style=\"text-align: right;\">Miguel \u00c1ngel D\u00edaz<br \/>\nNoviembre de 2000<\/p>\n","protected":false},"excerpt":{"rendered":"<p>A cerca de un kil\u00f3metro del Barrio del Norte, hay una serie de estructuras ruinosas. Estas estructuras, separadas unos doscientos metros, parecen corresponder a un complejo palaciego completo, estando compuesto por el llamado Palacio de la Ribera del Norte y el Palacio del Norte. Palacio de la ribera norte A unos doscientos metros al Norte del Palacio de Tiy, se&#8230;<\/p>\n<p class=\"continue-reading-button\"> <a class=\"continue-reading-link\" href=\"http:\/\/amigosdelantiguoegipto.com\/?page_id=1960\">Seguir leyendo<i class=\"crycon-right-dir\"><\/i><\/a><\/p>\n","protected":false},"author":1,"featured_media":0,"parent":0,"menu_order":0,"comment_status":"closed","ping_status":"closed","template":"","meta":{"ngg_post_thumbnail":0},"_links":{"self":[{"href":"http:\/\/amigosdelantiguoegipto.com\/index.php?rest_route=\/wp\/v2\/pages\/1960"}],"collection":[{"href":"http:\/\/amigosdelantiguoegipto.com\/index.php?rest_route=\/wp\/v2\/pages"}],"about":[{"href":"http:\/\/amigosdelantiguoegipto.com\/index.php?rest_route=\/wp\/v2\/types\/page"}],"author":[{"embeddable":true,"href":"http:\/\/amigosdelantiguoegipto.com\/index.php?rest_route=\/wp\/v2\/users\/1"}],"replies":[{"embeddable":true,"href":"http:\/\/amigosdelantiguoegipto.com\/index.php?rest_route=%2Fwp%2Fv2%2Fcomments&post=1960"}],"version-history":[{"count":0,"href":"http:\/\/amigosdelantiguoegipto.com\/index.php?rest_route=\/wp\/v2\/pages\/1960\/revisions"}],"wp:attachment":[{"href":"http:\/\/amigosdelantiguoegipto.com\/index.php?rest_route=%2Fwp%2Fv2%2Fmedia&parent=1960"}],"curies":[{"name":"wp","href":"https:\/\/api.w.org\/{rel}","templated":true}]}}