{"id":134,"date":"2007-08-31T22:54:03","date_gmt":"2007-08-31T22:54:03","guid":{"rendered":"http:\/\/amigosdelantiguoegipto.com\/egipto-signos-y-simbolos-de-lo-sagrado-entradas-letra-i\/"},"modified":"2014-07-16T12:40:39","modified_gmt":"2014-07-16T12:40:39","slug":"egipto-signos-y-simbolos-de-lo-sagrado-entradas-letra-i","status":"publish","type":"page","link":"http:\/\/amigosdelantiguoegipto.com\/?page_id=134","title":{"rendered":"Egipto: signos y s\u00edmbolos de lo sagrado &#8211; Letra I"},"content":{"rendered":"<p style=\"text-align: center;\"><a href=\"http:\/\/amigosdelantiguoegipto.com\/?p=12485\">[Introducci\u00f3n]<\/a><br \/>\n[<a title=\"Egipto: signos y s\u00edmbolos de lo sagrado \u2013 Letra A\" href=\"http:\/\/amigosdelantiguoegipto.com\/?page_id=12465\">A<\/a>] [<a title=\"Egipto: signos y s\u00edmbolos de lo sagrado \u2013 Letra B\" href=\"http:\/\/amigosdelantiguoegipto.com\/?page_id=12466\">B<\/a>] [<a title=\"Egipto: signos y s\u00edmbolos de lo sagrado \u2013 Letra C-\" href=\"http:\/\/amigosdelantiguoegipto.com\/?page_id=12467\">C<\/a>] [<a title=\"Egipto: signos y s\u00edmbolos de lo sagrado \u2013 Letra D\" href=\"http:\/\/amigosdelantiguoegipto.com\/?page_id=12468\">D<\/a>] [<a title=\"Egipto: signos y s\u00edmbolos de lo sagrado \u2013 Letra E\" href=\"http:\/\/amigosdelantiguoegipto.com\/?page_id=12469\">E<\/a>] [<a title=\"Egipto: signos y s\u00edmbolos de lo sagrado \u2013 Letra F\" href=\"http:\/\/amigosdelantiguoegipto.com\/?page_id=12470\">F<\/a>] [<a title=\"Egipto: signos y s\u00edmbolos de lo sagrado \u2013 Letra G\" href=\"http:\/\/amigosdelantiguoegipto.com\/?page_id=12471\">G<\/a>] [<a title=\"Egipto: signos y s\u00edmbolos de lo sagrado \u2013 Letra H\" href=\"http:\/\/amigosdelantiguoegipto.com\/?page_id=131\">H<\/a>] [I] [<a title=\"Egipto: signos y s\u00edmbolos de lo sagrado \u2013 Letra J-\" href=\"http:\/\/amigosdelantiguoegipto.com\/?page_id=12472\">J<\/a>][<a title=\"Egipto: signos y s\u00edmbolos de lo sagrado \u2013 Letra K\" href=\"http:\/\/amigosdelantiguoegipto.com\/?page_id=12473\">K<\/a>]<br \/>\n[<a title=\"Egipto: signos y s\u00edmbolos de lo sagrado \u2013 Letra L\" href=\"http:\/\/amigosdelantiguoegipto.com\/?page_id=12474\">L]<\/a> [<a title=\"Egipto: signos y s\u00edmbolos de lo sagrado \u2013 Letra M\" href=\"http:\/\/amigosdelantiguoegipto.com\/?page_id=12475\">M<\/a>] [<a title=\"Egipto: signos y s\u00edmbolos de lo sagrado \u2013 Letra N\" href=\"http:\/\/amigosdelantiguoegipto.com\/?page_id=189\">N<\/a>] [<a title=\"Egipto: signos y s\u00edmbolos de lo sagrado \u2013 Letra O\" href=\"http:\/\/amigosdelantiguoegipto.com\/?page_id=200\">O]<\/a> [<a title=\"Egipto: signos y s\u00edmbolos de lo sagrado \u2013 Letra P\" href=\"http:\/\/amigosdelantiguoegipto.com\/?page_id=12476\">P<\/a>] [<a title=\"Egipto: signos y s\u00edmbolos de lo sagrado \u2013 Letra R\" href=\"http:\/\/amigosdelantiguoegipto.com\/?page_id=250\">R<\/a>] [<a title=\"Egipto: signos y s\u00edmbolos de lo sagrado \u2013 Letra S\" href=\"http:\/\/amigosdelantiguoegipto.com\/?page_id=285\">S<\/a>] [<a title=\"Egipto: signos y s\u00edmbolos de lo sagrado \u2013 Letra T\" href=\"http:\/\/amigosdelantiguoegipto.com\/?page_id=305\">T<\/a>] [<a title=\"Egipto: signos y s\u00edmbolos de lo sagrado \u2013 Letra U\" href=\"http:\/\/amigosdelantiguoegipto.com\/?page_id=12462\">U<\/a>] [<a title=\"Egipto: signos y s\u00edmbolos de lo sagrado \u2013 Letra V\" href=\"http:\/\/amigosdelantiguoegipto.com\/?page_id=12463\">V<\/a>]<\/p>\n<p style=\"text-align: right;\">Elisa Castel Ronda &#8211; Agosto de 2007<\/p>\n<h3 style=\"text-align: justify;\">IBIS<\/h3>\n<p class=\"img\"><img decoding=\"async\" loading=\"lazy\" class=\" size-full wp-image-132 aligncenter\" title=\"Ibis\" src=\"  http:\/\/amigosdelantiguoegipto.com\/wp-content\/uploads\/varios\/signos-simbolos\/2007\/08\/ibis.jpg\" alt=\"Ibis\" width=\"500\" height=\"366\" align=\"middle\" border=\"0\" hspace=\"6\" \/><\/p>\n<p style=\"text-align: justify;\">Los egipcios conocieron tres tipos distintos de Ibis, el <em>Threskiornis aethiopicus<\/em> o Ibis sagrado, el<em> Geonticus eremita<\/em> o Ibis religiosa y el <em>Plegadis falcinellus<\/em> o Ibis brillante<em>.<\/em> Sin embargo s\u00f3lo los dos primeros se asociaron con asuntos divinos: uno con el dios Thot y el otro con el <em>Aj<\/em>.<br \/>\nEl <em>Threskiornis aethiopicus<\/em> sirvi\u00f3 para representar la encarnaci\u00f3n terrestre de Thot.<br \/>\nEste ave migratoria se distingue, entre otras cosas, por su pico curvo y su persistencia al buscar de forma concienzuda y curiosa el terreno en busca de alimentos y el gusto por nutrirse de peces, insectos da\u00f1inos y serpientes, encarnaciones, en muchos casos, de las fuerzas del mal, condicionantes para identificarlo con la Luna (el pico curvo y color blanco) y en consecuencia con el control del tiempo (por su aparici\u00f3n peri\u00f3dica, el agua). Vinculado a las ciencias, gracias a su curiosa conducta, se pens\u00f3 que esta constante b\u00fasqueda de alimentaci\u00f3n ten\u00eda relaci\u00f3n con la b\u00fasqueda de la sabidur\u00eda e incluso con la posesi\u00f3n del saber, convirti\u00e9ndose en dios de la sabidur\u00eda, patr\u00f3n de los escribas y registrador del tiempo (por su conexi\u00f3n con la Luna).<\/p>\n<h3 style=\"text-align: justify;\">INCIENSO<\/h3>\n<p class=\"img\"><img decoding=\"async\" loading=\"lazy\" class=\" size-full wp-image-133 aligncenter\" title=\"Incienso\" src=\"  http:\/\/amigosdelantiguoegipto.com\/wp-content\/uploads\/varios\/signos-simbolos\/2007\/08\/incienso.jpg\" alt=\"Incienso\" width=\"500\" height=\"375\" align=\"middle\" border=\"0\" hspace=\"6\" \/><\/p>\n<p style=\"text-align: justify;\">El incienso fue una resina muy valorada y preciada en el pa\u00eds del Nilo, por su buen olor. Se relacion\u00f3 con el aroma de los dioses; es decir, era una parte intangible de la divinidad, su \u0093olor\u0094, su \u0093sudor\u0094 el medio por el que se hac\u00edan presentes.<br \/>\nSe entendi\u00f3 que ten\u00eda capacidades m\u00e1gicas y que pose\u00eda la facultad de repeler y alejar a las fuerzas del mal. Adem\u00e1s gracias a la columna de humo que produc\u00eda al quemarse se abr\u00eda un camino r\u00e1pido y seguro para que las oraciones llegasen a los dioses y para que el <em>Ba<\/em> del difunto pudiera desplazarse con rapidez. Se quemaba en unos incensarios que el rey o los sacerdotes acercaban a la imagen del dios.<br \/>\nSirvi\u00f3 para hacer ofrendas a los dioses y a las momias, as\u00ed como para fumigar el cuerpo. A trav\u00e9s del humo del incienso los dioses pod\u00edan manifestarse; es decir, la fragancia del incienso era la que anunciaba la presencia de \u0093lo divino\u0094 y por ello, este incienso tambi\u00e9n pod\u00eda transformar al difunto en un estado pr\u00f3ximo o igual al de los dioses.<br \/>\nEn los Textos de las Pir\u00e1mides, se advierte que el incienso se produjo gracias a las l\u00e1grimas de los dioses por lo que ten\u00eda cualidades sobrenaturales.<\/p>\n","protected":false},"excerpt":{"rendered":"<p>[Introducci\u00f3n] [A] [B] [C] [D] [E] [F] [G] [H] [I] [J][K] [L] [M] [N] [O] [P] [R] [S] [T] [U] [V] Elisa Castel Ronda &#8211; Agosto de 2007 IBIS Los egipcios conocieron tres tipos distintos de Ibis, el Threskiornis aethiopicus o Ibis sagrado, el Geonticus eremita o Ibis religiosa y el Plegadis falcinellus o Ibis brillante. Sin embargo s\u00f3lo los&#8230;<\/p>\n<p class=\"continue-reading-button\"> <a class=\"continue-reading-link\" href=\"http:\/\/amigosdelantiguoegipto.com\/?page_id=134\">Seguir leyendo<i class=\"crycon-right-dir\"><\/i><\/a><\/p>\n","protected":false},"author":1,"featured_media":0,"parent":0,"menu_order":10,"comment_status":"closed","ping_status":"closed","template":"","meta":{"ngg_post_thumbnail":0},"_links":{"self":[{"href":"http:\/\/amigosdelantiguoegipto.com\/index.php?rest_route=\/wp\/v2\/pages\/134"}],"collection":[{"href":"http:\/\/amigosdelantiguoegipto.com\/index.php?rest_route=\/wp\/v2\/pages"}],"about":[{"href":"http:\/\/amigosdelantiguoegipto.com\/index.php?rest_route=\/wp\/v2\/types\/page"}],"author":[{"embeddable":true,"href":"http:\/\/amigosdelantiguoegipto.com\/index.php?rest_route=\/wp\/v2\/users\/1"}],"replies":[{"embeddable":true,"href":"http:\/\/amigosdelantiguoegipto.com\/index.php?rest_route=%2Fwp%2Fv2%2Fcomments&post=134"}],"version-history":[{"count":0,"href":"http:\/\/amigosdelantiguoegipto.com\/index.php?rest_route=\/wp\/v2\/pages\/134\/revisions"}],"wp:attachment":[{"href":"http:\/\/amigosdelantiguoegipto.com\/index.php?rest_route=%2Fwp%2Fv2%2Fmedia&parent=134"}],"curies":[{"name":"wp","href":"https:\/\/api.w.org\/{rel}","templated":true}]}}