{"id":12603,"date":"2006-11-16T23:17:24","date_gmt":"2006-11-16T23:17:24","guid":{"rendered":"http:\/\/amigosdelantiguoegipto.com\/richard-fazzini\/"},"modified":"2014-07-04T07:47:03","modified_gmt":"2014-07-04T07:47:03","slug":"richard-fazzini","status":"publish","type":"page","link":"http:\/\/amigosdelantiguoegipto.com\/?page_id=12603","title":{"rendered":"Richard Fazzini"},"content":{"rendered":"<p style=\"text-align: justify;\"><a href=\"http:\/\/amigosdelantiguoegipto.com\/?p=12624\">Entrevistas a egipt\u00f3logos<\/a><\/p>\n<p style=\"text-align: right;\">Nacho Ares &#8211; Noviembre <span class=\"createdate\">de 2005<\/span><\/p>\n<p style=\"text-align: justify;\"><strong>Departamento de Antig\u00fcedades Egipcias del Museo de Brooklyn de Nueva York<\/strong><br \/>\n<em>Entrevista realizada en noviembre de 2005 en Nueva York<\/em><\/p>\n<p style=\"text-align: justify;\">Desde que en el a\u00f1o 1976 llegara por primera vez como simple estudiante al recinto de Mut en el templo de Karnak (Luxor, Egipto), Richard Fazzini, director del departamento de egiptolog\u00eda del Museo de Brooklyn (Nueva York, Estados Unidos) ha llevada cabo una ingente tarea arqueol\u00f3gica en este lugar. Pocos d\u00edas antes de partir para Egipto con el fin de continuar con su excavaci\u00f3n, Richard Fazzini amablemente nos recibi\u00f3 en su despacho del museo para charlar y compartir con nuestros lectores los resultados de sus investigaciones.<\/p>\n<div id=\"attachment_82\" style=\"width: 228px\" class=\"wp-caption alignright\"><img aria-describedby=\"caption-attachment-82\" decoding=\"async\" loading=\"lazy\" class=\"wp-image-82 size-full\" title=\"Richard Fazzini\" src=\"http:\/\/amigosdelantiguoegipto.com\/wp-content\/uploads\/varios\/entrevistas\/2006\/11\/fazzini.jpg\" alt=\"Richard Fazzini\" width=\"218\" height=\"236\" align=\"middle\" border=\"0\" hspace=\"6\" \/><p id=\"caption-attachment-82\" class=\"wp-caption-text\">Richard Fazzini<\/p><\/div>\n<p style=\"text-align: justify;\">Richard Fazzini es el encargado del departamento y la colecci\u00f3n de antig\u00fcedades egipcias del Museo de Brooklyn en la ciudad de Nueva York (Estados Unidos). En su mano reposa en control sobre unas 15.000 piezas arqueol\u00f3gicas, adem\u00e1s de la direcci\u00f3n de la misi\u00f3n arqueol\u00f3gica que el Museo tiene en el recinto de Mut dentro del complejo de templos de Karnak en Luxor (Egipto).<\/p>\n<p style=\"text-align: justify;\">Estudi\u00f3 en el Institute of Fine Arts de la Universidad de Nueva York. \u201cC\u00f3mo empec\u00e9 a decantarme por la egiptolog\u00eda es una historia interesante \u2014nos cuenta nuestro entrevistado\u2014. Cuando era Junior High School Teacher, estudiaba Historia del Arte durante el primer semestre; ten\u00eda clases de Arte del Pr\u00f3ximo Oriente, Arte egipcio y jerogl\u00edficos. Al final me invitaron a una campa\u00f1a de excavaci\u00f3n en Egipto y desde entonces. Nunca hasta entonces me hab\u00eda visto atra\u00eddo por al egiptolog\u00eda. Siempre hab\u00eda pensado en hacer medievalista cuando empec\u00e9 a ir al School. Me interesaba el arte y la arquitectura de este per\u00edodo, aunque en realidad me apasionaba la historia desde sus comienzos y encontraba, por supuesto, la egiptolog\u00eda fascinante. Recuerdo pel\u00edculas y programas de televisi\u00f3n. En la d\u00e9cada de los 1950 hab\u00eda un programa de humor en la televisi\u00f3n que iba de momias. Pero mi encuentro definitivo con la egiptolog\u00eda vino de la mano de la excavaci\u00f3n en Karnak.\u201d<\/p>\n<p style=\"text-align: justify;\">Alumno entre otros reconocidos especialistas de Henry George Fischer, el fil\u00f3logo recientemente fallecido, o Donald P. Hansen, profesor de arqueolog\u00eda del Pr\u00f3ximo Oriente en al Universidad de Nueva York, en su memoria todav\u00eda recuerda la calidad de la docencia de estos profesores. Su campo de trabajo egiptol\u00f3gico siempre ha estado vinculado al renacimiento de las dinast\u00edas XX a XXV. \u201cCuando comenc\u00e9 a trabajar en el recinto del templo de Mut en Karnak encontr\u00e9 para mi sorpresa una cantidad enorme de material de este per\u00edodo. La mayor parte de este templo fue reconstruido precisamente en la dinast\u00eda XXV, la \u00e9poca Sa\u00edta. Hay partes de \u00e9poca ram\u00e9sida y otras pertenecientes a un momento m\u00e1s tard\u00edo, la \u00e9poca ptolemaica, pero en su conjunto destaca la dinast\u00eda XXV. Todo ello supone una cantidad de trabajo que no es en absoluto f\u00e1cil de desarrollar.\u201d<\/p>\n<h3 style=\"text-align: justify;\">El Museo de Brooklyn<\/h3>\n<p style=\"text-align: justify;\">Este emblem\u00e1tico museo se encuentra en el n\u00famero 200 de Eastern Parkway. En pleno coraz\u00f3n de uno de los barrios anta\u00f1o m\u00e1s controvertidos de Nueva York, Brooklyn es hoy un lugar tranquilo, totalmente remozado en el que se puede disfrutar de un mont\u00f3n de actividades multiculturales, entre las que este museo act\u00faa de eje principal.<\/p>\n<p class=\"img\"><img decoding=\"async\" loading=\"lazy\" class=\" size-full wp-image-83 aligncenter\" title=\"Richard Fazzini\" src=\"http:\/\/amigosdelantiguoegipto.com\/wp-content\/uploads\/varios\/entrevistas\/2006\/11\/fazzini01.jpg\" alt=\"Richard Fazzini\" width=\"500\" height=\"375\" align=\"middle\" border=\"0\" hspace=\"6\" \/><\/p>\n<p style=\"text-align: justify;\">\u201cSeguro que podr\u00eda decir m\u00e1s cosas de la vida diaria en el antiguo Egipto, pero en el Museo es m\u00e1s complicado \u2014nos comenta entre risas Richard Fazzini\u2014. La vida diaria aqu\u00ed en el Museo de Brooklyn cuenta con muchos aspectos burocr\u00e1ticos que nada tienen que ver con el trabajo de una campa\u00f1a arqueol\u00f3gica. L\u00f3gicamente son muchas cosas las que se hacen a diario en el departamento. Cada miembro cuanta, al menos, con un proyecto para desarrollar. Entre ellos destaca la preparaci\u00f3n de exposiciones temporales. En los \u00faltimos a\u00f1os hemos preparado varios trabajos en este sentido, sobre todo vinculadas al mundo del arte en Egipto. Esto nos lleva gran parte de nuestra jornada. Tambi\u00e9n hay otra tarea como el contestar los correos electr\u00f3nicos que nos lleva mucho tiempo. El escribir correos se ha convertido en un elemento destacado en la vida de los profesionales. Todos los d\u00edas recibes montones de ellos, de personas o colegas que est\u00e1n en cualquier sitio del planeta y que esperan que contestes de forma inmediata. Pero en muchas ocasiones no es f\u00e1cil. Contestar los correos te lleva tu tiempo, m\u00e1s cuando se trata de preguntas que no son sencillas. Luego, el resto del d\u00eda lo completas con reuniones con otros conservadores para tratar los temas propios que van surgiendo en el d\u00eda a d\u00eda. No hay que olvidar que contamos con una extensa colecci\u00f3n de piezas egipcias. No solamente hay varios miles en la exposici\u00f3n permanente sino que adem\u00e1s en los almacenes contamos con unas 20 cajas con cientos de ellas m\u00e1s. Todo ese material hay que ordenarlo, ficharlo y restaurarlo si es necesario. Este ritmo de las cosas te quita mucho tiempo por lo que desgraciadamente no tienes posibilidad de poder escribir mucho ni de publicar todo lo que te gustar\u00eda. Para ello, debes echar mano de tu tiempo libre los fines de semana. Es lo que hay, y te tienes que adaptar al ritmo de trabajo\u201d.<\/p>\n<h3 style=\"text-align: justify;\">El trabajo en el templo de Mut<\/h3>\n<p style=\"text-align: justify;\">El complejo de Karnak (\u201cla fortaleza\u201d) est\u00e1 formado por un enorme conjunto de santuarios. Solamente el recinto dedicado al dios Am\u00f3n alcanzaba unas 125 hect\u00e1reas. A estas hay que a\u00f1adir 9 m\u00e1s que corresponden al cercano recinto de la diosa Mut. Este lugar se encuentra al sur, a unos 400 metros del recinto de Am\u00f3n, su esposo en las creencias mitol\u00f3gicas. En este recinto sagrado, el fara\u00f3n Amenofis III mand\u00f3 colocar casi 600 estatuas de la diosa Sekhmet. Algunas de ellas fueron trasladadas en el siglo XIX hasta el Museo Brit\u00e1nico de Londres por el egipt\u00f3logo y aventurero italiano Giovanni Battista Belzoni. Otras est\u00e1n en diferentes museos de Europa y Estados Unidos. In situ se conservan muchas figuras de esta diosa leona, semienterradas en la tierra.<\/p>\n<p style=\"text-align: justify;\">El primer mapa del emplazamiento fue realizado por los sabios que acompa\u00f1aron a Napole\u00f3n en su expedici\u00f3n militar en entre 1798 y 1801. M\u00e1s tarde en 1839 el franc\u00e9s Nestor l&#8217;H\u00f4te realiz\u00f3 otro mapa m\u00e1s exacto, completado por el que realizara entre 1842 y 1845 la expedici\u00f3n prusiana dirigida por Karl Richard Lepsius. August Mariette y Gaston Maspero realizaron un detallado estudio de los monumentos del recinto de Mut, informe quesupondr\u00eda la base de la primera excavaci\u00f3n arqueol\u00f3gica seria que entre 1895 y 1897 llevaran a cabo en tres campa\u00f1as las egipt\u00f3logas inglesas Margaret Benson y Janet Gourlay. Los trabajos no se retomaron hasta la d\u00e9cada de 1920 con Maurice Pillet y en los 50 con Henri Chevrier. Poco antes de que el Museo de Brooklyn aceptara la concesi\u00f3n en el a\u00f1o 1976, Serge Sauneron, director del Centro francoegipcio de los templos de Karnak, trabaj\u00f3 en los textos jerogl\u00edficos de los pilonos de entrada.<\/p>\n<p class=\"img\"><img decoding=\"async\" loading=\"lazy\" class=\" size-full wp-image-84 aligncenter\" title=\"Richard Fazzini\" src=\"http:\/\/amigosdelantiguoegipto.com\/wp-content\/uploads\/varios\/entrevistas\/2006\/11\/fazzini02.jpg\" alt=\"Richard Fazzini\" width=\"500\" height=\"375\" align=\"middle\" border=\"0\" hspace=\"6\" \/><\/p>\n<p style=\"text-align: justify;\">\u201cEmpec\u00e9 a trabajar en el recinto de Mut en el a\u00f1o 1976 y desde el a\u00f1o 1981 colaboramos en este lugar con la Universidad de John Hopkins (Baltimore, Estados Unidos). Hasta ahora solamente hemos excavado el 50 por ciento de todo el recinto y nos hemos encontrado especialmente con material perteneciente al Imperio Nuevo. Queda mucho trabajo por hacer. Me interesa especialmente el desarrollo de algunas diosas egipcias en el Primer Milenio antes de nuestra era. Es muy poco lo que sabemos de sus cultos en este per\u00edodo y en este sentido el templo de Mut tiene mucho que decir. Hay algunos monumentos de este recinto que cambiaron su significado de una forma tajante. Por ejemplo, hay una parte que era un Templo de Millones de A\u00f1os de Rams\u00e9s II y en la dinast\u00eda XXI cambia repentinamente a ser un mammisi para Mut y Khonsu. Los textos que estamos estudiando nos ayudar\u00e1n a conocer mucho mejor la religi\u00f3n y la sociedad de este per\u00edodo explic\u00e1ndonos por qu\u00e9 se desarrollaron estos cambios tan sorprendentes.\u201d<\/p>\n<p style=\"text-align: justify;\">En la actualidad, Richard Fazzini est\u00e1 trabajando en la publicaci\u00f3n de las \u00faltimas campa\u00f1as arqueol\u00f3gicas. Junto con su esposa, Mary, tiene previsto sacar a la luz dos libros t\u00e9cnicos en los que desarrolla algunas de las ideas que hasta la fecha ya ha expuesto en varios congresos internacionales. Habr\u00e1 que estar muy atentos a las novedades bibliogr\u00e1ficas para conocer los resultados de este importante proyecto arqueol\u00f3gico que nuestro entrevistado ha desarrollado en las \u00faltimas tres d\u00e9cadas.<\/p>\n","protected":false},"excerpt":{"rendered":"<p>Entrevistas a egipt\u00f3logos Nacho Ares &#8211; Noviembre de 2005 Departamento de Antig\u00fcedades Egipcias del Museo de Brooklyn de Nueva York Entrevista realizada en noviembre de 2005 en Nueva York Desde que en el a\u00f1o 1976 llegara por primera vez como simple estudiante al recinto de Mut en el templo de Karnak (Luxor, Egipto), Richard Fazzini, director del departamento de egiptolog\u00eda&#8230;<\/p>\n<p class=\"continue-reading-button\"> <a class=\"continue-reading-link\" href=\"http:\/\/amigosdelantiguoegipto.com\/?page_id=12603\">Seguir leyendo<i class=\"crycon-right-dir\"><\/i><\/a><\/p>\n","protected":false},"author":1,"featured_media":0,"parent":0,"menu_order":23,"comment_status":"closed","ping_status":"closed","template":"","meta":{"ngg_post_thumbnail":0},"_links":{"self":[{"href":"http:\/\/amigosdelantiguoegipto.com\/index.php?rest_route=\/wp\/v2\/pages\/12603"}],"collection":[{"href":"http:\/\/amigosdelantiguoegipto.com\/index.php?rest_route=\/wp\/v2\/pages"}],"about":[{"href":"http:\/\/amigosdelantiguoegipto.com\/index.php?rest_route=\/wp\/v2\/types\/page"}],"author":[{"embeddable":true,"href":"http:\/\/amigosdelantiguoegipto.com\/index.php?rest_route=\/wp\/v2\/users\/1"}],"replies":[{"embeddable":true,"href":"http:\/\/amigosdelantiguoegipto.com\/index.php?rest_route=%2Fwp%2Fv2%2Fcomments&post=12603"}],"version-history":[{"count":0,"href":"http:\/\/amigosdelantiguoegipto.com\/index.php?rest_route=\/wp\/v2\/pages\/12603\/revisions"}],"wp:attachment":[{"href":"http:\/\/amigosdelantiguoegipto.com\/index.php?rest_route=%2Fwp%2Fv2%2Fmedia&parent=12603"}],"curies":[{"name":"wp","href":"https:\/\/api.w.org\/{rel}","templated":true}]}}