{"id":12601,"date":"2007-01-19T15:58:24","date_gmt":"2007-01-19T15:58:24","guid":{"rendered":"http:\/\/amigosdelantiguoegipto.com\/jose-manuel-galan\/"},"modified":"2014-07-04T07:42:30","modified_gmt":"2014-07-04T07:42:30","slug":"jose-manuel-galan","status":"publish","type":"page","link":"http:\/\/amigosdelantiguoegipto.com\/?page_id=12601","title":{"rendered":"Jos\u00e9 Manuel Gal\u00e1n"},"content":{"rendered":"<p style=\"text-align: justify;\"><a href=\"http:\/\/amigosdelantiguoegipto.com\/?p=12624\">Entrevistas a egipt\u00f3logos<\/a><\/p>\n<p style=\"text-align: right;\">Nacho Ares &#8211;\u00a0<span class=\"createdate\"> Septiembre de 2006<\/span><\/p>\n<p style=\"text-align: justify;\"><strong>Egipt\u00f3logo y Cient\u00edfico Titular del CSIC. Director del Proyecto Djehuty en Dra Abu el-Naga.<br \/>\n<\/strong>Entrevista realizada el 26 de septiembre de 2006 en el CSIC de Madrid y publicada en el n\u00famero 307 de <em>Revista de Arqueolog\u00eda<\/em> (octubre 2006)<em>.<\/em><\/p>\n<p style=\"text-align: justify;\">En enero de 2002 comenzaba la primera campa\u00f1a del Proyecto Djehuty; el pistoletazo de salida a un trabajo que en realidad se ven\u00eda barruntando desde mucho tiempo antes. Despu\u00e9s de solventar los problemas de financiaci\u00f3n y la creaci\u00f3n de un equipo joven de especialistas la tumba tebana de Djehuty abr\u00eda sus puertas a un gran sue\u00f1o arqueol\u00f3gico.<\/p>\n<div id=\"attachment_73\" style=\"width: 316px\" class=\"wp-caption aligncenter\"><img aria-describedby=\"caption-attachment-73\" decoding=\"async\" loading=\"lazy\" class=\"wp-image-73 \" title=\"Jos\u00e9 Manuel Gal\u00e1n\" src=\"http:\/\/amigosdelantiguoegipto.com\/wp-content\/uploads\/varios\/entrevistas\/2007\/01\/jmgalan.jpg\" alt=\"Jos\u00e9 Manuel Gal\u00e1n\" width=\"306\" height=\"229\" align=\"middle\" border=\"0\" hspace=\"6\" \/><p id=\"caption-attachment-73\" class=\"wp-caption-text\">Jos\u00e9 Manuel Gal\u00e1n<\/p><\/div>\n<p style=\"text-align: justify;\">El director del proyecto, el Dr. Dr. Jos\u00e9 Manuel Gal\u00e1n acaba de publicar En busca de Djehuty (RBA National Geographic), una apasionante aventura arqueol\u00f3gica en donde descubrimos las cuatro primeras campa\u00f1as de trabajo en Luxor (www.excavacionegipto.com).<\/p>\n<p style=\"text-align: justify;\">El Proyecto Djehuty implica la excavaci\u00f3n, restauraci\u00f3n y publicaci\u00f3n de las tumbas TT11 y TT12 de Dra Abu el-Naga (Luxor) pertenecientes a los funcionarios Djehuty y Hery respectivamente. La primera campa\u00f1a se desarrolla en 2002 de la mano de su creador el Dr. Jos\u00e9 Manuel Gal\u00e1n, Cient\u00edfico Titular del Consejo Superior de Investigaciones Cient\u00edficas de Madrid.<\/p>\n<p style=\"text-align: justify;\">Jos\u00e9 Manuel Gal\u00e1n estudi\u00f3 Historia Antigua en la Universidad Complutense de Madrid. Tras licenciarse march\u00f3 a Estados Unidos becado por la Universidad Johns Hopkins de Baltimore. De la mano de los profesores Hans Goedicke y Betsy Bryan se doctor\u00f3 en egiptolog\u00eda, regresando al poco tiempo a Espa\u00f1a en donde, tras un breve paso por la Universidad de T\u00fcbingen (Alemania), ha desarrollado una intensa labor investigadora, fundamentalmente en el marco de la filolog\u00eda, su gran especialidad.<\/p>\n<p style=\"text-align: justify;\">Jos\u00e9 Manuel Gal\u00e1n acaba de publicar En busca de Djehuty (RBA National Geographic, Barcelona 2006), un relato contado en primera persona de los pasos y an\u00e9cdotas vividas durante las primeras cuatro campa\u00f1as de excavaci\u00f3n en Egipto.<\/p>\n<h3 style=\"text-align: justify;\">Un gran sue\u00f1o en equipo<\/h3>\n<p style=\"text-align: justify;\">En diciembre del a\u00f1o 2000, Jos\u00e9 Manuel Gal\u00e1n viaja a Luxor buscando un proyecto de investigaci\u00f3n que aunara arqueolog\u00eda, restauraci\u00f3n y estudio epigr\u00e1fico. Lo encontr\u00f3 en la tumba de Djehuty (TT11), excavada en la necr\u00f3polis de Dra Abu el-Naga, en la monta\u00f1a tebana. Djehuty fue un alto funcionario de la reina Hatshepsut, que vivi\u00f3 en la \u00e9poca de oro de la XVIII dinast\u00eda hacia el siglo XV a. de C. Ligada a su tumba se encuentra la de Hery (TT12) otro funcionario de este mismo periodo y que debi\u00f3 de vivir unos cincuenta a\u00f1os antes.<br \/>\nEn febrero del a\u00f1o 2002 el equipo comenzaba la primera campa\u00f1a del Proyecto Djehuty. Cinco a\u00f1os despu\u00e9s el equipo ha crecido y multiplicado sus esfuerzos en diferentes especialidades. En la actualidad, son casi una veintena de personas las que lo forman (ver recuadro), adem\u00e1s de los obreros liderados por el rais Ali Farouk, verdadero coraz\u00f3n del grupo egipcio.<\/p>\n<p style=\"text-align: justify;\">As\u00ed comenzaba una especie de gran sue\u00f1o, aunque para el Dr. Gal\u00e1n era mucho m\u00e1s. \u201cSi soy sincero, ni so\u00f1aba con una cosa as\u00ed \u2014nos comenta el egipt\u00f3logo espa\u00f1ol en su despacho del CSIC de Madrid\u2014. Mi formaci\u00f3n es de fil\u00f3logo y de historiador. Mi trabajo siempre ha estado vinculado a los textos, como un \u2018rat\u00f3n de biblioteca\u2019. Y aunque siempre he so\u00f1ado con excavar en Egipto porque el pa\u00eds y su cultura me encantan, siempre me hab\u00eda centrado m\u00e1s en la filolog\u00eda y en la historia. Cuando saqu\u00e9 mi plaza en el CSIC, pens\u00e9 que la egiptolog\u00eda espa\u00f1ola necesitaba un proyecto que tuviera tir\u00f3n y que pudiera ayudar a los j\u00f3venes egipt\u00f3logos. El trabajo en la filolog\u00eda o en la historia desde el punto de vista individual est\u00e1 lleno de satisfacciones, pero si aspiras a tener recursos para poder crear un grupo de trabajo en egiptolog\u00eda puede no ser suficiente. Para aunar a ese grupo de investigaci\u00f3n lo que necesitaba era un trabajo arqueol\u00f3gico\u201d.<\/p>\n<p style=\"text-align: justify;\">Para una tarea de estas caracter\u00edsticas se necesita un buen equipo de trabajo, uno de los grandes \u00e9xitos del Proyecto Djehuty. \u201cEl equipo se forma realmente poco a poco y a\u00f1o a a\u00f1o. Cada campa\u00f1a tiene objetivos concretos y seg\u00fan esos objetivos se crea un equipo u otro. Hay una base que siempre es la misma formada por arque\u00f3logos y egipt\u00f3logos, profesores y alumnos de doctorado. Pero el equipo de restauraci\u00f3n puede variar seg\u00fan las necesidades. Este a\u00f1o ha venido y el pr\u00f3ximo tambi\u00e9n lo har\u00e1 un especialista en da\u00f1os de la piedra con experiencia en Altamira y catacumbas en Italia, nos acompa\u00f1a Salima Ikram para estudiar las momias y Roxy Walker para los huesos, Bridget Leach para restaurar el papiro m\u00e1gico que hemos encontrado, etc\u00e9tera. Es gratificante descubrir c\u00f3mo la gente est\u00e1 encantada de participar en nuestro proyecto. Estos detalles nos indican que nuestra excavaci\u00f3n tiene una proyecci\u00f3n internacional con un nombre que poco a poco nos vamos ganando de manera que autoridades extranjeras no duden en venir a trabajar con espa\u00f1oles.<\/p>\n<p style=\"text-align: justify;\">Precisamente, uno de los \u00e9xitos de proyecto es el equipo \u2014nos comenta orgulloso el Dr. Gal\u00e1n\u2014. En la investigaci\u00f3n moderna de Humanidades todo marcha hacia el trabajo en equipo, mientras que la individual se queda en segundo plano, para bien y para mal. La investigaci\u00f3n individual tiene muchos aspectos positivos, pero en el Proyecto Djehuty uno de sus \u00e9xitos es el equipo. Te permite delegar una serie de trabajos y que la investigaci\u00f3n avance en varios frentes a la vez. No se trata de un proyecto personal sino de equipo, dando espacio tambi\u00e9n a los j\u00f3venes investigadores para que encuentren su hueco, benefici\u00e1ndote t\u00fa tambi\u00e9n al mismo tiempo. El truco est\u00e1 en encontrar un beneficio mutuo, el personal y el colectivo. Adem\u00e1s un proyecto de estas caracter\u00edsticas no se puede llevar de forma individual. En mi caso yo me he rodeado de un grupo joven aqu\u00ed en Madrid, pero en otros lugares de Espa\u00f1a sucede lo mismo. En Tenerife Miguel \u00c1ngel Molinero est\u00e1 formando un grupo fant\u00e1stico, lo mismo sucede en torno a Josep Cervell\u00f3 o Josep Padr\u00f3 en Barcelona, y a Jos\u00e9 Miguel Serrano en Sevilla. El futuro est\u00e1 en los grupos y m\u00e1s si nos llevamos bien unos con otros\u201d.<\/p>\n<h3 style=\"text-align: justify;\">La esencia del Proyecto Djehuty<\/h3>\n<p style=\"text-align: justify;\">El trabajo de campo implica un estudio ambicioso al ser muchos los campos de investigaci\u00f3n que hay que afrontar. \u201cEl Proyecto Djehuty va a dar para muchos, muchos a\u00f1os. Ha crecido en dimensi\u00f3n y en importancia y lo que en un principio era el estudio de dos tumbas, la TT11 de Djehuty y la TT12 de Hery, ha acabado siendo la investigaci\u00f3n de una necr\u00f3polis subterr\u00e1nea. Entre estas dos tumbas hay una tercera. Al norte de la de Hery ha aparecido una cuarta, conectada por el interior, en el patio de esta misma tumba ha aparecido una quinta tumba subterr\u00e1nea. Adem\u00e1s, uno de los elementos m\u00e1s singulares que estamos descubriendo en las \u00faltimas campa\u00f1as es que estamos sacando a la luz las calles de esta necr\u00f3polis. Vemos c\u00f3mo las tumbas de mediados de la dinast\u00eda XVIII est\u00e1n pegadas unas a otras siguiendo la ladera de la colina y, perpendiculares a \u00e9stas, se fueron excavando pozos en \u00e9poca ram\u00e9sida. As\u00ed, estamos desarrollando, en parte, una modesta contribuci\u00f3n a la arqueolog\u00eda del paisaje que nos llevar\u00e1 muchos a\u00f1os m\u00e1s\u201d.<\/p>\n<p style=\"text-align: justify;\">Esto implica que los l\u00edmites de la excavaci\u00f3n espa\u00f1ola se ir\u00e1n ensanchando. Pero en contra de los posibles problemas administrativos que pudieran existir, el doctor Gal\u00e1n es optimista. \u201cUna de esas calles est\u00e1 unida con la tumba de Montukherkopeshef, a unos 50 metros, tambi\u00e9n de \u00e9poca de la reina Hatshepsut. En ese espacio debe haber cinco tumbas m\u00e1s y todo hace pensar que el m\u00e1s indicado para excavar ese lugar es nuestro proyecto.\u201d<\/p>\n<h3 style=\"text-align: justify;\">Esfuerzos recompensados<\/h3>\n<p style=\"text-align: justify;\">En las cinco primeras campa\u00f1as, los hallazgos han sido incre\u00edbles. Su repercusi\u00f3n medi\u00e1tica y cient\u00edfica as\u00ed lo demuestran. \u201cHasta ahora la excavaci\u00f3n se ha centrado en el exterior de las tumbas \u2014nos explica el egipt\u00f3logo madrile\u00f1o\u2014. Las paredes interiores las hemos fotografiado y dibujado para ahora estudiarlas con detenimiento. En estos a\u00f1os hemos estado excavando los 5 metros de tierra y piedras acumuladas sobre los patios. Lo que en un principio parec\u00eda que iba a ser una trabajo arduo y est\u00e9ril, ya que por ah\u00ed hab\u00edan pasado egipt\u00f3logos, ladrones, o los habitantes del cercano poblado de Dra Abu el-Naga, result\u00f3 todo lo contrario. Los ladrones o los egipt\u00f3logos de finales del XIX y principios del XX se interesaban solamente por las tumbas y no trabajaban el exterior. En los patios nos hemos encontrado objetos de toda clase. Desde la Dama Blanca, un ata\u00fad de madera con la momia intacta en el interior, de hacia el a\u00f1o 1000 a. de C. y que estaba a apenas 2 metros de la tumba de Djehuty, hasta la pieza estelar de la excavaci\u00f3n: la Tabla del Aprendiz, expuesta hoy en el Museo de Luxor. Se trata de una especie de \u2018pizarr\u00edn\u2019 de madera estucada en el que escriben y dibujan uno al lado del otro el maestro y el alumno. Esta pieza ilustra de una forma excepcional c\u00f3mo era la ense\u00f1anza en el antiguo Egipto. El elemento a\u00f1adido de valor que tiene la tabla es que el dibujo representado es un fara\u00f3n de frente. La investigaci\u00f3n que hemos hecho nos hace pensar que ser\u00eda el dibujo de una estatua de la propia Hatshepsut. El hecho de que hoy est\u00e9 en el Museo de Luxor en una sala especial para ella sola no solamente nos est\u00e1 diciendo el valor de la pieza en s\u00ed sino que reconoce el trabajo y el cuidado que empleamos a la hora de restaurar. Adem\u00e1s de esta pieza tambi\u00e9n ha aparecido un trozo de alabastro con el nombre del fara\u00f3n Ahmose, muy importante desde el punto de vista egiptol\u00f3gico, o un lino con la fecha de producci\u00f3n, el a\u00f1o dos del reinado de Amenofis II que tambi\u00e9n est\u00e1 expuesto en el Museo de Luxor\u201d.<\/p>\n<p style=\"text-align: justify;\">La importancia de los descubrimiento realizados por el equipo de arque\u00f3logos espa\u00f1oles viene a llamar la atenci\u00f3n sobre un hecho que hasta hace bien poco no se ten\u00eda en cuenta. Nos lo explica el director de la misi\u00f3n: \u201cTodo esto nos lleva a pensar la importancia que tiene la excavaci\u00f3n \u00edntegra de un lugar. Todos estos objetos han aparecido en los patios, siempre dejados de lado. Cuando he estado buscando referentes anteriores, he encontrado menciones del norteamericano Theodor Norman de Garis Davis que dec\u00eda que la excavaci\u00f3n de los patios no tiene importancia, porque all\u00ed no encuentras nada y es una p\u00e9rdida de tiempo y de dinero. Nosotros hemos demostrado lo contrario. En los patios hemos descubierto 2.000 fragmentos de relieve del interior de las tumbas. Entre ellos hay fragmentos de una de las dos o tres inscripciones autobiogr\u00e1ficas de Djehuty que fueron destruidas para abrir el paso a la tumba de Hery, lo que nos va a ayudar a reconstruir la inscripci\u00f3n. Esto no se ha hecho en la tumba de Montukherkopeshef y muy posiblemente los fragmentos que faltan en el interior est\u00e9n en el patio\u201d.<\/p>\n<h3 style=\"text-align: justify;\">La pr\u00f3xima campa\u00f1a<\/h3>\n<p style=\"text-align: justify;\">\u201cTiene varios frentes abiertos. Quiz\u00e1s el m\u00e1s importante es acabar de excavar la sala m\u00e1s profunda de la tumba de Djehuty que en la actualidad est\u00e1 colmatada de escombros hasta el techo. Lo que hemos podido descubrir hasta ahora sobre la parte visible de las paredes que hay entre los escombros y el techo es que est\u00e1n decoradas con relieves con escenas funerarias de la \u00e9poca de Hatshepsut, muy poco conocidas. El \u00fanico paralelo est\u00e1 en el pasillo de la tumba vecina de Montukherkopeshef y \u00e9sta cuenta con muchas lagunas al estar da\u00f1ada. En cambio, en nuestra tumba al estar en la parte m\u00e1s profunda y permanecer protegidos por escombros los relieves se encuentran en buen estado. Ser\u00eda una habitaci\u00f3n \u00fanica con relieves de una calidad sobresaliente. Nosotros trabajamos con la idea de que la tumba se abrir\u00e1 al p\u00fablico en un futuro. Adem\u00e1s, la ventaja que tienen las tumbas de Djehuty y de Hery es que al ser la decoraci\u00f3n en relieve y no en pintura, el da\u00f1o de los turistas es mucho menor. La idea podr\u00eda ser abrir varias tumbas visitables en la colina de Dra Abu el Naga, como las dos nuestras, la de Montukherkopeshef, la de Nebam\u00f3n que est\u00e1 un poco m\u00e1s arriba con unas pinturas espectaculares, etc\u00e9tera, todas ellas en un radio menor de 50 metros\u201d.<\/p>\n<h3 style=\"text-align: justify;\">Los problemas de siempre<\/h3>\n<p style=\"text-align: justify;\">El Proyecto Djehuty cuenta con un importante apoyo privado. Telef\u00f3nica M\u00f3viles y la Fundaci\u00f3n Caja Madrid han apoyado el proyecto en las cinco primeras campa\u00f1as. \u201cNunca he descartado la b\u00fasqueda de dinero p\u00fablico \u2014se\u00f1ala con rotundidad Jos\u00e9 Manuel Gal\u00e1n\u2014. Me lanc\u00e9 al campo de lo privado porque pens\u00e9 que el proyecto ten\u00eda ingredientes suficientes como para llamarles la atenci\u00f3n. Se trata de un proyecto cient\u00edfico con un toque aventurero muy visual. Las paredes decoradas con relieves y los objetos que han aparecido as\u00ed lo demuestran. Ha funcionado con Telef\u00f3nica M\u00f3viles y con la Fundaci\u00f3n Caja Madrid. Es cierto que el dinero p\u00fablico es escaso para proyectos espa\u00f1oles en el extranjero. Por lo tanto, antes de competir por una peque\u00f1a cantidad de dinero p\u00fablico prefer\u00ed luchar por conseguir medios de financiaci\u00f3n privados.<\/p>\n<p style=\"text-align: justify;\">En Espa\u00f1a uno de los problemas est\u00e1 en la Ley de Mecenazgo que es muy precaria. Las empresas ven poco beneficio en el patrocinio de este tipo de proyectos, incluso desgrava m\u00e1s desde el punto de vista publicitario que desde el lado de la subvenci\u00f3n cultural o cient\u00edfica. Por un lado el Estado quiere que las empresas se impliquen m\u00e1s en este tipo de actividades, pero no ofrece los medios para ello ni alicientes a cambio. Por otra parte, las empresas espa\u00f1olas tambi\u00e9n deben que empezar a darse cuenta de que tienen que devolver a la sociedad parte de lo que ganan. Hay muchas de ellas que solamente se preocupan de aumentar sus beneficios, lo presentan en la prensa como si se tratara de un gran \u00e9xito, y les cuesta entender que la sociedad les est\u00e1 reclamando una contrapartida mediante ayudas a los m\u00e1s desfavorecidos o de proyectos culturales y cient\u00edficos\u201d.<\/p>\n<h3 style=\"text-align: justify;\">La egiptolog\u00eda en Espa\u00f1a<\/h3>\n<p style=\"text-align: justify;\">En la \u00faltima d\u00e9cada Espa\u00f1a ha sufrido una explosi\u00f3n relacionada con la egiptolog\u00eda no solamente desde el punto de vista editorial sino tambi\u00e9n desde el acad\u00e9mico. Hace diez o quince a\u00f1os era impensable que hubiera tantos y tan buenos especialistas en la materia aunque todos ellos se hayan tenido que formar fuera de Espa\u00f1a. \u201cLa egiptolog\u00eda espa\u00f1ola ha dado y est\u00e1 dando pasos muy importantes \u2014reconoce el investigador del CSIC\u2014. Cuenta con proyectos y personas que tienen su eco en la comunidad internacional. El trabajo de Maricarmen P\u00e9rez D\u00ede en Heracle\u00f3polis es la cabeza que abri\u00f3 la brecha, seguido del de Josep Padr\u00f3 en Oxirrinco y ahora nosotros con Djehuty. El congreso de egiptolog\u00eda que ha habido recientemente en Tenerife ha mostrado un nivel superior al que se vio en Barcelona hace cuatro a\u00f1os, lo que nos indica que vamos por el buen camino. Hay muchos espa\u00f1oles en misiones extranjeras como Miguel \u00c1ngel Molinero con los italianos, Miriam Seco con los alemanes, etc\u00e9tera. Pero a\u00fan as\u00ed, nos queda much\u00edsimo para llegar a estar a nivel europeo o americano. Lo que nos falta son buenas bibliotecas de egiptolog\u00eda. No se puede pretender tener un buen instituto de egiptolog\u00eda sin una buena biblioteca. Tambi\u00e9n nos falta que las autoridades acad\u00e9micas nos hagan un hueco en las universidades. Los estudiantes y la sociedad reclaman egiptolog\u00eda, pero las autoridades \u2018competentes\u2019 se resisten. Y tienen sus argumentos, pero creo que hasta que no se asiente bien en la universidad el problema continuar\u00e1. Nosotros mismos para completar nuestras investigaciones nos tenemos que ir a Oxford, Leiden, u otros lugares y eso es una realidad a la que no hay que dar la espalda\u201d.<\/p>\n<h3 style=\"text-align: justify;\">La difusi\u00f3n del proyecto<\/h3>\n<p style=\"text-align: justify;\">Hasta ahora nunca antes un proyecto arqueol\u00f3gico hab\u00eda tenido tanta repercusi\u00f3n en los medios de comunicaci\u00f3n (salvo Atapuerca). Su presencia en medios audiovisuales o escritos no solamente es un reflejo del buen trabajo realizado por los miembros del Proyecto Djehuty dirigidos por Jos\u00e9 Manuel Gal\u00e1n, sino tambi\u00e9n del inter\u00e9s que la egiptolog\u00eda tiene cada vez m\u00e1s en nuestro pa\u00eds. A todo esto hay que sumar la excelente p\u00e1gina web del proyecto www.excavacionegipto.com en donde descubrimos un verdadero diario de campo actualizado d\u00eda a d\u00eda, durante las semanas de excavaci\u00f3n en Luxor. Como nos reconoce su director, la difusi\u00f3n cient\u00edfica se deja m\u00e1s para las publicaciones especializadas internacionales. \u201cYo prefiero enfocar la divulgaci\u00f3n hacia Espa\u00f1a. A los cient\u00edficos se nos pide hoy que tengamos repercusi\u00f3n social en el sentido de que devolvamos a la sociedad lo que ella nos da en forma de impuestos o contribuciones. De nada sirve que salgamos en los peri\u00f3dicos en Alemania, sobre todo para la b\u00fasqueda de financiaci\u00f3n. En el plano cient\u00edfico s\u00ed. A la par que hacemos los art\u00edculos en revistas, mi \u00faltimo libro o participamos en las televisiones y radios, tambi\u00e9n publicamos trabajos en revistas cient\u00edficas internacionales. Acabo de mandar, por ejemplo, al Journal of Egyptian Archaeology un art\u00edculo extenso sobre la Tabla del Aprendiz. Si solamente escribi\u00e9ramos para nuestros colegas la repercusi\u00f3n social ser\u00eda muy peque\u00f1a. Pero a la gente le encanta conocer los detalles de una excavaci\u00f3n, c\u00f3mo es el paso a paso de un proceso de investigaci\u00f3n y a m\u00ed me gusta contarlo y compartirlo con los dem\u00e1s\u201d.<\/p>\n<p style=\"text-align: justify;\">En pocos meses, el Proyecto Djehuty comenzar\u00e1 la sexta campa\u00f1a de trabajo. Estamos seguros de que con este equipo el \u00e9xito cient\u00edfico est\u00e1 asegurado. Seguiremos muy de cerca sus pasos para contar en RdA todas las novedades que vayan surgiendo.<\/p>\n","protected":false},"excerpt":{"rendered":"<p>Entrevistas a egipt\u00f3logos Nacho Ares &#8211;\u00a0 Septiembre de 2006 Egipt\u00f3logo y Cient\u00edfico Titular del CSIC. Director del Proyecto Djehuty en Dra Abu el-Naga. Entrevista realizada el 26 de septiembre de 2006 en el CSIC de Madrid y publicada en el n\u00famero 307 de Revista de Arqueolog\u00eda (octubre 2006). En enero de 2002 comenzaba la primera campa\u00f1a del Proyecto Djehuty; el&#8230;<\/p>\n<p class=\"continue-reading-button\"> <a class=\"continue-reading-link\" href=\"http:\/\/amigosdelantiguoegipto.com\/?page_id=12601\">Seguir leyendo<i class=\"crycon-right-dir\"><\/i><\/a><\/p>\n","protected":false},"author":1,"featured_media":0,"parent":0,"menu_order":20,"comment_status":"closed","ping_status":"closed","template":"","meta":{"ngg_post_thumbnail":0},"_links":{"self":[{"href":"http:\/\/amigosdelantiguoegipto.com\/index.php?rest_route=\/wp\/v2\/pages\/12601"}],"collection":[{"href":"http:\/\/amigosdelantiguoegipto.com\/index.php?rest_route=\/wp\/v2\/pages"}],"about":[{"href":"http:\/\/amigosdelantiguoegipto.com\/index.php?rest_route=\/wp\/v2\/types\/page"}],"author":[{"embeddable":true,"href":"http:\/\/amigosdelantiguoegipto.com\/index.php?rest_route=\/wp\/v2\/users\/1"}],"replies":[{"embeddable":true,"href":"http:\/\/amigosdelantiguoegipto.com\/index.php?rest_route=%2Fwp%2Fv2%2Fcomments&post=12601"}],"version-history":[{"count":0,"href":"http:\/\/amigosdelantiguoegipto.com\/index.php?rest_route=\/wp\/v2\/pages\/12601\/revisions"}],"wp:attachment":[{"href":"http:\/\/amigosdelantiguoegipto.com\/index.php?rest_route=%2Fwp%2Fv2%2Fmedia&parent=12601"}],"curies":[{"name":"wp","href":"https:\/\/api.w.org\/{rel}","templated":true}]}}